{"id":10140,"date":"2021-10-16T07:41:31","date_gmt":"2021-10-16T07:41:31","guid":{"rendered":"https:\/\/cheveuxluxe.com\/?page_id=10140"},"modified":"2025-09-30T11:31:53","modified_gmt":"2025-09-30T11:31:53","slug":"livraison","status":"publish","type":"page","link":"https:\/\/cheveuxluxe.com\/index.php\/livraison\/","title":{"rendered":"LIVRAISON"},"content":{"rendered":"\t\t<div data-elementor-type=\"wp-page\" data-elementor-id=\"10140\" class=\"elementor elementor-10140\">\n\t\t\t\t\t\t<section class=\"elementor-section elementor-top-section elementor-element elementor-element-80c60ae elementor-section-boxed elementor-section-height-default elementor-section-height-default\" data-id=\"80c60ae\" data-element_type=\"section\">\n\t\t\t\t\t\t<div class=\"elementor-container elementor-column-gap-default\">\n\t\t\t\t\t<div class=\"elementor-column elementor-col-100 elementor-top-column elementor-element elementor-element-7744c8d\" data-id=\"7744c8d\" data-element_type=\"column\">\n\t\t\t<div class=\"elementor-widget-wrap elementor-element-populated\">\n\t\t\t\t\t\t<div class=\"elementor-element elementor-element-d64290a elementor-widget elementor-widget-heading\" data-id=\"d64290a\" data-element_type=\"widget\" data-widget_type=\"heading.default\">\n\t\t\t\t<div class=\"elementor-widget-container\">\n\t\t\t<h1 class=\"elementor-heading-title elementor-size-default\">Frais de livraison & paiement<\/h1>\t\t<\/div>\n\t\t\t\t<\/div>\n\t\t\t\t\t<\/div>\n\t\t<\/div>\n\t\t\t\t\t<\/div>\n\t\t<\/section>\n\t\t\t\t<section class=\"elementor-section elementor-top-section elementor-element elementor-element-57eb0e3 elementor-section-boxed elementor-section-height-default elementor-section-height-default\" data-id=\"57eb0e3\" data-element_type=\"section\">\n\t\t\t\t\t\t<div class=\"elementor-container elementor-column-gap-default\">\n\t\t\t\t\t<div class=\"elementor-column elementor-col-100 elementor-top-column elementor-element elementor-element-0e25e43\" data-id=\"0e25e43\" data-element_type=\"column\">\n\t\t\t<div class=\"elementor-widget-wrap elementor-element-populated\">\n\t\t\t\t\t\t<div class=\"elementor-element elementor-element-05a954b elementor-widget elementor-widget-text-editor\" data-id=\"05a954b\" data-element_type=\"widget\" data-widget_type=\"text-editor.default\">\n\t\t\t\t<div class=\"elementor-widget-container\">\n\t\t\t\t\t\t\t<h2 data-start=\"188\" data-end=\"211\">Livraison &amp; Paiement<\/h2><h3 data-start=\"213\" data-end=\"240\">Nos sites logistiques<\/h3><p data-start=\"241\" data-end=\"374\">Nous disposons d\u00e9sormais de deux sites logistiques qui traitent et exp\u00e9dient les commandes en fonction du pays de destination :<\/p><p data-start=\"376\" data-end=\"558\">\u2013 <strong data-start=\"378\" data-end=\"408\">Pour la France et l\u2019Europe<\/strong>, les commandes sont pr\u00e9par\u00e9es et exp\u00e9di\u00e9es directement depuis notre point de distribution d\u2019\u00cele-de-France, afin d\u2019assurer des d\u00e9lais optimis\u00e9s.<\/p><p data-start=\"560\" data-end=\"672\">\u2013 <strong data-start=\"562\" data-end=\"588\">Pour le reste du monde<\/strong>, les commandes sont pr\u00e9par\u00e9es et exp\u00e9di\u00e9es depuis notre Atelier au Royaume-Uni.<\/p><h3 data-start=\"674\" data-end=\"705\">Transporteurs partenaires<\/h3><p data-start=\"706\" data-end=\"1069\">Nous collaborons exclusivement avec des prestataires reconnus pour leur fiabilit\u00e9 : <strong data-start=\"790\" data-end=\"819\">UPS, FedEx, TNT, DHL,<\/strong> et, pour certaines destinations; <strong>La poste, Colissimo, Chronopost.<\/strong><br data-start=\"866\" data-end=\"869\" \/>Chaque colis est remis contre signature. \u00c0 l\u2019exp\u00e9dition, un num\u00e9ro de suivi vous est communiqu\u00e9 et vous pouvez suivre son acheminement dans votre espace client rubrique <em data-start=\"1042\" data-end=\"1066\">\u00ab Suivre ma commande \u00bb<\/em>.<\/p><p data-start=\"1071\" data-end=\"1317\">En cas d\u2019absence lors des deux premi\u00e8res tentatives, le colis est remis au point relais le plus proche. Vous disposez de la possibilit\u00e9 de reprogrammer la livraison ou de choisir un autre point de retrait (en relais, bureau de poste ou consigne).<\/p><h3 data-start=\"1319\" data-end=\"1361\">D\u00e9lais de traitement et de livraison<\/h3><p data-start=\"1362\" data-end=\"1625\">\u2013 <strong data-start=\"1364\" data-end=\"1391\">Pr\u00e9paration de commande<\/strong> : 72 h maximum apr\u00e8s validation et encaissement.<br data-start=\"1440\" data-end=\"1443\" \/>\u2013 <strong data-start=\"1445\" data-end=\"1473\">Livraison vers la France<\/strong> (article en stock) : 3 \u00e0 5 jours ouvr\u00e9s.<br data-start=\"1514\" data-end=\"1517\" \/>\u2013 <strong data-start=\"1519\" data-end=\"1547\">Livraison internationale<\/strong> : 7 \u00e0 15 jours ouvr\u00e9s.<br data-start=\"1570\" data-end=\"1573\" \/>\u2013 <strong data-start=\"1575\" data-end=\"1602\">Articles en pr\u00e9commande<\/strong> : 7 \u00e0 30 jours ouvr\u00e9s.<\/p><h3 data-start=\"1627\" data-end=\"1651\">Frais de livraison<\/h3><p data-start=\"1652\" data-end=\"1762\"><strong data-start=\"1652\" data-end=\"1677\">France m\u00e9tropolitaine<\/strong><br data-start=\"1677\" data-end=\"1680\" \/>\u2013 Standard 0\u2013500 g : 5,99 \u20ac (offerte au-del\u00e0 des montants indiqu\u00e9s sur le site).<\/p><p data-start=\"1764\" data-end=\"1824\"><strong data-start=\"1764\" data-end=\"1791\">Europe &amp; hors zone euro<\/strong><br data-start=\"1791\" data-end=\"1794\" \/>\u2013 Standard 0\u2013500 g : 11,99 \u20ac<\/p><p data-start=\"1826\" data-end=\"1910\"><strong data-start=\"1826\" data-end=\"1843\">International<\/strong><br data-start=\"1843\" data-end=\"1846\" \/>\u2013 Standard 0\u20131 kg : 19,99 \u20ac (offerte \u00e0 partir de 500 \u20ac d\u2019achat).<\/p><p data-start=\"1912\" data-end=\"2100\">Les frais sont automatiquement calcul\u00e9s et affich\u00e9s sur la page de paiement. Si votre commande remplit les conditions de la livraison gratuite, cette option s\u2019activera automatiquement.<\/p><h3 data-start=\"2102\" data-end=\"2126\">R\u00e9ception du colis<\/h3><p data-start=\"2127\" data-end=\"2350\">Selon la taille et la valeur, votre colis peut \u00eatre :<br data-start=\"2180\" data-end=\"2183\" \/>\u2013 remis en main propre,<br data-start=\"2206\" data-end=\"2209\" \/>\u2013 d\u00e9pos\u00e9 \u00e0 votre domicile ou chez un voisin (un avis de passage mentionnant le nom du voisin est alors d\u00e9pos\u00e9),<br data-start=\"2320\" data-end=\"2323\" \/>\u2013 ou livr\u00e9 en point relais.<\/p><p data-start=\"2352\" data-end=\"2711\">Un e-mail ou un SMS vous est adress\u00e9 la veille de la livraison. Vous pouvez reprogrammer en ligne une nouvelle date ou choisir un autre point relais. Pass\u00e9 le d\u00e9lai pr\u00e9vu par le transporteur (15 \u00e0 30 jours selon les destinations), les colis non retir\u00e9s sont retourn\u00e9s et les frais de retour d\u00e9duits du remboursement ou refactur\u00e9s pour une nouvelle exp\u00e9dition.<\/p><h3 data-start=\"2713\" data-end=\"2758\">Commandes comportant plusieurs articles<\/h3><p data-start=\"2759\" data-end=\"3067\">En fonction des disponibilit\u00e9s, votre commande peut \u00eatre exp\u00e9di\u00e9e en plusieurs colis. En cas de non r\u00e9ception d\u2019un article, contactez le service client dans les 14 jours suivant la date de commande, muni du num\u00e9ro de commande, afin de reprogrammer l\u2019envoi de l\u2019article manquant : <a class=\"decorated-link cursor-pointer\" rel=\"noopener\" data-start=\"3045\" data-end=\"3064\">sav@cheveuxluxe.com<\/a>.<\/p><h3 data-start=\"3069\" data-end=\"3083\">Paiement<\/h3><p data-start=\"3084\" data-end=\"3271\">Les frais de livraison sont r\u00e9gl\u00e9s lors de la commande sur la page de paiement.<br data-start=\"3167\" data-end=\"3170\" \/>Lorsque votre panier atteint le seuil de livraison gratuite, celle-ci s\u2019applique automatiquement.<\/p><p data-start=\"3273\" data-end=\"3444\">Pour toute question concernant la livraison ou tout autre probl\u00e8me, merci de contacter <a class=\"decorated-link cursor-pointer\" rel=\"noopener\" data-start=\"3362\" data-end=\"3381\">sav@cheveuxluxe.com<\/a> dans un d\u00e9lai de 14 jours suivant votre commande (voir CGV).<\/p>\t\t\t\t\t\t<\/div>\n\t\t\t\t<\/div>\n\t\t\t\t\t<\/div>\n\t\t<\/div>\n\t\t\t\t\t<\/div>\n\t\t<\/section>\n\t\t\t\t<\/div>\n\t\t","protected":false},"excerpt":{"rendered":"<p>Frais de livraison &#038; paiement Livraison &amp; Paiement Nos sites logistiques Nous disposons d\u00e9sormais de&hellip;<\/p>\n","protected":false},"author":1,"featured_media":0,"parent":0,"menu_order":0,"comment_status":"closed","ping_status":"closed","template":"","meta":{"footnotes":""},"class_list":["post-10140","page","type-page","status-publish","hentry"],"aioseo_notices":[],"_links":{"self":[{"href":"https:\/\/cheveuxluxe.com\/index.php\/wp-json\/wp\/v2\/pages\/10140","targetHints":{"allow":["GET"]}}],"collection":[{"href":"https:\/\/cheveuxluxe.com\/index.php\/wp-json\/wp\/v2\/pages"}],"about":[{"href":"https:\/\/cheveuxluxe.com\/index.php\/wp-json\/wp\/v2\/types\/page"}],"author":[{"embeddable":true,"href":"https:\/\/cheveuxluxe.com\/index.php\/wp-json\/wp\/v2\/users\/1"}],"replies":[{"embeddable":true,"href":"https:\/\/cheveuxluxe.com\/index.php\/wp-json\/wp\/v2\/comments?post=10140"}],"version-history":[{"count":76,"href":"https:\/\/cheveuxluxe.com\/index.php\/wp-json\/wp\/v2\/pages\/10140\/revisions"}],"predecessor-version":[{"id":40568,"href":"https:\/\/cheveuxluxe.com\/index.php\/wp-json\/wp\/v2\/pages\/10140\/revisions\/40568"}],"wp:attachment":[{"href":"https:\/\/cheveuxluxe.com\/index.php\/wp-json\/wp\/v2\/media?parent=10140"}],"curies":[{"name":"wp","href":"https:\/\/api.w.org\/{rel}","templated":true}]}}