{"id":9443,"date":"2020-05-20T07:44:17","date_gmt":"2020-05-20T07:44:17","guid":{"rendered":"http:\/\/localhost\/test\/?page_id=2564"},"modified":"2024-04-07T21:11:41","modified_gmt":"2024-04-07T21:11:41","slug":"a-propos","status":"publish","type":"page","link":"https:\/\/cheveuxluxe.com\/index.php\/a-propos\/","title":{"rendered":"A PROPOS"},"content":{"rendered":"\t\t<div data-elementor-type=\"wp-page\" data-elementor-id=\"9443\" class=\"elementor elementor-9443\">\n\t\t\t\t\t\t<section class=\"elementor-section elementor-top-section elementor-element elementor-element-f8f2e85 elementor-section-height-full elementor-section-boxed elementor-section-height-default elementor-section-items-middle\" data-id=\"f8f2e85\" data-element_type=\"section\">\n\t\t\t\t\t\t\t<div class=\"elementor-background-overlay\"><\/div>\n\t\t\t\t\t\t\t<div class=\"elementor-container elementor-column-gap-default\">\n\t\t\t\t\t<div class=\"elementor-column elementor-col-50 elementor-top-column elementor-element elementor-element-ea4f7f9\" data-id=\"ea4f7f9\" data-element_type=\"column\">\n\t\t\t<div class=\"elementor-widget-wrap elementor-element-populated\">\n\t\t\t\t\t\t<div class=\"elementor-element elementor-element-165fe20 elementor-widget elementor-widget-sober-section-heading\" data-id=\"165fe20\" data-element_type=\"widget\" data-widget_type=\"sober-section-heading.default\">\n\t\t\t\t<div class=\"elementor-widget-container\">\n\t\t\t<h2 class=\"sober-section-heading sober-section-heading--large sober-section-header--align-left\"><span class=\"sober-section-heading__title\">A Propos<\/span><\/h2>\t\t<\/div>\n\t\t\t\t<\/div>\n\t\t\t\t<div class=\"elementor-element elementor-element-5f12235 elementor-widget elementor-widget-text-editor\" data-id=\"5f12235\" data-element_type=\"widget\" data-widget_type=\"text-editor.default\">\n\t\t\t\t<div class=\"elementor-widget-container\">\n\t\t\t\t\t\t\t<p><span style=\"color: #23232c;\">Les\u00a0<em>soins capillaires de luxe<\/em> repr\u00e9sentent en effet le march\u00e9 le plus florissant du secteur de la beaut\u00e9 de ces deux derni\u00e8res ann\u00e9es. Cheveux Luxe Paris se sp\u00e9cialis\u00e9 dans la vente de soins de Luxe pour cheveux,\u00a0 ainsi que de divers accessoires et mobilier de coiffure pour professionnel. Elle propose une s\u00e9lection large de Soin Capillaire et de traitements innovants dans le respect du cheveu et du cuir chevelu<\/span><\/p><p><span style=\"color: #23232c;\">Les grandes marques et les produits de la boutique en ligne https:\/\/cheveuxluxe.com ont \u00e9t\u00e9 test\u00e9s par des coiffeurs et des stylistes professionnels et sont s\u00e9lectionn\u00e9s en fonction des besoins sp\u00e9cifiques de vos cheveux &#8211; pour votre rituel de soins quotidien ou personnalis\u00e9.<\/span><\/p>\t\t\t\t\t\t<\/div>\n\t\t\t\t<\/div>\n\t\t\t\t<div class=\"elementor-element elementor-element-90f7ae5 elementor-widget elementor-widget-sober-section-heading\" data-id=\"90f7ae5\" data-element_type=\"widget\" data-widget_type=\"sober-section-heading.default\">\n\t\t\t\t<div class=\"elementor-widget-container\">\n\t\t\t<p class=\"sober-section-heading sober-section-heading--medium sober-section-header--align-left\"><span class=\"sober-section-heading__title\">      cl<\/span><\/p>\t\t<\/div>\n\t\t\t\t<\/div>\n\t\t\t\t\t<\/div>\n\t\t<\/div>\n\t\t\t\t<div class=\"elementor-column elementor-col-50 elementor-top-column elementor-element elementor-element-5c73412\" data-id=\"5c73412\" data-element_type=\"column\">\n\t\t\t<div class=\"elementor-widget-wrap\">\n\t\t\t\t\t\t\t<\/div>\n\t\t<\/div>\n\t\t\t\t\t<\/div>\n\t\t<\/section>\n\t\t\t\t<\/div>\n\t\t","protected":false},"excerpt":{"rendered":"<p>A Propos Les\u00a0soins capillaires de luxe repr\u00e9sentent en effet le march\u00e9 le plus florissant du&hellip;<\/p>\n","protected":false},"author":1,"featured_media":0,"parent":0,"menu_order":0,"comment_status":"closed","ping_status":"closed","template":"templates\/full-screen.php","meta":{"footnotes":""},"class_list":["post-9443","page","type-page","status-publish","hentry"],"aioseo_notices":[],"_links":{"self":[{"href":"https:\/\/cheveuxluxe.com\/index.php\/wp-json\/wp\/v2\/pages\/9443","targetHints":{"allow":["GET"]}}],"collection":[{"href":"https:\/\/cheveuxluxe.com\/index.php\/wp-json\/wp\/v2\/pages"}],"about":[{"href":"https:\/\/cheveuxluxe.com\/index.php\/wp-json\/wp\/v2\/types\/page"}],"author":[{"embeddable":true,"href":"https:\/\/cheveuxluxe.com\/index.php\/wp-json\/wp\/v2\/users\/1"}],"replies":[{"embeddable":true,"href":"https:\/\/cheveuxluxe.com\/index.php\/wp-json\/wp\/v2\/comments?post=9443"}],"version-history":[{"count":71,"href":"https:\/\/cheveuxluxe.com\/index.php\/wp-json\/wp\/v2\/pages\/9443\/revisions"}],"predecessor-version":[{"id":27009,"href":"https:\/\/cheveuxluxe.com\/index.php\/wp-json\/wp\/v2\/pages\/9443\/revisions\/27009"}],"wp:attachment":[{"href":"https:\/\/cheveuxluxe.com\/index.php\/wp-json\/wp\/v2\/media?parent=9443"}],"curies":[{"name":"wp","href":"https:\/\/api.w.org\/{rel}","templated":true}]}}