{"id":27062,"date":"2024-04-09T20:41:09","date_gmt":"2024-04-09T20:41:09","guid":{"rendered":"https:\/\/cheveuxluxe.com\/index.php\/product\/lome-paris-creme-oxydante\/"},"modified":"2024-04-13T14:24:31","modified_gmt":"2024-04-13T14:24:31","slug":"lome-paris-creme-oxydante","status":"publish","type":"product","link":"https:\/\/cheveuxluxe.com\/index.php\/product\/lome-paris-creme-oxydante\/","title":{"rendered":"Lome Paris Cr\u00e8me Oxydante"},"content":{"rendered":"<div class=\"product-content_bottom\">\n<div class=\"pdp-info\">\n<div class=\"pdp-tabs tab-container\">\n<div class=\"tab js-tab\">\n<h3 class=\"tab-title pdp-tabs_title js-tab-mobile-title open\"><span>Points cl\u00e9s<\/span><\/h3>\n<div class=\"tab-description pdp-tabs_description js-tab-description open\" itemprop=\"description\">\n<ul>\n<li> 10V, 20V, 30V, 40V <\/li>\n<li>Tenue longue dur\u00e9e <\/li>\n<li>Couverture des cheveux blancs<\/li>\n<li>R\u00e9sultats naturels <\/li>\n<\/ul>\n<\/div>\n<\/div>\n<div class=\"tab js-tab\">\n<h3 class=\"tab-title pdp-tabs_title js-tab-mobile-title\"><span>Description<\/span><\/h3>\n<div class=\"tab-description pdp-tabs_description js-tab-description\" itemprop=\"description\">Cr\u00e9\u00e9e par des laboratoires parisiens experts des couleurs professionnelles, la gamme de produits L\u00f4m\u00e9 Paris vous promet une chevelure lumineuse et des reflets intenses. Avec plus de 65 couleurs, tous les go\u00fbts sont permis ! Faites confiance \u00e0 la derni\u00e8re g\u00e9n\u00e9ration de colorations permanentes L\u00f4m\u00e9 Paris pour des r\u00e9sultats longue dur\u00e9e fid\u00e8les au nuancier.Selon votre diagnostic, vous pourrez adapter vos pr\u00e9parations en s\u00e9lectionnant la cr\u00e8me oxydante adapt\u00e9e : la 20 Volumes (ou 6%) et la 30 Volumes (9 %) \u00e9claircissent jusqu\u2019\u00e0 deux tons. Pr\u00e9f\u00e9rez la premi\u00e8re pour couvrir les cheveux blancs, et la seconde en combinaison avec le super \u00e9claircissant en m\u00e9lange 1+2. La cr\u00e8me 40 Volumes (12 %) est destin\u00e9e \u00e0 \u00e9claircir jusqu\u2019\u00e0 4,5 tons. Enfin, la cr\u00e8me 10 Volumes s\u2019utilise pour foncer ou recolorer des cheveux sensibles, apr\u00e8s une d\u00e9coloration, ou pour allonger la couleur.<\/div>\n<\/div>\n<div class=\"tab js-tab\">\n<h3 class=\"tab-title pdp-tabs_title js-tab-mobile-title\"><span>Mode d&#8217;emploi<\/span><\/h3>\n<div class=\"tab-description pdp-tabs_description js-tab-description\">Les cr\u00e8mes oxydantes L\u00f4m\u00e9 Paris se m\u00e9langent avec toutes les colorations de la marque. Pour un \u00e9claircissement de 2 \u00e0 3 tons couvrant jusqu\u2019\u00e0 100 % des cheveux blancs, la proportion \u00e0 respecter est 1+1.Pour un super \u00e9claircissement de 4 tons et demi, avec une couverture jusqu\u2019\u00e0 60 % des cheveux blancs, le m\u00e9lange doit se faire en proportion 1+2.<\/div>\n<\/div>\n<div class=\"tab js-tab\">\n<h3 class=\"tab-title pdp-tabs_title js-tab-mobile-title\"><span>Ingr\u00e9dients<\/span><\/h3>\n<div class=\"tab-description pdp-tabs_description js-tab-description\">AQUA, HYDROGEN PEROXIDE, CETEARYL ALCOHOL, TRIDECETH-2 CARBOXAMIDE MEA, CETEARETH-33, GLYCERIN, PHOSPHORIC ACID, PENTASODIUM PENTETATE, SODIUM STANNATE, TETRASODIUM PYROPHOSPHATE. (F01)<\/div>\n<\/div>\n<div class=\"tab js-tab\">\n<h3 class=\"tab-title pdp-tabs_title js-tab-mobile-title\"><span>Livraison et stock<\/span><\/h3>\n<div class=\"tab-description pdp-tabs_description js-tab-description\">\n<div class=\"pdp-delivery_info\">\n<div class=\"content-asset\">Livraison et d\u00e9laisRetours et remboursements<\/div>\n<\/div>\n<\/div>\n<\/div>\n<\/div>\n<\/div>\n<\/div>\n","protected":false},"excerpt":{"rendered":"<p>Points cl\u00e9s 10V, 20V, 30V, 40V Tenue longue dur\u00e9e Couverture des cheveux blancs R\u00e9sultats naturels&hellip;<\/p>\n","protected":false},"featured_media":27061,"comment_status":"open","ping_status":"closed","template":"","meta":[],"pwb-brand":[656],"product_cat":[617],"product_tag":[274,355,273],"class_list":{"0":"post-27062","1":"product","2":"type-product","3":"status-publish","4":"has-post-thumbnail","6":"pwb-brand-lome-paris","7":"product_cat-coiffure","8":"product_tag-coiffure","9":"product_tag-lome-paris","10":"product_tag-vegan","12":"first","13":"instock","14":"taxable","15":"shipping-taxable","16":"purchasable","17":"product-type-simple","18":"layout-style-3","19":"col-md-4 col-sm-4 col-xs-6","20":"col-lg-3","21":"product-style-default"},"aioseo_notices":[],"brands":[{"id":656,"name":"L\u00f4m\u00e9 Paris","slug":"lome-paris"}],"_links":{"self":[{"href":"https:\/\/cheveuxluxe.com\/index.php\/wp-json\/wp\/v2\/product\/27062","targetHints":{"allow":["GET"]}}],"collection":[{"href":"https:\/\/cheveuxluxe.com\/index.php\/wp-json\/wp\/v2\/product"}],"about":[{"href":"https:\/\/cheveuxluxe.com\/index.php\/wp-json\/wp\/v2\/types\/product"}],"replies":[{"embeddable":true,"href":"https:\/\/cheveuxluxe.com\/index.php\/wp-json\/wp\/v2\/comments?post=27062"}],"version-history":[{"count":0,"href":"https:\/\/cheveuxluxe.com\/index.php\/wp-json\/wp\/v2\/product\/27062\/revisions"}],"wp:featuredmedia":[{"embeddable":true,"href":"https:\/\/cheveuxluxe.com\/index.php\/wp-json\/wp\/v2\/media\/27061"}],"wp:attachment":[{"href":"https:\/\/cheveuxluxe.com\/index.php\/wp-json\/wp\/v2\/media?parent=27062"}],"wp:term":[{"taxonomy":"pwb-brand","embeddable":true,"href":"https:\/\/cheveuxluxe.com\/index.php\/wp-json\/wp\/v2\/pwb-brand?post=27062"},{"taxonomy":"product_cat","embeddable":true,"href":"https:\/\/cheveuxluxe.com\/index.php\/wp-json\/wp\/v2\/product_cat?post=27062"},{"taxonomy":"product_tag","embeddable":true,"href":"https:\/\/cheveuxluxe.com\/index.php\/wp-json\/wp\/v2\/product_tag?post=27062"}],"curies":[{"name":"wp","href":"https:\/\/api.w.org\/{rel}","templated":true}]}}