{"id":27240,"date":"2024-04-09T20:47:21","date_gmt":"2024-04-09T20:47:21","guid":{"rendered":"https:\/\/cheveuxluxe.com\/index.php\/product\/colour-undo-color-remover-3-kit-dapplication\/"},"modified":"2024-04-13T16:02:18","modified_gmt":"2024-04-13T16:02:18","slug":"colour-undo-color-remover-3-kit-dapplication","status":"publish","type":"product","link":"https:\/\/cheveuxluxe.com\/index.php\/product\/colour-undo-color-remover-3-kit-dapplication\/","title":{"rendered":"Colour Undo Color Remover 3 Kit d&rsquo;Application"},"content":{"rendered":"<div class=\"product-content_bottom\">\n<div class=\"pdp-info\">\n<div class=\"pdp-tabs tab-container\">\n<div class=\"tab js-tab\">\n<h3 class=\"tab-title pdp-tabs_title js-tab-mobile-title open\"><span>Points cl\u00e9s<\/span><\/h3>\n<div class=\"tab-description pdp-tabs_description js-tab-description open\" itemprop=\"description\">\n<ul>\n<li>Sans ammoniaque<\/li>\n<li>Permet d\u2019enlever toutes les couleurs semi-permanentes et permanentes<\/li>\n<li>N\u2019\u00e9claircit pas les cheveux vierges ou naturels<\/li>\n<li>Huile d\u2019argan pour le soin<\/li>\n<li>Recoloration possible le jour m\u00eame<\/li>\n<\/ul>\n<\/div>\n<\/div>\n<div class=\"tab js-tab\">\n<h3 class=\"tab-title pdp-tabs_title js-tab-mobile-title\"><span>Description<\/span><\/h3>\n<div class=\"tab-description pdp-tabs_description js-tab-description\" itemprop=\"description\">Colour Undo vous permet d\u2019enlever une coloration non d\u00e9sir\u00e9e ou oxyd\u00e9e de mani\u00e8re in\u00e9gale, tout en laissant les cheveux en tr\u00e8s bon \u00e9tat. Sans d\u00e9colorant ni ammoniaque, Colour Undo n\u2019alt\u00e8re pas la couleur naturelle des cheveux, il est donc id\u00e9al pour effacer les m\u00e8ches et colorations partielles car vous pouvez l\u2019appliquer sur toute la t\u00eate. Vous pouvez d\u00e9sormais obtenir la couleur id\u00e9ale pour recolorer sans les effets impr\u00e9visibles et n\u00e9gatifs de la d\u00e9coloration.<\/p>\n<p>Comment Colour Undo agit-il?<br \/>Les colorations permanentes agissent en d\u00e9posant de petites mol\u00e9cules de pigments artificielles \u00e0 l\u2019int\u00e9rieur du cheveu.<br \/>Lorsqu\u2019il agit l\u2019oxydant entra\u00eene une \u00ab oxydation \u00bb des cheveux, le peroxyde d\u2019hydrog\u00e8ne \u00ab oxyde \u00bb les cheveux et fait se dilater les mol\u00e9cules capillaires artificielles qui restent alors emprisonn\u00e9es \u00e0 l\u2019int\u00e9rieur du cheveu.<br \/>Colour Undo agit en inversant litt\u00e9ralement le processus cidessus.<br \/>Une fois m\u00e9lang\u00e9s (et appliqu\u00e9s sur les cheveux), les produits 1 et 2 de Colour Undo peuvent faire r\u00e9tr\u00e9cir les mol\u00e9cules de pigments capillaires artificielles jusqu\u2019\u00e0 ce qu\u2019elles retrouvent leur taille d\u2019origine.<br \/>L\u2019application du soin protecteur et le rin\u00e7age sont les \u00e9tapes les plus importantes du processus. M\u00eame si vous avez r\u00e9ussi \u00e0 faire r\u00e9tr\u00e9cir les mol\u00e9cules de pigments, elles restent toujours \u00e0 l\u2019int\u00e9rieur du cheveu. Si vous ne les \u00e9liminez pas compl\u00e8tement, l\u2019air (l\u2019oxyg\u00e8ne) entra\u00eenera de nouveau leur oxydation et leur dilatation, redonnant ainsi leur couleur pr\u00e9c\u00e9dente \u00e0 vos cheveux.<br \/>Vous DEVEZ donc veiller \u00e0 utiliser le Soin protecteur (Produit 3) et \u00e0 bien rincer les cheveux avant, pendant et apr\u00e8s l\u2019application de ce soin protecteur post-traitement.<\/p>\n<p>Quelles sont les restrictions de Colour Undo?<br \/>V\u00e9rifiez toujours l\u2019historique de coloration de votre client et les m\u00e9thodes de coloration pr\u00e9c\u00e9dentes avant d\u2019utiliser Colour Undo. En cas de doute, faites un test sur une m\u00e8che de cheveux (instructions ci-dessous).<br \/>1. Colour Undo ne peut enlever que les pigments artificiels oxyd\u00e9s des cheveux. Colour Reset ne peut pas enlever la coloration de la cuticule due \u00e0 des colorations directes ou temporaires \u00e0 base de henn\u00e9 ou de plantes.<br \/>&gt;&gt; Les couleurs haute couture comme le bleu-noir, le rouge, le violet ou le vert peuvent colorer la cuticule et rendre le retrait plus difficile.<br \/>&gt;&gt; Certaines colorations permanentes rouges standards misent \u00e9galement sur la coloration de la cuticule pour obtenir des r\u00e9sultats.<br \/>&gt;&gt; Les colorations contenant du henn\u00e9 colorent \u00e9galement la cuticule et ne peuvent pas \u00eatre enlev\u00e9es par Colour Undo.<br \/>Les colorations \u00e0 base de plantes (trouv\u00e9es en magasin bio) peuvent aussi contenir des d\u00e9riv\u00e9s de henn\u00e9, que Colour Undo sera incapable d\u2019enlever.<br \/>2. Colour Undo revient au dernier niveau d\u2019oxydation.<br \/>Colour Undo ne peut pas remplacer les pigments naturels qui ont \u00e9t\u00e9 enlev\u00e9s lors de colorations ou d\u00e9colorations pr\u00e9c\u00e9dentes ayant \u00e9clairci la couche m\u00e9diane.<br \/>&gt;&gt; Si vos cheveux ont subi des colorations ou d\u00e9colorations tr\u00e8s \u00e9claircissantes, vos pigments capillaires naturels ont \u00e9t\u00e9 \u00e9claircis et modifi\u00e9s. Colour Undo ne permettra pas de restaurer vos pigments capillaires naturels.<br \/>&gt;&gt; Par ailleurs, les colorations permanentes, ton sur ton et semi-permanentes utilisent du peroxyde et des r\u00e9v\u00e9lateurs.<br \/>M\u00eame si la couleur obtenue est tr\u00e8s fonc\u00e9e ou noire, la couleur naturelle des cheveux ou de la couche m\u00e9diane aura \u00e9t\u00e9 \u00e9claircie d\u20191-2 tons. Certains produits colorants utilisent du peroxyde encore plus puissant et sont encore plus \u00e9claircissants.<br \/>Une fois que vous aurez r\u00e9ussi \u00e0 enlever la coloration non d\u00e9sir\u00e9e gr\u00e2ce \u00e0 Colour Undo, vous pourrez remarquer des nuances chaudes et cuivr\u00e9es sur les cheveux, signe que vous avez r\u00e9v\u00e9l\u00e9 la couche m\u00e9diane des cheveux.<br \/>Vous pouvez d\u00e9sormais suivre les indications du fabricant de la coloration pour foncer, \u00e9claircir ou neutraliser la couleur des cheveux, selon la couleur finale souhait\u00e9e.<\/div>\n<\/div>\n<div class=\"tab js-tab\">\n<h3 class=\"tab-title pdp-tabs_title js-tab-mobile-title\"><span>Mode d&#8217;emploi<\/span><\/h3>\n<div class=\"tab-description pdp-tabs_description js-tab-description\">\u00c9TAPE 1 : M\u00c9LANGE ET APPLICATION<br \/>&gt;&gt; Retirez le capuchon de la partie 1 (activateur) et versez 50 ml dans un bol \u00e0 m\u00e9langer. Retirez ensuite le capuchon de la partie 2 (d\u00e9capant) et versez 50 ml dans le bol de m\u00e9lange. Bien m\u00e9langer pendant 30 secondes. Nous vous sugg\u00e9rons d\u2019appliquer Color Undo avec un bol \u00e0 teinter et un pinceau, vous pouvez le faire une fois le m\u00e9lange ci-dessus effectu\u00e9.<br \/>&gt;&gt; Colour Undo n\u2019\u00e9claircissant pas et ne colorant pas les cheveux naturels, vous pouvez l\u2019appliquer librement sans s\u00e9parer<br \/>les cheveux color\u00e9s.<br \/>&gt;&gt; Commencez \u00e0 appliquer le m\u00e9lange sur les zones des cheveux dont la couleur a besoin d\u2019\u00eatre corrig\u00e9e. Utilisez un peigne \u00e0 dents larges en plastique pour s\u00e9parer les cheveux en diff\u00e9rentes sections, afin de garantir une r\u00e9partition uniforme du produit et bien imbiber les cheveux.<br \/>&gt;&gt; Une autre bo\u00eete peut \u00eatre n\u00e9cessaire pour les cheveux tr\u00e8s longs ou tr\u00e8s \u00e9pais. <\/p>\n<p>\u00c9TAPE 2 : POSE ET PREMIER RIN\u00c7AGE<br \/>&gt;&gt; Une fois le m\u00e9lange appliqu\u00e9 uniform\u00e9ment, laissez poser pendant 30 \u00e0 60 minutes, selon le type, l\u2019histoire et l\u2019intensit\u00e9 de la couleur. C\u2019est \u00e0 cette \u00e9tape que les mol\u00e9cules capillaires artificielles sont r\u00e9tr\u00e9cies. Assurez-vous que la pi\u00e8ce est chaude et sans courant d\u2019air. Un environnement froid ralentit la vitesse \u00e0 laquelle Colour Undo est capable de faire r\u00e9tr\u00e9cir les mol\u00e9cules de pigment artificielles. Si les cheveux sont tr\u00e8s longs ou tr\u00e8s \u00e9pais, il est conseill\u00e9 de les enrouler dans du film plastique. Cela emprisonnera la chaleur et acc\u00e9l\u00e9rera le retrait de la couleur.<br \/>&gt;&gt; Il est inutile de v\u00e9rifier sans cesse l\u2019action du produit car Colour Undo ne d\u00e9colore pas et n\u2019ab\u00eeme pas les cheveux.<br \/>&gt;&gt; Une fois le temps de pose de \u00e9coul\u00e9, les mol\u00e9cules de pigment ont r\u00e9tr\u00e9ci et les cheveux sont pr\u00eats pour le rin\u00e7age.<br \/>&gt;&gt; N\u2019oubliez pas que les mol\u00e9cules de pigment artificielles sont toujours pr\u00e9sentes \u00e0 l\u2019int\u00e9rieur des cheveux. Utilisez un t\u00e9l\u00e9phone portable ou un minuteur pour \u00eatre s\u00fbr de rincer les cheveux pendant AU MOINS 5 MINUTES et jusqu\u2019\u00e0 10 minutes pour les cheveux les plus longs. Il est important de toujours faire couler l\u2019eau dans les cheveux et d\u2019y passer la main pour \u00e9liminer les mol\u00e9cules de pigment. Plus les cheveux sont longs et \u00e9pais, plus il faut les rincer.<\/p>\n<p>\u00c9TAPE 3 : SOIN PROTECTEUR ET RIN\u00c7AGE<br \/>&gt;&gt; Apr\u00e8s avoir rinc\u00e9 les cheveux pendant au moins 5 minutes, appliquez 25 ml de partie 3 (tampon). Faire bien mousser et laisser reposer 1 minute pour absorber.<br \/>&gt;&gt; Une fois le temps \u00e9coul\u00e9, continuez \u00e0 rincer les cheveux \u00e0 l\u2019eau ti\u00e8de pendant au moins 5 minutes suppl\u00e9mentaires (utilisez un minuteur).<br \/>&gt;&gt; Apr\u00e8s 10 minutes de rin\u00e7age au minimum, appliquez le reste du soin protecteur (produit 3). Faites mousser puis rincez soigneusement comme pour un shampooing classique. Une fois tous les r\u00e9sidus de soin protecteur rinc\u00e9s avec succ\u00e8s, vous pouvez arr\u00eater et s\u00e9cher les cheveux \u00e0 la serviette.<br \/>&gt;&gt; Apr\u00e8s l\u2019application du soin protecteur et le rin\u00e7age r\u00e9p\u00e9t\u00e9 \u00e0 deux reprises, les mol\u00e9cules de pigment artificielles non d\u00e9sir\u00e9es devraient avoir \u00e9t\u00e9 \u00e9limin\u00e9es des cheveux. Attendez que les cheveux soient compl\u00e8tement secs avant de juger<br \/>le r\u00e9sultat (les cheveux mouill\u00e9s ont tendance \u00e0 para\u00eetre plus fonc\u00e9s que lorsqu\u2019ils sont secs)<br \/>NB: Les colorations tr\u00e8s anciennes, fonc\u00e9es ou tenaces peuvent \u00eatre plus difficiles \u00e0 enlever. Si vous avez s\u00e9ch\u00e9 les cheveux et que, selon vous, la couleur n\u2019a pas \u00e9t\u00e9 assez enlev\u00e9e, vous pouvez imm\u00e9diatement r\u00e9p\u00e9ter toutes les \u00e9tapes de l\u2019application, \u00e9tapes 1-3.<br \/>Ne d\u00e9passez pas 3 applications de Colour Undo et v\u00e9rifiez toujours que les cheveux sont en bon \u00e9tat avant de commencer la proc\u00e9dure.<br \/>Vous pouvez recolorer les cheveux dans la m\u00eame journ\u00e9e.<\/div>\n<\/div>\n<div class=\"tab js-tab\">\n<h3 class=\"tab-title pdp-tabs_title js-tab-mobile-title\"><span>Ingr\u00e9dients<\/span><\/h3>\n<div class=\"tab-description pdp-tabs_description js-tab-description\">Activator\/Activateur\/Activador\/Aktivator Ingredients:<br \/>Water (Aqua, Eau), Sodium Oxymethylene Sulfoxylate, Fragrance (Parfum), Hydroxyethylcellulose, Polysorbate 80, Phenoxyethanol, Glycerin, Hexyl Cinnamal, Benzyl Salicylate (0.07%), Chlorphenesin, Alpha-Isomethyl Ionone, Geraniol, Linalool, Eugenol, Citronellol, Benzyl Alcohol, Benzyl Benzoate.<\/p>\n<p>Remover\/Effaceur\/Eliminador\/Entf\u00e4rber\/Verwijderaar Ingredients:<br \/>Water (Aqua, Eau), Citric Acid, Cetearyl Alcohol, Hydroxyethylcellulose, Fragrance (Parfum), Phenoxyethanol, Glycerin, Polysorbate 80, Cocamidopropyl Hydroxysultaine, Hexyl Cinnamal, Chlorphenesin, Benzyl Salicylate (0.07%), Sodium Chloride, Alpha-Isomethyl Ionone, Geraniol, Linalool, Eugenol, Citronellol, Benzyl Alcohol, Benzyl Benzoate, Tetrasodium EDTA, Blue 1 (CI 42090).<\/p>\n<p>Buffer\/Solution Tampon Ingredients:<br \/>Water (Aqua, Eau), Sodium Coco-Sulfate, Glycerin, Cocamidopropyl Betaine, Sodium Bicarbonate, Fragrance (Parfum), Phenoxyethanol, Sodium Chloride, Decyl Glucoside, PEG-12 Dimethicone, Citric Acid, Sodium Lauryl Glucose Carboxylate, Disodium EDTA, Lauryl Glucoside, Argania Spinosa Kernel Oil, Hexyl Cinnamal, Chlorphenesin, Benzyl Salicylate (0.07%), Apha-Isomethyl Ionone, Geraniol, Sorbic Acid, Yellow 6 (CI 15985).<\/div>\n<\/div>\n<div class=\"tab js-tab\">\n<h3 class=\"tab-title pdp-tabs_title js-tab-mobile-title\"><span>Livraison et stock<\/span><\/h3>\n<div class=\"tab-description pdp-tabs_description js-tab-description\">\n<div class=\"pdp-delivery_info\">\n<div class=\"content-asset\">Livraison et d\u00e9laisRetours et remboursements<\/div>\n<\/div>\n<\/div>\n<\/div>\n<div class=\"tab js-tab\">\n<h3 class=\"tab-title pdp-tabs_title js-tab-mobile-title\"><span>Pr\u00e9cautions d&#8217;emploi<\/span><\/h3>\n<div class=\"tab-description pdp-tabs_description js-tab-description\">Mises en garde de s\u00e9curit\u00e9<br \/>&gt;&gt; Prot\u00e9ger les v\u00eatements, Colour Undo peut laisser des taches permanentes sur les v\u00eatements et les tissus d\u2019ameublement.<br \/>&gt;&gt; Tenir hors de la port\u00e9e des enfants.<br \/>&gt;&gt; Ne pas m\u00e9langer Colour Undo \u00e0 d\u2019autres produits pendant la proc\u00e9dure.<br \/>&gt;&gt; Ne pas appliquer sur une peau ab\u00eem\u00e9e, \u00e9rafl\u00e9e ou irrit\u00e9e.<br \/>&gt;&gt; Ne pas utiliser Colour Undo sur du henn\u00e9 ou des restaurateurs de couleur graduels contenant des sels m\u00e9talliques.<br \/>&gt;&gt; Toujours effectuer un test \u00e9picutan\u00e9 avant d\u2019appliquer le produit en cas de peau sensible ou sujette aux allergies.<br \/>&gt;&gt; Ne jamais utiliser sur les cils ou les sourcils. En cas de contact avec les yeux, rincer imm\u00e9diatement \u00e0 l\u2019eau froide et consulter un m\u00e9decin.<br \/>&gt;&gt; Toujours respecter les instructions pour le m\u00e9lange. Une fois m\u00e9lang\u00e9s, ne pas conserver les produits 1 et 2.<br \/>&gt;&gt; Ne pas d\u00e9passer le temps de pose recommand\u00e9. Test \u00e9picutan\u00e9 recommand\u00e9. Si vous avez la peau sensible ou \u00eates sujet aux allergies, il est recommand\u00e9 de faire un test \u00e9picutan\u00e9 au pr\u00e9alable. M\u00e9langez une noisette de produit 1 et de produit 2. \u00c0 l\u2019aide d\u2019un coton-tige ou d\u2019un mouchoir, appliquez une petite quantit\u00e9 de ce m\u00e9lange derri\u00e8re l\u2019oreille. Enlevez le produit \u00e0 l\u2019aide d\u2019eau et de d\u00e9maquillant apr\u00e8s 24 heures. En cas d\u2019irritation, enlevez imm\u00e9diatement le produit. En cas d\u2019irritation ou de r\u00e9action cutan\u00e9e visible, n\u2019appliquez pas Colour Undo sur les cheveux.<br \/>Test sur une m\u00e8che de cheveux<br \/>Afin de visualiser le r\u00e9sultat potentiel avant d\u2019appliquer tout le contenu, il est recommand\u00e9 d\u2019effectuer un test sur une m\u00e8che de cheveux. Avant d\u2019appliquer le produit sur toute la t\u00eate, effectuez un test sur une m\u00e8che de cheveux de moins d\u2019un centim\u00e8tre de large.<br \/>M\u00e9langez une noisette de produit 1 et de produit 2 \u00e0 parts \u00e9gales puis appliquez le m\u00e9lange \u00e0 l\u2019aide d\u2019un coton-tige ou d\u2019un mouchoir sur une m\u00e8che de cheveux isol\u00e9e. Imbibez-la compl\u00e8tement puis laissez poser le produit pendant 30-60 minutes. Rincez la m\u00e8che pendant cinq minutes, s\u00e9chez-la soigneusement puis v\u00e9rifiez<br \/>le r\u00e9sultat.<\/p>\n<p>N\u2019APPLIQUEZ PAS LE SOIN PROTECTEUR POSTTRAITEMENT<br \/>(produit 3) sur la m\u00e8che lorsque vous faites le test, car cela pourrait affecter les r\u00e9sultats d\u2019une application ult\u00e9rieure de Colour Undo sur tous les cheveux.<\/div>\n<\/div>\n<\/div>\n<\/div>\n<\/div>\n","protected":false},"excerpt":{"rendered":"<p>Points cl\u00e9s Sans ammoniaque Permet d\u2019enlever toutes les couleurs semi-permanentes et permanentes N\u2019\u00e9claircit pas les&hellip;<\/p>\n","protected":false},"featured_media":19012,"comment_status":"open","ping_status":"closed","template":"","meta":[],"pwb-brand":[642],"product_cat":[617],"product_tag":[274,383,273],"class_list":{"0":"post-27240","1":"product","2":"type-product","3":"status-publish","4":"has-post-thumbnail","6":"pwb-brand-colour-undo","7":"product_cat-coiffure","8":"product_tag-coiffure","9":"product_tag-colour-undo","10":"product_tag-vegan","12":"first","13":"instock","14":"taxable","15":"shipping-taxable","16":"purchasable","17":"product-type-simple","18":"layout-style-3","19":"col-md-4 col-sm-4 col-xs-6","20":"col-lg-3","21":"product-has-gallery","22":"product-style-default"},"aioseo_notices":[],"brands":[{"id":642,"name":"Colour Undo","slug":"colour-undo"}],"_links":{"self":[{"href":"https:\/\/cheveuxluxe.com\/index.php\/wp-json\/wp\/v2\/product\/27240","targetHints":{"allow":["GET"]}}],"collection":[{"href":"https:\/\/cheveuxluxe.com\/index.php\/wp-json\/wp\/v2\/product"}],"about":[{"href":"https:\/\/cheveuxluxe.com\/index.php\/wp-json\/wp\/v2\/types\/product"}],"replies":[{"embeddable":true,"href":"https:\/\/cheveuxluxe.com\/index.php\/wp-json\/wp\/v2\/comments?post=27240"}],"version-history":[{"count":0,"href":"https:\/\/cheveuxluxe.com\/index.php\/wp-json\/wp\/v2\/product\/27240\/revisions"}],"wp:featuredmedia":[{"embeddable":true,"href":"https:\/\/cheveuxluxe.com\/index.php\/wp-json\/wp\/v2\/media\/19012"}],"wp:attachment":[{"href":"https:\/\/cheveuxluxe.com\/index.php\/wp-json\/wp\/v2\/media?parent=27240"}],"wp:term":[{"taxonomy":"pwb-brand","embeddable":true,"href":"https:\/\/cheveuxluxe.com\/index.php\/wp-json\/wp\/v2\/pwb-brand?post=27240"},{"taxonomy":"product_cat","embeddable":true,"href":"https:\/\/cheveuxluxe.com\/index.php\/wp-json\/wp\/v2\/product_cat?post=27240"},{"taxonomy":"product_tag","embeddable":true,"href":"https:\/\/cheveuxluxe.com\/index.php\/wp-json\/wp\/v2\/product_tag?post=27240"}],"curies":[{"name":"wp","href":"https:\/\/api.w.org\/{rel}","templated":true}]}}