{"id":27285,"date":"2024-04-09T20:49:22","date_gmt":"2024-04-09T20:49:22","guid":{"rendered":"https:\/\/cheveuxluxe.com\/index.php\/product\/schwarzkopf-poudre-decolorante-blanche-vario-blond-super-plus-450g\/"},"modified":"2024-04-13T16:02:08","modified_gmt":"2024-04-13T16:02:08","slug":"schwarzkopf-poudre-decolorante-blanche-vario-blond-super-plus-450g","status":"publish","type":"product","link":"https:\/\/cheveuxluxe.com\/index.php\/product\/schwarzkopf-poudre-decolorante-blanche-vario-blond-super-plus-450g\/","title":{"rendered":"Schwarzkopf Poudre d\u00e9colorante Blanche Vario Blond Super Plus 450g"},"content":{"rendered":"<div class=\"product-content_bottom\">\n<div class=\"pdp-info\">\n<div class=\"pdp-delivery_information\"><span class=\"pdp-delivery_label\">Information importante :<\/span> Schwarzkopf est en train de changer l&#8217;emballage de Igora. Il se peut donc que vous receviez l&#8217;emballage actuel ou l&rsquo;ancien emballage.<br \/>Malheureusement, vous ne pourrez pas choisir lequel vous recevrez.<\/div>\n<div class=\"pdp-tabs tab-container\">\n<div class=\"tab js-tab\">\n<h3 class=\"tab-title pdp-tabs_title js-tab-mobile-title open\"><span>Points cl\u00e9s<\/span><\/h3>\n<div class=\"tab-description pdp-tabs_description js-tab-description open\" itemprop=\"description\">\n<ul>\n<li> Eclaircissant<\/li>\n<li>7 tons<\/li>\n<li>M\u00e8ches<\/li>\n<li>Balayages<\/li>\n<li>Fibre bond <\/li>\n<\/ul>\n<\/div>\n<\/div>\n<div class=\"tab js-tab\">\n<h3 class=\"tab-title pdp-tabs_title js-tab-mobile-title\"><span>Description<\/span><\/h3>\n<div class=\"tab-description pdp-tabs_description js-tab-description\" itemprop=\"description\">Eclaircissez jusqu&rsquo;\u00e0 8 tons, avec une casse de cheveu minimis\u00e9e pour des transformations blondes \u00e0 l&rsquo;infini, gr\u00e2ce \u00e0 la Poudre D\u00e9colorante Blanche Vario Blond Plus de Schwartzkopf. La nouvelle gamme IGORA Vario Blond a \u00e9t\u00e9 reformul\u00e9e avec la technologie Fibre Bond directement int\u00e9gr\u00e9e, pour renforcer les liaisons internes du cheveu et r\u00e9duire significativement la casse du cheveu.Gr\u00e2ce \u00e0 sa composition, cette poudre blanche a une neutralisation Haute performanceL\u00e9g\u00e8rement parfum\u00e9, le produit n\u2019a donc plus d&rsquo;odeurs d\u00e9sagr\u00e9ables et sa formulation est non volatile.La boutique en ligne Pro-Duo vous conseille de l\u2019utiliser pour obtenir un \u00e9claircissement maximum sur tous types de cheveux, m\u00eame sur cheveux noirs de hauteur de ton 1.<\/div>\n<\/div>\n<div class=\"tab js-tab\">\n<h3 class=\"tab-title pdp-tabs_title js-tab-mobile-title\"><span>Mode d&#8217;emploi<\/span><\/h3>\n<div class=\"tab-description pdp-tabs_description js-tab-description\">M\u00e9langer dans un bol non m\u00e9tallique jusqu&rsquo;\u00e0 obtention d&rsquo;une cr\u00e8me onctueuse 35g de poudre (une dose) avec 70ml d&rsquo;oxydant 30 ou 40 volume.Appliquer la Poudre Igora Vario Blond Plus de Schwarzkopf directement apr\u00e8s avoir effectu\u00e9 le m\u00e9lange.R\u00e9partir de fa\u00e7on homog\u00e8ne en couches \u00e9paisses afin d&rsquo;obtenir une \u00e9galisation parfaite.Le temps de pause variera de 20 \u00e0 45 minutes suivant la texture du cheveu.Contr\u00f4ler l&rsquo;\u00e9claircissement toutes les 5 minutes.<\/div>\n<\/div>\n<div class=\"tab js-tab\">\n<h3 class=\"tab-title pdp-tabs_title js-tab-mobile-title\"><span>Ingr\u00e9dients<\/span><\/h3>\n<div class=\"tab-description pdp-tabs_description js-tab-description\">Sodium SilicateMagnesium Carbonate HydroxideAmmonium PersulfateParaffinum LiquidumCellulose GumSodium PersulfateAcrylates CopolymerTetrasodium EDTASuccinic AcidSilicaParfumLysine HClSodium HexametaphosphateArginineAmmonium SulfateGeraniolSodium SulfateCitronellol<\/div>\n<\/div>\n<div class=\"tab js-tab\">\n<h3 class=\"tab-title pdp-tabs_title js-tab-mobile-title\"><span>Livraison et stock<\/span><\/h3>\n<div class=\"tab-description pdp-tabs_description js-tab-description\">\n<div class=\"pdp-delivery_info\">\n<div class=\"content-asset\">Livraison et d\u00e9laisRetours et remboursements<\/div>\n<\/div>\n<\/div>\n<\/div>\n<\/div>\n<\/div>\n<\/div>\n","protected":false},"excerpt":{"rendered":"<p>Information importante : Schwarzkopf est en train de changer l&#8217;emballage de Igora. Il se peut&hellip;<\/p>\n","protected":false},"featured_media":19677,"comment_status":"open","ping_status":"closed","template":"","meta":[],"pwb-brand":[646],"product_cat":[617],"product_tag":[274,319,273],"class_list":{"0":"post-27285","1":"product","2":"type-product","3":"status-publish","4":"has-post-thumbnail","6":"pwb-brand-schwarzkopf-professional","7":"product_cat-coiffure","8":"product_tag-coiffure","9":"product_tag-schwarzkopf-professional","10":"product_tag-vegan","12":"first","13":"instock","14":"taxable","15":"shipping-taxable","16":"purchasable","17":"product-type-simple","18":"layout-style-3","19":"col-md-4 col-sm-4 col-xs-6","20":"col-lg-3","21":"product-style-default"},"aioseo_notices":[],"brands":[{"id":646,"name":"Schwarzkopf Professional","slug":"schwarzkopf-professional"}],"_links":{"self":[{"href":"https:\/\/cheveuxluxe.com\/index.php\/wp-json\/wp\/v2\/product\/27285","targetHints":{"allow":["GET"]}}],"collection":[{"href":"https:\/\/cheveuxluxe.com\/index.php\/wp-json\/wp\/v2\/product"}],"about":[{"href":"https:\/\/cheveuxluxe.com\/index.php\/wp-json\/wp\/v2\/types\/product"}],"replies":[{"embeddable":true,"href":"https:\/\/cheveuxluxe.com\/index.php\/wp-json\/wp\/v2\/comments?post=27285"}],"version-history":[{"count":0,"href":"https:\/\/cheveuxluxe.com\/index.php\/wp-json\/wp\/v2\/product\/27285\/revisions"}],"wp:featuredmedia":[{"embeddable":true,"href":"https:\/\/cheveuxluxe.com\/index.php\/wp-json\/wp\/v2\/media\/19677"}],"wp:attachment":[{"href":"https:\/\/cheveuxluxe.com\/index.php\/wp-json\/wp\/v2\/media?parent=27285"}],"wp:term":[{"taxonomy":"pwb-brand","embeddable":true,"href":"https:\/\/cheveuxluxe.com\/index.php\/wp-json\/wp\/v2\/pwb-brand?post=27285"},{"taxonomy":"product_cat","embeddable":true,"href":"https:\/\/cheveuxluxe.com\/index.php\/wp-json\/wp\/v2\/product_cat?post=27285"},{"taxonomy":"product_tag","embeddable":true,"href":"https:\/\/cheveuxluxe.com\/index.php\/wp-json\/wp\/v2\/product_tag?post=27285"}],"curies":[{"name":"wp","href":"https:\/\/api.w.org\/{rel}","templated":true}]}}