{"id":27409,"date":"2024-04-09T20:52:39","date_gmt":"2024-04-09T20:52:39","guid":{"rendered":"https:\/\/cheveuxluxe.com\/index.php\/product\/wahl-tondeuse-de-coupe-balding\/"},"modified":"2024-04-13T13:41:31","modified_gmt":"2024-04-13T13:41:31","slug":"wahl-tondeuse-de-coupe-balding","status":"publish","type":"product","link":"https:\/\/cheveuxluxe.com\/index.php\/product\/wahl-tondeuse-de-coupe-balding\/","title":{"rendered":"Wahl Tondeuse de coupe Balding"},"content":{"rendered":"<div class=\"product-content_bottom\">\n<div class=\"pdp-info\">\n<div class=\"pdp-tabs tab-container\">\n<div class=\"tab js-tab\">\n<h3 class=\"tab-title pdp-tabs_title js-tab-mobile-title open\"><span>Points cl\u00e9s<\/span><\/h3>\n<div class=\"tab-description pdp-tabs_description js-tab-description open\" itemprop=\"description\">\n<ul>\n<li> Coupes tr\u00e8s courtes et ras\u00e9s<\/li>\n<li>Cheveux cr\u00e9pus <\/li>\n<li>Lames chrom\u00e9es <\/li>\n<li>Tondeuse de coupe professionnelle <\/li>\n<\/ul>\n<\/div>\n<\/div>\n<div class=\"tab js-tab\">\n<h3 class=\"tab-title pdp-tabs_title js-tab-mobile-title\"><span>Description<\/span><\/h3>\n<div class=\"tab-description pdp-tabs_description js-tab-description\" itemprop=\"description\">\u00c9quip\u00e9e d\u2019un moteur professionnel V5000 longue dur\u00e9e, cette tondeuse de coupe ravira vos clients au cr\u00e2ne fragile, qui ne supporte pas le feu du rasoir. Destin\u00e9e \u00e0 un usage quotidien en salon, cette tondeuse Wahl\u00ae poss\u00e8de un c\u00e2ble de 2,4 m\u00e8tres, pour une grande libert\u00e9 de mouvement.Sa lame chrom\u00e9e vous garantit une dur\u00e9e de vie renforc\u00e9e, pour une efficacit\u00e9 unique. Peu de tondeuses sur le march\u00e9 proposent une coupe aussi courte que la 5 Star Balding, qui offre des possibilit\u00e9s proches du rasage complet (0.4 mm), les d\u00e9sagr\u00e9ments du rasoir en moins.Sp\u00e9cialement con\u00e7ue pour travailler les d\u00e9grad\u00e9s ultra-courts et ras\u00e9s, elle est parfaite pour les cheveux cr\u00e9pus et id\u00e9ale pour les grandes surfaces. La 5 Star Balding est livr\u00e9e avec un prot\u00e8ge-lame, un peigne de barbier, de l\u2019huile, ainsi qu\u2019une brosse de nettoyage.<\/div>\n<\/div>\n<div class=\"tab js-tab\">\n<h3 class=\"tab-title pdp-tabs_title js-tab-mobile-title\"><span>Mode d&#8217;emploi<\/span><\/h3>\n<div class=\"tab-description pdp-tabs_description js-tab-description\">Cette tondeuse travaille au plus pr\u00e8s du cr\u00e2ne de votre client, il est donc recommand\u00e9 d\u2019effectuer des mouvements lents et contr\u00f4l\u00e9s.Le conseil de pro : pour augmenter la dur\u00e9e de vie de votre mat\u00e9riel, d\u00e9posez une goutte d\u2019huile sur les lames avant et apr\u00e8s chaque utilisation.<\/div>\n<\/div>\n<div class=\"tab js-tab\">\n<h3 class=\"tab-title pdp-tabs_title js-tab-mobile-title\"><span>Livraison et stock<\/span><\/h3>\n<div class=\"tab-description pdp-tabs_description js-tab-description\">\n<div class=\"pdp-delivery_info\">\n<div class=\"content-asset\">Livraison et d\u00e9laisRetours et remboursements<\/div>\n<\/div>\n<\/div>\n<\/div>\n<\/div>\n<\/div>\n<\/div>\n","protected":false},"excerpt":{"rendered":"<p>Points cl\u00e9s Coupes tr\u00e8s courtes et ras\u00e9s Cheveux cr\u00e9pus Lames chrom\u00e9es Tondeuse de coupe professionnelle&hellip;<\/p>\n","protected":false},"featured_media":16383,"comment_status":"open","ping_status":"closed","template":"","meta":[],"pwb-brand":[666],"product_cat":[392],"product_tag":[177,178,397],"class_list":{"0":"post-27409","1":"product","2":"type-product","3":"status-publish","4":"has-post-thumbnail","6":"pwb-brand-wahl","7":"product_cat-tondeuses-cheveux","8":"product_tag-electro-et-materiel","9":"product_tag-tondeuses-cheveux","10":"product_tag-wahl","12":"first","13":"instock","14":"taxable","15":"shipping-taxable","16":"purchasable","17":"product-type-simple","18":"layout-style-3","19":"col-md-4 col-sm-4 col-xs-6","20":"col-lg-3","21":"product-has-gallery","22":"product-style-default"},"aioseo_notices":[],"brands":[{"id":666,"name":"Wahl","slug":"wahl"}],"_links":{"self":[{"href":"https:\/\/cheveuxluxe.com\/index.php\/wp-json\/wp\/v2\/product\/27409","targetHints":{"allow":["GET"]}}],"collection":[{"href":"https:\/\/cheveuxluxe.com\/index.php\/wp-json\/wp\/v2\/product"}],"about":[{"href":"https:\/\/cheveuxluxe.com\/index.php\/wp-json\/wp\/v2\/types\/product"}],"replies":[{"embeddable":true,"href":"https:\/\/cheveuxluxe.com\/index.php\/wp-json\/wp\/v2\/comments?post=27409"}],"version-history":[{"count":0,"href":"https:\/\/cheveuxluxe.com\/index.php\/wp-json\/wp\/v2\/product\/27409\/revisions"}],"wp:featuredmedia":[{"embeddable":true,"href":"https:\/\/cheveuxluxe.com\/index.php\/wp-json\/wp\/v2\/media\/16383"}],"wp:attachment":[{"href":"https:\/\/cheveuxluxe.com\/index.php\/wp-json\/wp\/v2\/media?parent=27409"}],"wp:term":[{"taxonomy":"pwb-brand","embeddable":true,"href":"https:\/\/cheveuxluxe.com\/index.php\/wp-json\/wp\/v2\/pwb-brand?post=27409"},{"taxonomy":"product_cat","embeddable":true,"href":"https:\/\/cheveuxluxe.com\/index.php\/wp-json\/wp\/v2\/product_cat?post=27409"},{"taxonomy":"product_tag","embeddable":true,"href":"https:\/\/cheveuxluxe.com\/index.php\/wp-json\/wp\/v2\/product_tag?post=27409"}],"curies":[{"name":"wp","href":"https:\/\/api.w.org\/{rel}","templated":true}]}}