{"id":27432,"date":"2024-04-09T20:52:48","date_gmt":"2024-04-09T20:52:48","guid":{"rendered":"https:\/\/cheveuxluxe.com\/index.php\/product\/babyliss-pro-tondeuse-de-finition-nez-oreilles\/"},"modified":"2024-04-13T13:41:42","modified_gmt":"2024-04-13T13:41:42","slug":"babyliss-pro-tondeuse-de-finition-nez-oreilles","status":"publish","type":"product","link":"https:\/\/cheveuxluxe.com\/index.php\/product\/babyliss-pro-tondeuse-de-finition-nez-oreilles\/","title":{"rendered":"BaByliss Pro Tondeuse de finition nez-oreilles"},"content":{"rendered":"<div class=\"product-content_bottom\">\n<div class=\"pdp-info\">\n<div class=\"pdp-tabs tab-container\">\n<div class=\"tab js-tab\">\n<h3 class=\"tab-title pdp-tabs_title js-tab-mobile-title open\"><span>Points cl\u00e9s<\/span><\/h3>\n<div class=\"tab-description pdp-tabs_description js-tab-description open\" itemprop=\"description\">\n<ul>\n<li> Oreilles et nez<\/li>\n<li>Ergonomique<\/li>\n<li>S\u00e9curis\u00e9 <\/li>\n<li>Fonctionne avec pile <\/li>\n<\/ul>\n<\/div>\n<\/div>\n<div class=\"tab js-tab\">\n<h3 class=\"tab-title pdp-tabs_title js-tab-mobile-title\"><span>Description<\/span><\/h3>\n<div class=\"tab-description pdp-tabs_description js-tab-description\" itemprop=\"description\">Pour traiter ces zones d\u00e9licates, cette tondeuse de finition dispose d\u2019un syst\u00e8me de coupe circulaire s\u00e9curis\u00e9. Pourquoi choisir cet outil ? Le nez et les oreilles sont des parties du corps complexes \u00e0 travailler au ciseau : simplifiez-vous la t\u00e2che en vous \u00e9quipant avec la FX7020E de BabylissPro\u00ae !Parce que l\u2019hygi\u00e8ne est cruciale \u00e0 votre activit\u00e9, la t\u00eate de FX7020E est amovible, afin d\u2019\u00eatre nettoy\u00e9e tr\u00e8s simplement sous l\u2019eau. Cette tondeuse BabylissPro\u00ae fonctionne avec 1 pile AA fournie. Pour une dur\u00e9e de vie augment\u00e9e, un capot de protection est livr\u00e9 avec la tondeuse.On aime : sa forme allong\u00e9e et son corps arrondi, pour une prise en main confortable et des gestes pr\u00e9cis.<\/div>\n<\/div>\n<div class=\"tab js-tab\">\n<h3 class=\"tab-title pdp-tabs_title js-tab-mobile-title\"><span>Mode d&#8217;emploi<\/span><\/h3>\n<div class=\"tab-description pdp-tabs_description js-tab-description\">Avant de raser les poils de nez, assurez-vous que cette partie soit parfaitement propre. Invitez votre client \u00e0 pincer ses l\u00e8vres pour bien d\u00e9gager ses voies nasales. Rasez en effectuant des gestes circulaires du haut vers le bas. La tondeuse de finition ne doit pas entrer en contact avec la peau. Afin de conserver l\u2019effet protecteur des poils dans les narines, ne rasez que les poils disgracieux.<\/div>\n<\/div>\n<div class=\"tab js-tab\">\n<h3 class=\"tab-title pdp-tabs_title js-tab-mobile-title\"><span>Livraison et stock<\/span><\/h3>\n<div class=\"tab-description pdp-tabs_description js-tab-description\">\n<div class=\"pdp-delivery_info\">\n<div class=\"content-asset\">Livraison et d\u00e9laisRetours et remboursements<\/div>\n<\/div>\n<\/div>\n<\/div>\n<\/div>\n<\/div>\n<\/div>\n","protected":false},"excerpt":{"rendered":"<p>Points cl\u00e9s Oreilles et nez Ergonomique S\u00e9curis\u00e9 Fonctionne avec pile Description Pour traiter ces zones&hellip;<\/p>\n","protected":false},"featured_media":16544,"comment_status":"open","ping_status":"closed","template":"","meta":[],"pwb-brand":[629],"product_cat":[412],"product_tag":[405,177,180],"class_list":{"0":"post-27432","1":"product","2":"type-product","3":"status-publish","4":"has-post-thumbnail","6":"pwb-brand-babyliss-pro","7":"product_cat-tondeuses-de-finition","8":"product_tag-babyliss-pro","9":"product_tag-electro-et-materiel","10":"product_tag-tondeuses-de-finition","12":"first","13":"instock","14":"taxable","15":"shipping-taxable","16":"purchasable","17":"product-type-simple","18":"layout-style-3","19":"col-md-4 col-sm-4 col-xs-6","20":"col-lg-3","21":"product-style-default"},"aioseo_notices":[],"brands":[{"id":629,"name":"BaByliss PRO","slug":"babyliss-pro"}],"_links":{"self":[{"href":"https:\/\/cheveuxluxe.com\/index.php\/wp-json\/wp\/v2\/product\/27432","targetHints":{"allow":["GET"]}}],"collection":[{"href":"https:\/\/cheveuxluxe.com\/index.php\/wp-json\/wp\/v2\/product"}],"about":[{"href":"https:\/\/cheveuxluxe.com\/index.php\/wp-json\/wp\/v2\/types\/product"}],"replies":[{"embeddable":true,"href":"https:\/\/cheveuxluxe.com\/index.php\/wp-json\/wp\/v2\/comments?post=27432"}],"version-history":[{"count":0,"href":"https:\/\/cheveuxluxe.com\/index.php\/wp-json\/wp\/v2\/product\/27432\/revisions"}],"wp:featuredmedia":[{"embeddable":true,"href":"https:\/\/cheveuxluxe.com\/index.php\/wp-json\/wp\/v2\/media\/16544"}],"wp:attachment":[{"href":"https:\/\/cheveuxluxe.com\/index.php\/wp-json\/wp\/v2\/media?parent=27432"}],"wp:term":[{"taxonomy":"pwb-brand","embeddable":true,"href":"https:\/\/cheveuxluxe.com\/index.php\/wp-json\/wp\/v2\/pwb-brand?post=27432"},{"taxonomy":"product_cat","embeddable":true,"href":"https:\/\/cheveuxluxe.com\/index.php\/wp-json\/wp\/v2\/product_cat?post=27432"},{"taxonomy":"product_tag","embeddable":true,"href":"https:\/\/cheveuxluxe.com\/index.php\/wp-json\/wp\/v2\/product_tag?post=27432"}],"curies":[{"name":"wp","href":"https:\/\/api.w.org\/{rel}","templated":true}]}}