{"id":27440,"date":"2024-04-09T20:53:10","date_gmt":"2024-04-09T20:53:10","guid":{"rendered":"https:\/\/cheveuxluxe.com\/index.php\/product\/babyliss-pro-lo-pro-tondeuse-de-finition\/"},"modified":"2024-04-13T16:17:33","modified_gmt":"2024-04-13T16:17:33","slug":"babyliss-pro-lo-pro-tondeuse-de-finition","status":"publish","type":"product","link":"https:\/\/cheveuxluxe.com\/index.php\/product\/babyliss-pro-lo-pro-tondeuse-de-finition\/","title":{"rendered":"BaByliss Pro Lo-Pro Tondeuse de Finition"},"content":{"rendered":"<div class=\"product-content_bottom\">\n<div class=\"pdp-info\">\n<div class=\"pdp-tabs tab-container\">\n<div class=\"tab js-tab\">\n<h3 class=\"tab-title pdp-tabs_title js-tab-mobile-title open\"><span>Points cl\u00e9s<\/span><\/h3>\n<div class=\"tab-description pdp-tabs_description js-tab-description open\" itemprop=\"description\">\n<ul>\n<li>Moteur digital haute performance \u00e0 couple \u00e9lev\u00e9; 6 800 t\/min &#8211; 13 600 battements\/min<\/li>\n<li>Plus de 21 000 actions de coupe r\u00e9alis\u00e9es par les lames par seconde<\/li>\n<li>Efficacit\u00e9 de coupe exceptionnelle, Batterie lithium-ion \u2013 fonctionne avec ou sans fil<\/li>\n<li>Capacit\u00e9 de 3 300 mAh<\/li>\n<\/ul>\n<\/div>\n<\/div>\n<div class=\"tab js-tab\">\n<h3 class=\"tab-title pdp-tabs_title js-tab-mobile-title\"><span>Description<\/span><\/h3>\n<div class=\"tab-description pdp-tabs_description js-tab-description\" itemprop=\"description\">\n<p>La BaByliss Pro Lo-Pro Tondeuse de Finition doit son nom \u00e0 son design tr\u00e8s plat (low profile). Le poids, l\u2019\u00e9quilibrage et l\u2019ergonomie de la tondeuse ont \u00e9t\u00e9 adapt\u00e9s en fonction du feed-back de centaines de coiffeurs et barbiers professionnels. La BaByliss Pro Lo-Pro Tondeuse de Finition est une tondeuse de pr\u00e9cision de style am\u00e9ricain classique. 4 heures d\u2019autonomie sans fil avec une charge de 3 heures.T\u00e9moin lumineux indicateur de batterie faible. Lame graphite en T de 2 mm (dents profondes).Vision \u00e0 360\u00b0 et r\u00e9glage \u00e0 z\u00e9ro. Friction quasi-inexistante. Extr\u00eamement durable.Temp\u00e9rature de la lame plus basse-pas de surchauffe. Prise en main ergonomique. Voltage universel. Une construction m\u00e9tallique plate, un renfoncement ergonomique pour le pouce et un excellent rapport poids\/\u00e9quilibrage permettent une parfaite prise en main.<\/p>\n<p>Le moteur digital de 6800 t\/min, la batterie haute capacit\u00e9 et la lame en graphite en font une tondeuse pour d\u00e9grad\u00e9s polyvalente. Vision \u00e0 360\u00b0 et r\u00e9glage \u00e0 z\u00e9ro, friction quasi-inexistante, extr\u00eamement durable, temp\u00e9rature de la lame plus basse; pas de surchauffe, prise en main ergonomique.<\/p>\n<p>Si tu aimes avoir une machine robuste en main, c\u2019est la tondeuse qu\u2019il te faut.<br \/>D\u00e9finis tes attentes et celles de tes clients.<br \/>Essaie-la BaByliss Pro Lo-Pro Tondeuse de Finition et tire tes conclusions. Nous n\u2019avons aucun doute quant \u00e0 ton ressenti !<\/p>\n<\/div>\n<\/div>\n<div class=\"tab js-tab\">\n<h3 class=\"tab-title pdp-tabs_title js-tab-mobile-title\"><span>Livraison et stock<\/span><\/h3>\n<div class=\"tab-description pdp-tabs_description js-tab-description\">\n<div class=\"pdp-delivery_info\">\n<div class=\"content-asset\">Livraison et d\u00e9laisRetours et remboursements<\/div>\n<\/div>\n<\/div>\n<\/div>\n<\/div>\n<\/div>\n<\/div>\n","protected":false},"excerpt":{"rendered":"<p>Points cl\u00e9s Moteur digital haute performance \u00e0 couple \u00e9lev\u00e9; 6 800 t\/min &#8211; 13 600&hellip;<\/p>\n","protected":false},"featured_media":16562,"comment_status":"open","ping_status":"closed","template":"","meta":[],"pwb-brand":[629],"product_cat":[412],"product_tag":[405,177,180],"class_list":{"0":"post-27440","1":"product","2":"type-product","3":"status-publish","4":"has-post-thumbnail","6":"pwb-brand-babyliss-pro","7":"product_cat-tondeuses-de-finition","8":"product_tag-babyliss-pro","9":"product_tag-electro-et-materiel","10":"product_tag-tondeuses-de-finition","12":"first","13":"instock","14":"taxable","15":"shipping-taxable","16":"purchasable","17":"product-type-simple","18":"layout-style-3","19":"col-md-4 col-sm-4 col-xs-6","20":"col-lg-3","21":"product-has-gallery","22":"product-style-default"},"aioseo_notices":[],"brands":[{"id":629,"name":"BaByliss PRO","slug":"babyliss-pro"}],"_links":{"self":[{"href":"https:\/\/cheveuxluxe.com\/index.php\/wp-json\/wp\/v2\/product\/27440","targetHints":{"allow":["GET"]}}],"collection":[{"href":"https:\/\/cheveuxluxe.com\/index.php\/wp-json\/wp\/v2\/product"}],"about":[{"href":"https:\/\/cheveuxluxe.com\/index.php\/wp-json\/wp\/v2\/types\/product"}],"replies":[{"embeddable":true,"href":"https:\/\/cheveuxluxe.com\/index.php\/wp-json\/wp\/v2\/comments?post=27440"}],"version-history":[{"count":0,"href":"https:\/\/cheveuxluxe.com\/index.php\/wp-json\/wp\/v2\/product\/27440\/revisions"}],"wp:featuredmedia":[{"embeddable":true,"href":"https:\/\/cheveuxluxe.com\/index.php\/wp-json\/wp\/v2\/media\/16562"}],"wp:attachment":[{"href":"https:\/\/cheveuxluxe.com\/index.php\/wp-json\/wp\/v2\/media?parent=27440"}],"wp:term":[{"taxonomy":"pwb-brand","embeddable":true,"href":"https:\/\/cheveuxluxe.com\/index.php\/wp-json\/wp\/v2\/pwb-brand?post=27440"},{"taxonomy":"product_cat","embeddable":true,"href":"https:\/\/cheveuxluxe.com\/index.php\/wp-json\/wp\/v2\/product_cat?post=27440"},{"taxonomy":"product_tag","embeddable":true,"href":"https:\/\/cheveuxluxe.com\/index.php\/wp-json\/wp\/v2\/product_tag?post=27440"}],"curies":[{"name":"wp","href":"https:\/\/api.w.org\/{rel}","templated":true}]}}