{"id":27510,"date":"2024-04-09T20:54:52","date_gmt":"2024-04-09T20:54:52","guid":{"rendered":"https:\/\/cheveuxluxe.com\/index.php\/product\/sibel-in-lames-de-rasoir-double-x10\/"},"modified":"2024-04-13T13:42:18","modified_gmt":"2024-04-13T13:42:18","slug":"sibel-in-lames-de-rasoir-double-x10","status":"publish","type":"product","link":"https:\/\/cheveuxluxe.com\/index.php\/product\/sibel-in-lames-de-rasoir-double-x10\/","title":{"rendered":"Sibel IN Lames de Rasoir Double x10"},"content":{"rendered":"<div class=\"product-content_bottom\">\n<div class=\"pdp-info\">\n<div class=\"pdp-tabs tab-container\">\n<div class=\"tab js-tab\">\n<h3 class=\"tab-title pdp-tabs_title js-tab-mobile-title open\"><span>Points cl\u00e9s<\/span><\/h3>\n<div class=\"tab-description pdp-tabs_description js-tab-description open\" itemprop=\"description\">\n<ul>\n<li> Rasoir \u00e0 main<\/li>\n<li>Coupe barbe<\/li>\n<li>Taille moustache<\/li>\n<li>Rasoir double<\/li>\n<li>Accessoire barbier <\/li>\n<\/ul>\n<\/div>\n<\/div>\n<div class=\"tab js-tab\">\n<h3 class=\"tab-title pdp-tabs_title js-tab-mobile-title\"><span>Description<\/span><\/h3>\n<div class=\"tab-description pdp-tabs_description js-tab-description\" itemprop=\"description\">Un rasage de pr\u00e9cision demande un mat\u00e9riel de qualit\u00e9 et facilement maniable. Con\u00e7ues pour s\u2019adapter sur le rasoir de la m\u00eame gamme, les Lames IN pour Rasoir \u00e0 Lame Double de Sibel assurent une coupe pr\u00e9cise et rapide.Ces lames permettent de proc\u00e9der aux finitions de coupe classiques ou d\u2019effiler les poils de barbe ou de moustache pour un rendu net et raffin\u00e9. Elles sont donc tout autant adapt\u00e9es pour les rasages standards que pour les coupes tendance et r\u00e9pondent \u00e0 tous vos besoins.En inox, ces lames sont r\u00e9sistantes et tr\u00e8s tranchantes. Elles coupent les poils les plus \u00e9pais d\u00e8s le premier passage, assurant donc une taille aussi optimale.<\/div>\n<\/div>\n<div class=\"tab js-tab\">\n<h3 class=\"tab-title pdp-tabs_title js-tab-mobile-title\"><span>Mode d&#8217;emploi<\/span><\/h3>\n<div class=\"tab-description pdp-tabs_description js-tab-description\">Tenir hors de la port\u00e9e des enfants.<\/div>\n<\/div>\n<div class=\"tab js-tab\">\n<h3 class=\"tab-title pdp-tabs_title js-tab-mobile-title\"><span>Livraison et stock<\/span><\/h3>\n<div class=\"tab-description pdp-tabs_description js-tab-description\">\n<div class=\"pdp-delivery_info\">\n<div class=\"content-asset\">Livraison et d\u00e9laisRetours et remboursements<\/div>\n<\/div>\n<\/div>\n<\/div>\n<\/div>\n<\/div>\n<\/div>\n","protected":false},"excerpt":{"rendered":"<p>Points cl\u00e9s Rasoir \u00e0 main Coupe barbe Taille moustache Rasoir double Accessoire barbier Description Un&hellip;<\/p>\n","protected":false},"featured_media":16602,"comment_status":"open","ping_status":"closed","template":"","meta":[],"pwb-brand":[652],"product_cat":[415,416],"product_tag":[417,177,418,342],"class_list":{"0":"post-27510","1":"product","2":"type-product","3":"status-publish","4":"has-post-thumbnail","6":"pwb-brand-sibel","7":"product_cat-ciseaux","8":"product_cat-lames-et-rasoirs","9":"product_tag-ciseaux","10":"product_tag-electro-et-materiel","11":"product_tag-lames-et-rasoirs","12":"product_tag-sibel","14":"first","15":"instock","16":"taxable","17":"shipping-taxable","18":"purchasable","19":"product-type-simple","20":"layout-style-3","21":"col-md-4 col-sm-4 col-xs-6","22":"col-lg-3","23":"product-style-default"},"aioseo_notices":[],"brands":[{"id":652,"name":"Sibel","slug":"sibel"}],"_links":{"self":[{"href":"https:\/\/cheveuxluxe.com\/index.php\/wp-json\/wp\/v2\/product\/27510","targetHints":{"allow":["GET"]}}],"collection":[{"href":"https:\/\/cheveuxluxe.com\/index.php\/wp-json\/wp\/v2\/product"}],"about":[{"href":"https:\/\/cheveuxluxe.com\/index.php\/wp-json\/wp\/v2\/types\/product"}],"replies":[{"embeddable":true,"href":"https:\/\/cheveuxluxe.com\/index.php\/wp-json\/wp\/v2\/comments?post=27510"}],"version-history":[{"count":0,"href":"https:\/\/cheveuxluxe.com\/index.php\/wp-json\/wp\/v2\/product\/27510\/revisions"}],"wp:featuredmedia":[{"embeddable":true,"href":"https:\/\/cheveuxluxe.com\/index.php\/wp-json\/wp\/v2\/media\/16602"}],"wp:attachment":[{"href":"https:\/\/cheveuxluxe.com\/index.php\/wp-json\/wp\/v2\/media?parent=27510"}],"wp:term":[{"taxonomy":"pwb-brand","embeddable":true,"href":"https:\/\/cheveuxluxe.com\/index.php\/wp-json\/wp\/v2\/pwb-brand?post=27510"},{"taxonomy":"product_cat","embeddable":true,"href":"https:\/\/cheveuxluxe.com\/index.php\/wp-json\/wp\/v2\/product_cat?post=27510"},{"taxonomy":"product_tag","embeddable":true,"href":"https:\/\/cheveuxluxe.com\/index.php\/wp-json\/wp\/v2\/product_tag?post=27510"}],"curies":[{"name":"wp","href":"https:\/\/api.w.org\/{rel}","templated":true}]}}