{"id":27581,"date":"2024-04-09T20:56:34","date_gmt":"2024-04-09T20:56:34","guid":{"rendered":"https:\/\/cheveuxluxe.com\/index.php\/product\/wahl-set-de-peignes-guides-de-coupe-3-25mm\/"},"modified":"2024-04-13T15:44:18","modified_gmt":"2024-04-13T15:44:18","slug":"wahl-set-de-peignes-guides-de-coupe-3-25mm","status":"publish","type":"product","link":"https:\/\/cheveuxluxe.com\/index.php\/product\/wahl-set-de-peignes-guides-de-coupe-3-25mm\/","title":{"rendered":"Wahl Set de Peignes Guides de Coupe 3-25mm"},"content":{"rendered":"<div class=\"product-content_bottom\">\n<div class=\"pdp-info\">\n<div class=\"pdp-tabs tab-container\">\n<div class=\"tab js-tab\">\n<h3 class=\"tab-title pdp-tabs_title js-tab-mobile-title open\"><span>Points cl\u00e9s<\/span><\/h3>\n<div class=\"tab-description pdp-tabs_description js-tab-description open\" itemprop=\"description\">\n<ul>\n<li> Pr\u00e9cision<\/li>\n<li>Accessoires pour tondeuse<\/li>\n<li>Set de remplacement<\/li>\n<li>De 3 \u00e0 25mm<\/li>\n<li>Mat\u00e9riel robuste et durable <\/li>\n<\/ul>\n<\/div>\n<\/div>\n<div class=\"tab js-tab\">\n<h3 class=\"tab-title pdp-tabs_title js-tab-mobile-title\"><span>Description<\/span><\/h3>\n<div class=\"tab-description pdp-tabs_description js-tab-description\" itemprop=\"description\">Voici un set complet de guides de coupe sign\u00e9 Wahl, adaptables sur toutes les tondeuses \u00e9lectriques de taille normale de la marque. Ces guides de coupe permettent de d\u00e9finir la longueur \u00e0 couper avec des peignes allant de 3 mm \u00e0 25 mm. Ces accessoires de qualit\u00e9 permettent un travail pr\u00e9cis et sans risque de couper la peau. La conception de ces produits en plastique robuste est id\u00e9ale pour une bonne durabilit\u00e9.<br \/>Le set complet est particuli\u00e8rement pratique pour effectuer tous types de coupe avec une seule tondeuse. Il suffit de changer le guide de coupe pour r\u00e9aliser une longueur diff\u00e9rente.<br \/>Ce set de peignes pour tondeuse s\u2019utilise aussi bien pour le toilettage des animaux que pour les coupes de cheveux courts pour hommes et femmes. Les accessoires pour tondeuse Wahl sont fabriqu\u00e9s aux \u00c9tats-Unis. La marque est d\u2019ailleurs le leader du toilettage \u00e0 domicile.<\/div>\n<\/div>\n<div class=\"tab js-tab\">\n<h3 class=\"tab-title pdp-tabs_title js-tab-mobile-title\"><span>Mode d&#8217;emploi<\/span><\/h3>\n<div class=\"tab-description pdp-tabs_description js-tab-description\">Ce set de peignes guides de coupe Wahl est compatible avec les tondeuses de la marque en taille standard. D\u00e9tachez le guide de coupe pr\u00e9c\u00e9demment utilis\u00e9 de la tondeuse et attachez \u00e0 la place celui de votre choix. V\u00e9rifiez que celui-ci est bien en place avant de commencer la coupe.<\/div>\n<\/div>\n<div class=\"tab js-tab\">\n<h3 class=\"tab-title pdp-tabs_title js-tab-mobile-title\"><span>Livraison et stock<\/span><\/h3>\n<div class=\"tab-description pdp-tabs_description js-tab-description\">\n<div class=\"pdp-delivery_info\">\n<div class=\"content-asset\">Livraison et d\u00e9laisRetours et remboursements<\/div>\n<\/div>\n<\/div>\n<\/div>\n<\/div>\n<\/div>\n<\/div>\n","protected":false},"excerpt":{"rendered":"<p>Points cl\u00e9s Pr\u00e9cision Accessoires pour tondeuse Set de remplacement De 3 \u00e0 25mm Mat\u00e9riel robuste&hellip;<\/p>\n","protected":false},"featured_media":27578,"comment_status":"open","ping_status":"closed","template":"","meta":[],"pwb-brand":[666],"product_cat":[473],"product_tag":[82,177,397],"class_list":{"0":"post-27581","1":"product","2":"type-product","3":"status-publish","4":"has-post-thumbnail","6":"pwb-brand-wahl","7":"product_cat-accessoires","8":"product_tag-accessoires","9":"product_tag-electro-et-materiel","10":"product_tag-wahl","12":"first","13":"instock","14":"taxable","15":"shipping-taxable","16":"purchasable","17":"product-type-simple","18":"layout-style-3","19":"col-md-4 col-sm-4 col-xs-6","20":"col-lg-3","21":"product-has-gallery","22":"product-style-default"},"aioseo_notices":[],"brands":[{"id":666,"name":"Wahl","slug":"wahl"}],"_links":{"self":[{"href":"https:\/\/cheveuxluxe.com\/index.php\/wp-json\/wp\/v2\/product\/27581","targetHints":{"allow":["GET"]}}],"collection":[{"href":"https:\/\/cheveuxluxe.com\/index.php\/wp-json\/wp\/v2\/product"}],"about":[{"href":"https:\/\/cheveuxluxe.com\/index.php\/wp-json\/wp\/v2\/types\/product"}],"replies":[{"embeddable":true,"href":"https:\/\/cheveuxluxe.com\/index.php\/wp-json\/wp\/v2\/comments?post=27581"}],"version-history":[{"count":0,"href":"https:\/\/cheveuxluxe.com\/index.php\/wp-json\/wp\/v2\/product\/27581\/revisions"}],"wp:featuredmedia":[{"embeddable":true,"href":"https:\/\/cheveuxluxe.com\/index.php\/wp-json\/wp\/v2\/media\/27578"}],"wp:attachment":[{"href":"https:\/\/cheveuxluxe.com\/index.php\/wp-json\/wp\/v2\/media?parent=27581"}],"wp:term":[{"taxonomy":"pwb-brand","embeddable":true,"href":"https:\/\/cheveuxluxe.com\/index.php\/wp-json\/wp\/v2\/pwb-brand?post=27581"},{"taxonomy":"product_cat","embeddable":true,"href":"https:\/\/cheveuxluxe.com\/index.php\/wp-json\/wp\/v2\/product_cat?post=27581"},{"taxonomy":"product_tag","embeddable":true,"href":"https:\/\/cheveuxluxe.com\/index.php\/wp-json\/wp\/v2\/product_tag?post=27581"}],"curies":[{"name":"wp","href":"https:\/\/api.w.org\/{rel}","templated":true}]}}