{"id":27747,"date":"2024-04-09T21:02:11","date_gmt":"2024-04-09T21:02:11","guid":{"rendered":"https:\/\/cheveuxluxe.com\/index.php\/product\/velecta-paris-silence\/"},"modified":"2024-04-13T13:50:19","modified_gmt":"2024-04-13T13:50:19","slug":"velecta-paris-silence","status":"publish","type":"product","link":"https:\/\/cheveuxluxe.com\/index.php\/product\/velecta-paris-silence\/","title":{"rendered":"Velecta Paris Silence+"},"content":{"rendered":"<div class=\"product-content_bottom\">\n<div class=\"pdp-info\">\n<div class=\"pdp-tabs tab-container\">\n<div class=\"tab js-tab\">\n<h3 class=\"tab-title pdp-tabs_title js-tab-mobile-title\"><span>Description<\/span><\/h3>\n<div class=\"tab-description pdp-tabs_description js-tab-description\" itemprop=\"description\">Le Silence + d\u00e9velopp\u00e9 par Velecta\u00ae Paris s\u2019adapte parfaitement \u00e0 tous les s\u00e8che-cheveux de la gamme ICONIC TGR. Facile \u00e0 installer, il permet une r\u00e9duction significativedu bruit g\u00e9n\u00e9r\u00e9 par votre appareil gr\u00e2ce \u00e0 sa technologie brevet\u00e9e. La pression acoustique est diminu\u00e9e de -6,5(dB(A)) &#8211; peut varier suivant les s\u00e8che-cheveux.<\/div>\n<\/div>\n<div class=\"tab js-tab\">\n<h3 class=\"tab-title pdp-tabs_title js-tab-mobile-title\"><span>Livraison et stock<\/span><\/h3>\n<div class=\"tab-description pdp-tabs_description js-tab-description\">\n<div class=\"pdp-delivery_info\">\n<div class=\"content-asset\">Livraison et d\u00e9laisRetours et remboursements<\/div>\n<\/div>\n<\/div>\n<\/div>\n<\/div>\n<\/div>\n<\/div>\n","protected":false},"excerpt":{"rendered":"<p>Description Le Silence + d\u00e9velopp\u00e9 par Velecta\u00ae Paris s\u2019adapte parfaitement \u00e0 tous les s\u00e8che-cheveux de&hellip;<\/p>\n","protected":false},"featured_media":27746,"comment_status":"open","ping_status":"closed","template":"","meta":[],"pwb-brand":[681],"product_cat":[503],"product_tag":[168,169,442],"class_list":{"0":"post-27747","1":"product","2":"type-product","3":"status-publish","4":"has-post-thumbnail","6":"pwb-brand-velecta-paris","7":"product_cat-materiel-de-coiffure-equipement-de-salon-22","8":"product_tag-equipement-de-salon","9":"product_tag-materiel-de-coiffure","10":"product_tag-velecta-paris","12":"first","13":"instock","14":"taxable","15":"shipping-taxable","16":"purchasable","17":"product-type-simple","18":"layout-style-3","19":"col-md-4 col-sm-4 col-xs-6","20":"col-lg-3","21":"product-style-default"},"aioseo_notices":[],"brands":[{"id":681,"name":"Velecta Paris","slug":"velecta-paris"}],"_links":{"self":[{"href":"https:\/\/cheveuxluxe.com\/index.php\/wp-json\/wp\/v2\/product\/27747","targetHints":{"allow":["GET"]}}],"collection":[{"href":"https:\/\/cheveuxluxe.com\/index.php\/wp-json\/wp\/v2\/product"}],"about":[{"href":"https:\/\/cheveuxluxe.com\/index.php\/wp-json\/wp\/v2\/types\/product"}],"replies":[{"embeddable":true,"href":"https:\/\/cheveuxluxe.com\/index.php\/wp-json\/wp\/v2\/comments?post=27747"}],"version-history":[{"count":0,"href":"https:\/\/cheveuxluxe.com\/index.php\/wp-json\/wp\/v2\/product\/27747\/revisions"}],"wp:featuredmedia":[{"embeddable":true,"href":"https:\/\/cheveuxluxe.com\/index.php\/wp-json\/wp\/v2\/media\/27746"}],"wp:attachment":[{"href":"https:\/\/cheveuxluxe.com\/index.php\/wp-json\/wp\/v2\/media?parent=27747"}],"wp:term":[{"taxonomy":"pwb-brand","embeddable":true,"href":"https:\/\/cheveuxluxe.com\/index.php\/wp-json\/wp\/v2\/pwb-brand?post=27747"},{"taxonomy":"product_cat","embeddable":true,"href":"https:\/\/cheveuxluxe.com\/index.php\/wp-json\/wp\/v2\/product_cat?post=27747"},{"taxonomy":"product_tag","embeddable":true,"href":"https:\/\/cheveuxluxe.com\/index.php\/wp-json\/wp\/v2\/product_tag?post=27747"}],"curies":[{"name":"wp","href":"https:\/\/api.w.org\/{rel}","templated":true}]}}

<div class="product-content_bottom">
<div class="pdp-info">
<div class="pdp-tabs tab-container">
<div class="tab js-tab">
<h3 class="tab-title pdp-tabs_title js-tab-mobile-title"><span>Description</span></h3>
<div class="tab-description pdp-tabs_description js-tab-description" itemprop="description">Le Silence + développé par Velecta® Paris s’adapte parfaitement à tous les sèche-cheveux de la gamme ICONIC TGR. Facile à installer, il permet une réduction significativedu bruit généré par votre appareil grâce à sa technologie brevetée. La pression acoustique est diminuée de -6,5(dB(A)) &#8211; peut varier suivant les sèche-cheveux.</div>
</div>
<div class="tab js-tab">
<h3 class="tab-title pdp-tabs_title js-tab-mobile-title"><span>Livraison et stock</span></h3>
<div class="tab-description pdp-tabs_description js-tab-description">
<div class="pdp-delivery_info">
<div class="content-asset">Livraison et délaisRetours et remboursements</div>
</div>
</div>
</div>
</div>
</div>
</div>

<p>Description Le Silence + développé par Velecta® Paris s’adapte parfaitement à tous les sèche-cheveux de&hellip;</p>
