{"id":27751,"date":"2024-04-09T21:02:17","date_gmt":"2024-04-09T21:02:17","guid":{"rendered":"https:\/\/cheveuxluxe.com\/index.php\/product\/parlux-seche-cheveux-advance-light\/"},"modified":"2024-04-13T13:43:37","modified_gmt":"2024-04-13T13:43:37","slug":"parlux-seche-cheveux-advance-light","status":"publish","type":"product","link":"https:\/\/cheveuxluxe.com\/index.php\/product\/parlux-seche-cheveux-advance-light\/","title":{"rendered":"Parlux S\u00e8che-cheveux Advance Light"},"content":{"rendered":"<div class=\"product-content_bottom\">\n<div class=\"pdp-info\">\n<div class=\"pdp-tabs tab-container\">\n<div class=\"tab js-tab\">\n<h3 class=\"tab-title pdp-tabs_title js-tab-mobile-title open\"><span>Points cl\u00e9s<\/span><\/h3>\n<div class=\"tab-description pdp-tabs_description js-tab-description open\" itemprop=\"description\">\n<ul>\n<li>Nouveau moteur K-Advance de 2200\u00a0watts<\/li>\n<li>Technologie ionique et c\u00e9ramique<\/li>\n<li>Ergonomie et l\u00e9g\u00e8ret\u00e9<\/li>\n<li>Silencieux int\u00e9gr\u00e9 pour moins de bruit<\/li>\n<li>Technologie de fa\u00e7ade Stay Cool<\/li>\n<li>Interrupteurs \u00e0 contact doux con\u00e7us pour une utilisation confortable<\/li>\n<\/ul>\n<\/div>\n<\/div>\n<div class=\"tab js-tab\">\n<h3 class=\"tab-title pdp-tabs_title js-tab-mobile-title\"><span>Description<\/span><\/h3>\n<div class=\"tab-description pdp-tabs_description js-tab-description\" itemprop=\"description\">Le s\u00e8che-cheveux Parlux Advance Light est le dernier n\u00e9 de la gamme Parlux Professional, l\u00e9ger et puissant. Le Parlux Advance refl\u00e8te une recherche technologique approfondie visant \u00e0 r\u00e9pondre aux exigences des stylistes tout en augmentant les \u00e9conomies d&rsquo;\u00e9nergie et la sauvegarde de l&rsquo;environnement.<\/p>\n<p>Dot\u00e9 d&rsquo;un nouveau moteur K-Advance plus puissant et d&rsquo;une dur\u00e9e de vie plus longue, ce s\u00e8che-cheveux est parfait pour le styliste professionnel et offre 2\u00a0500 heures\u00a0de fonctionnement pour une performance sup\u00e9rieure. Le moteur de 2200\u00a0watts r\u00e9duit le temps de s\u00e9chage et pr\u00e9serve la beaut\u00e9 naturelle des cheveux.<\/p>\n<p>Le Parlux Advance est \u00e9galement dot\u00e9 de la technologie ionique et c\u00e9ramique, essentielle pour des cheveux sains et sans \u00e9lectricit\u00e9 statique. Ce s\u00e9choir ergonomique et l\u00e9ger pr\u00e9sente un d\u00e9bit d&rsquo;air plus important, avec 83\u00a0m\u00e8tres cubes\/heure pour un s\u00e9chage tr\u00e8s rapide et des performances d&rsquo;\u00e9conomie d&rsquo;\u00e9nergie, avec un silencieux int\u00e9gr\u00e9 pour r\u00e9duire le bruit. Il comporte \u00e9galement une fa\u00e7ade avant anti-chaleur pour maintenir une basse temp\u00e9rature sur la partie avant du s\u00e8che-cheveux. <\/p>\n<p>Con\u00e7u pour les stylistes professionnels, le Parlux Advance Light a \u00e9t\u00e9 cr\u00e9\u00e9 pour assurer une utilisation confortable et des performances sup\u00e9rieures. <\/p>\n<p> Moteur K-Advance 2200\u00a0watts <br \/> Conception ergonomique et l\u00e9g\u00e8re <br \/> D\u00e9bit d&rsquo;air de 83\u00a0m\u00e8tres cubes\/heure <br \/> Partie avant qui reste froide <br \/> Interrupteurs \u00e0 effleurement pour une utilisation confortable<br \/> Silencieux int\u00e9gr\u00e9 pour moins de bruit<br \/> Technologie ionique et c\u00e9ramique<br \/> Respect de l&rsquo;environnement<br \/> 2\u00a0vitesses<br \/> 4\u00a0temp\u00e9ratures<br \/> Bouton air froid instantan\u00e9<br \/> C\u00e2ble de 3\u00a0m\u00e8tres<br \/> Comprend 2\u00a0embouts<\/div>\n<\/div>\n<div class=\"tab js-tab\">\n<h3 class=\"tab-title pdp-tabs_title js-tab-mobile-title\"><span>Livraison et stock<\/span><\/h3>\n<div class=\"tab-description pdp-tabs_description js-tab-description\">\n<div class=\"pdp-delivery_info\">\n<div class=\"content-asset\">Livraison et d\u00e9laisRetours et remboursements<\/div>\n<\/div>\n<\/div>\n<\/div>\n<\/div>\n<\/div>\n<\/div>\n","protected":false},"excerpt":{"rendered":"<p>Points cl\u00e9s Nouveau moteur K-Advance de 2200\u00a0watts Technologie ionique et c\u00e9ramique Ergonomie et l\u00e9g\u00e8ret\u00e9 Silencieux&hellip;<\/p>\n","protected":false},"featured_media":19853,"comment_status":"open","ping_status":"closed","template":"","meta":[],"pwb-brand":[680],"product_cat":[438],"product_tag":[177,441,184],"class_list":{"0":"post-27751","1":"product","2":"type-product","3":"status-publish","4":"has-post-thumbnail","6":"pwb-brand-parlux","7":"product_cat-seche-cheveux","8":"product_tag-electro-et-materiel","9":"product_tag-parlux","10":"product_tag-seche-cheveux","12":"first","13":"instock","14":"taxable","15":"shipping-taxable","16":"purchasable","17":"product-type-simple","18":"layout-style-3","19":"col-md-4 col-sm-4 col-xs-6","20":"col-lg-3","21":"product-style-default"},"aioseo_notices":[],"brands":[{"id":680,"name":"Parlux","slug":"parlux"}],"_links":{"self":[{"href":"https:\/\/cheveuxluxe.com\/index.php\/wp-json\/wp\/v2\/product\/27751","targetHints":{"allow":["GET"]}}],"collection":[{"href":"https:\/\/cheveuxluxe.com\/index.php\/wp-json\/wp\/v2\/product"}],"about":[{"href":"https:\/\/cheveuxluxe.com\/index.php\/wp-json\/wp\/v2\/types\/product"}],"replies":[{"embeddable":true,"href":"https:\/\/cheveuxluxe.com\/index.php\/wp-json\/wp\/v2\/comments?post=27751"}],"version-history":[{"count":0,"href":"https:\/\/cheveuxluxe.com\/index.php\/wp-json\/wp\/v2\/product\/27751\/revisions"}],"wp:featuredmedia":[{"embeddable":true,"href":"https:\/\/cheveuxluxe.com\/index.php\/wp-json\/wp\/v2\/media\/19853"}],"wp:attachment":[{"href":"https:\/\/cheveuxluxe.com\/index.php\/wp-json\/wp\/v2\/media?parent=27751"}],"wp:term":[{"taxonomy":"pwb-brand","embeddable":true,"href":"https:\/\/cheveuxluxe.com\/index.php\/wp-json\/wp\/v2\/pwb-brand?post=27751"},{"taxonomy":"product_cat","embeddable":true,"href":"https:\/\/cheveuxluxe.com\/index.php\/wp-json\/wp\/v2\/product_cat?post=27751"},{"taxonomy":"product_tag","embeddable":true,"href":"https:\/\/cheveuxluxe.com\/index.php\/wp-json\/wp\/v2\/product_tag?post=27751"}],"curies":[{"name":"wp","href":"https:\/\/api.w.org\/{rel}","templated":true}]}}