{"id":27794,"date":"2024-04-09T21:03:07","date_gmt":"2024-04-09T21:03:07","guid":{"rendered":"https:\/\/cheveuxluxe.com\/index.php\/product\/barnum-seche-cheveux-magnesium-noir-diffuseur-2000w\/"},"modified":"2024-04-13T13:44:04","modified_gmt":"2024-04-13T13:44:04","slug":"barnum-seche-cheveux-magnesium-noir-diffuseur-2000w","status":"publish","type":"product","link":"https:\/\/cheveuxluxe.com\/index.php\/product\/barnum-seche-cheveux-magnesium-noir-diffuseur-2000w\/","title":{"rendered":"Barnum S\u00e8che-cheveux Magnesium Noir &#038; Diffuseur 2000W"},"content":{"rendered":"<div class=\"product-content_bottom\">\n<div class=\"pdp-info\">\n<div class=\"pdp-tabs tab-container\">\n<div class=\"tab js-tab\">\n<h3 class=\"tab-title pdp-tabs_title js-tab-mobile-title open\"><span>Points cl\u00e9s<\/span><\/h3>\n<div class=\"tab-description pdp-tabs_description js-tab-description open\" itemprop=\"description\">\n<ul>\n<li> Technologie \u00ab Advanced Magnesium \u00bb <\/li>\n<li>L\u00e9g\u00e8ret\u00e9 <\/li>\n<li>3 temp\u00e9ratures <\/li>\n<li>2 vitesses <\/li>\n<\/ul>\n<\/div>\n<\/div>\n<div class=\"tab js-tab\">\n<h3 class=\"tab-title pdp-tabs_title js-tab-mobile-title\"><span>Description<\/span><\/h3>\n<div class=\"tab-description pdp-tabs_description js-tab-description\" itemprop=\"description\">Pour des cheveux plus sains et visiblement plus brillants, choisissez la gamme Magnesium de Barnum ! Ce s\u00e8che-cheveux professionnel puise sa force dans deux innovations exclusives d\u00e9velopp\u00e9es par la marque :\u00ab Advanced Magnesium \u00bb, pour un coiffage en toute souplesse gr\u00e2ce au magn\u00e9sium inject\u00e9 dans les embouts, diffuseurs et grille, qui r\u00e9duit consid\u00e9rablement le temps de s\u00e9chageet \u00ab Ceramic Ball Air \u00bb, une technologie qui produit en flux constant plus de 3 millions d\u2019ions n\u00e9gatifs, pour r\u00e9duire les frisottis et rendre les cheveux plus soyeux.Ergonomique avec sa finition \u00ab Soft Touch \u00bb de luxe, ce s\u00e8che-cheveux de 2000W est livr\u00e9 avec 2 embouts. Ses 2 vitesses, sa temp\u00e9rature r\u00e9glable en 3 niveaux et son bouton air froid instantan\u00e9 en font un outil id\u00e9al pour travailler en toute pr\u00e9cision. Sa l\u00e9g\u00e8ret\u00e9 (490 grammes), son moteur professionnel AC et son cordon de 3 m\u00e8tres vous permettent de l\u2019utiliser au quotidien dans votre salon.Le petit plus ? Cet \u00e9quipement est fabriqu\u00e9 avec un corps \u00e0 double paroi, qui r\u00e9siste aux chocs ainsi qu\u2019\u00e0 la chaleur.<\/div>\n<\/div>\n<div class=\"tab js-tab\">\n<h3 class=\"tab-title pdp-tabs_title js-tab-mobile-title\"><span>Mode d&#8217;emploi<\/span><\/h3>\n<div class=\"tab-description pdp-tabs_description js-tab-description\">Pour \u00e9viter d\u2019ab\u00eemer la chevelure, nous vous conseillons de la pr\u00e9s\u00e9cher, en enlevant l\u2019exc\u00e8s d\u2019humidit\u00e9 avec une serviette. Adaptez la temp\u00e9rature de votre s\u00e8che-cheveux aux caract\u00e9ristiques capillaires de votre client \u2014 plus la chevelure est fine, moins la temp\u00e9rature devra \u00eatre \u00e9lev\u00e9e.Le bec est utilis\u00e9 pour chauffer un point pr\u00e9cis, il est donc pr\u00e9conis\u00e9 pour les brushings, l\u00e0 o\u00f9 le diffuseur sera pr\u00e9f\u00e9r\u00e9 pour les boucles.<\/div>\n<\/div>\n<div class=\"tab js-tab\">\n<h3 class=\"tab-title pdp-tabs_title js-tab-mobile-title\"><span>Livraison et stock<\/span><\/h3>\n<div class=\"tab-description pdp-tabs_description js-tab-description\">\n<div class=\"pdp-delivery_info\">\n<div class=\"content-asset\">Livraison et d\u00e9laisRetours et remboursements<\/div>\n<\/div>\n<\/div>\n<\/div>\n<\/div>\n<\/div>\n<\/div>\n","protected":false},"excerpt":{"rendered":"<p>Points cl\u00e9s Technologie \u00ab Advanced Magnesium \u00bb L\u00e9g\u00e8ret\u00e9 3 temp\u00e9ratures 2 vitesses Description Pour des&hellip;<\/p>\n","protected":false},"featured_media":19095,"comment_status":"open","ping_status":"closed","template":"","meta":[],"pwb-brand":[633],"product_cat":[438],"product_tag":[420,177,184],"class_list":{"0":"post-27794","1":"product","2":"type-product","3":"status-publish","4":"has-post-thumbnail","6":"pwb-brand-barnum","7":"product_cat-seche-cheveux","8":"product_tag-barnum","9":"product_tag-electro-et-materiel","10":"product_tag-seche-cheveux","12":"first","13":"instock","14":"taxable","15":"shipping-taxable","16":"purchasable","17":"product-type-simple","18":"layout-style-3","19":"col-md-4 col-sm-4 col-xs-6","20":"col-lg-3","21":"product-style-default"},"aioseo_notices":[],"brands":[{"id":633,"name":"Barnum","slug":"barnum"}],"_links":{"self":[{"href":"https:\/\/cheveuxluxe.com\/index.php\/wp-json\/wp\/v2\/product\/27794","targetHints":{"allow":["GET"]}}],"collection":[{"href":"https:\/\/cheveuxluxe.com\/index.php\/wp-json\/wp\/v2\/product"}],"about":[{"href":"https:\/\/cheveuxluxe.com\/index.php\/wp-json\/wp\/v2\/types\/product"}],"replies":[{"embeddable":true,"href":"https:\/\/cheveuxluxe.com\/index.php\/wp-json\/wp\/v2\/comments?post=27794"}],"version-history":[{"count":0,"href":"https:\/\/cheveuxluxe.com\/index.php\/wp-json\/wp\/v2\/product\/27794\/revisions"}],"wp:featuredmedia":[{"embeddable":true,"href":"https:\/\/cheveuxluxe.com\/index.php\/wp-json\/wp\/v2\/media\/19095"}],"wp:attachment":[{"href":"https:\/\/cheveuxluxe.com\/index.php\/wp-json\/wp\/v2\/media?parent=27794"}],"wp:term":[{"taxonomy":"pwb-brand","embeddable":true,"href":"https:\/\/cheveuxluxe.com\/index.php\/wp-json\/wp\/v2\/pwb-brand?post=27794"},{"taxonomy":"product_cat","embeddable":true,"href":"https:\/\/cheveuxluxe.com\/index.php\/wp-json\/wp\/v2\/product_cat?post=27794"},{"taxonomy":"product_tag","embeddable":true,"href":"https:\/\/cheveuxluxe.com\/index.php\/wp-json\/wp\/v2\/product_tag?post=27794"}],"curies":[{"name":"wp","href":"https:\/\/api.w.org\/{rel}","templated":true}]}}