{"id":27861,"date":"2024-04-09T21:05:55","date_gmt":"2024-04-09T21:05:55","guid":{"rendered":"https:\/\/cheveuxluxe.com\/index.php\/product\/barnum-lisseur-advanced-magnesium-1-5\/"},"modified":"2024-04-13T13:44:17","modified_gmt":"2024-04-13T13:44:17","slug":"barnum-lisseur-advanced-magnesium-1-5","status":"publish","type":"product","link":"https:\/\/cheveuxluxe.com\/index.php\/product\/barnum-lisseur-advanced-magnesium-1-5\/","title":{"rendered":"Barnum Lisseur Advanced Magnesium 1.5&Prime;"},"content":{"rendered":"<div class=\"product-content_bottom\">\n<div class=\"pdp-info\">\n<div class=\"pdp-tabs tab-container\">\n<div class=\"tab js-tab\">\n<h3 class=\"tab-title pdp-tabs_title js-tab-mobile-title open\"><span>Points cl\u00e9s<\/span><\/h3>\n<div class=\"tab-description pdp-tabs_description js-tab-description open\" itemprop=\"description\">Nouvelle technologie \u2018Advanced Magn\u00e9sium\u2019 Plaques flottantes en magn\u00e9sium noir R\u00e9glage de temp\u00e9rature variable de 100\u00b0 \u00e0 230\u00b0C (18 niveaux) Double Voltage 110-240V Chauffe et refroidit rapidement Convient \u00e9galement pour cr\u00e9er des boucles Fonction d&rsquo;arr\u00eat automatique apr\u00e8s 45 minutes Extr\u00e9mit\u00e9s r\u00e9sistantes \u00e0 la chaleur Finition \u2018Soft Touch\u2019 de luxe, r\u00e9sistante \u00e0 la chaleur Cordon professionnel de 2.8m, durable Disponible en 2 tailles: 1&Prime;&amp; 1,5&Prime;<\/div>\n<\/div>\n<div class=\"tab js-tab\">\n<h3 class=\"tab-title pdp-tabs_title js-tab-mobile-title\"><span>Description<\/span><\/h3>\n<div class=\"tab-description pdp-tabs_description js-tab-description\" itemprop=\"description\">Technologie &lsquo;Advanced Magnesium&rsquo;: pr\u00e9serve l&rsquo;hydratation naturelle des cheveux, les rend plus brillants et plus sains. Plaques flottantes en magn\u00e9sium: pour un lissage sans effort et un maximum de brillance. G\u00e9n\u00e9rateur d&rsquo;ions: r\u00e9duit les frisottis pour des cheveux soyeux et doux au toucher. Convient \u00e9galement pour cr\u00e9er des boucles: bords arrondis. Fonction anti-bact\u00e9rienne: nano-argent.<\/div>\n<\/div>\n<div class=\"tab js-tab\">\n<h3 class=\"tab-title pdp-tabs_title js-tab-mobile-title\"><span>Livraison et stock<\/span><\/h3>\n<div class=\"tab-description pdp-tabs_description js-tab-description\">\n<div class=\"pdp-delivery_info\">\n<div class=\"content-asset\">Livraison et d\u00e9laisRetours et remboursements<\/div>\n<\/div>\n<\/div>\n<\/div>\n<\/div>\n<\/div>\n<\/div>\n","protected":false},"excerpt":{"rendered":"<p>Points cl\u00e9s Nouvelle technologie \u2018Advanced Magn\u00e9sium\u2019 Plaques flottantes en magn\u00e9sium noir R\u00e9glage de temp\u00e9rature variable&hellip;<\/p>\n","protected":false},"featured_media":27857,"comment_status":"open","ping_status":"closed","template":"","meta":[],"pwb-brand":[633],"product_cat":[448],"product_tag":[420,177,449],"class_list":{"0":"post-27861","1":"product","2":"type-product","3":"status-publish","4":"has-post-thumbnail","6":"pwb-brand-barnum","7":"product_cat-lisseurs","8":"product_tag-barnum","9":"product_tag-electro-et-materiel","10":"product_tag-lisseurs","12":"first","13":"instock","14":"taxable","15":"shipping-taxable","16":"purchasable","17":"product-type-simple","18":"layout-style-3","19":"col-md-4 col-sm-4 col-xs-6","20":"col-lg-3","21":"product-has-gallery","22":"product-style-default"},"aioseo_notices":[],"brands":[{"id":633,"name":"Barnum","slug":"barnum"}],"_links":{"self":[{"href":"https:\/\/cheveuxluxe.com\/index.php\/wp-json\/wp\/v2\/product\/27861","targetHints":{"allow":["GET"]}}],"collection":[{"href":"https:\/\/cheveuxluxe.com\/index.php\/wp-json\/wp\/v2\/product"}],"about":[{"href":"https:\/\/cheveuxluxe.com\/index.php\/wp-json\/wp\/v2\/types\/product"}],"replies":[{"embeddable":true,"href":"https:\/\/cheveuxluxe.com\/index.php\/wp-json\/wp\/v2\/comments?post=27861"}],"version-history":[{"count":0,"href":"https:\/\/cheveuxluxe.com\/index.php\/wp-json\/wp\/v2\/product\/27861\/revisions"}],"wp:featuredmedia":[{"embeddable":true,"href":"https:\/\/cheveuxluxe.com\/index.php\/wp-json\/wp\/v2\/media\/27857"}],"wp:attachment":[{"href":"https:\/\/cheveuxluxe.com\/index.php\/wp-json\/wp\/v2\/media?parent=27861"}],"wp:term":[{"taxonomy":"pwb-brand","embeddable":true,"href":"https:\/\/cheveuxluxe.com\/index.php\/wp-json\/wp\/v2\/pwb-brand?post=27861"},{"taxonomy":"product_cat","embeddable":true,"href":"https:\/\/cheveuxluxe.com\/index.php\/wp-json\/wp\/v2\/product_cat?post=27861"},{"taxonomy":"product_tag","embeddable":true,"href":"https:\/\/cheveuxluxe.com\/index.php\/wp-json\/wp\/v2\/product_tag?post=27861"}],"curies":[{"name":"wp","href":"https:\/\/api.w.org\/{rel}","templated":true}]}}