{"id":27870,"date":"2024-04-09T21:06:00","date_gmt":"2024-04-09T21:06:00","guid":{"rendered":"https:\/\/cheveuxluxe.com\/index.php\/product\/proxelli-lisseur-professionnel-leya-technologie-nano-silk\/"},"modified":"2024-04-13T14:23:54","modified_gmt":"2024-04-13T14:23:54","slug":"proxelli-lisseur-professionnel-leya-technologie-nano-silk","status":"publish","type":"product","link":"https:\/\/cheveuxluxe.com\/index.php\/product\/proxelli-lisseur-professionnel-leya-technologie-nano-silk\/","title":{"rendered":"Proxelli Lisseur Professionnel Leya Technologie Nano Silk"},"content":{"rendered":"<div class=\"product-content_bottom\">\n<div class=\"pdp-info\">\n<div class=\"pdp-tabs tab-container\">\n<div class=\"tab js-tab\">\n<h3 class=\"tab-title pdp-tabs_title js-tab-mobile-title open\"><span>Points cl\u00e9s<\/span><\/h3>\n<div class=\"tab-description pdp-tabs_description js-tab-description open\" itemprop=\"description\">\n<ul>\n<li>\u00c9cran LED num\u00e9rique<\/li>\n<li>Technologie NANO Silk: prot\u00e8ge la fibre capillaire de la d\u00e9shydratation en maintenant l\u2019humidit\u00e9 au coeur du cheveu.<\/li>\n<li>Plaques flottantes (90 x 24 mm)<\/li>\n<li>Allumage rapide: env. 35-45 secondes<\/li>\n<li>Mode arr\u00eat auto: 30 min<\/li>\n<\/ul>\n<\/div>\n<\/div>\n<div class=\"tab js-tab\">\n<h3 class=\"tab-title pdp-tabs_title js-tab-mobile-title\"><span>Description<\/span><\/h3>\n<div class=\"tab-description pdp-tabs_description js-tab-description\" itemprop=\"description\">\u00c9cran LED num\u00e9rique<br \/>Chauffage c\u00e9ramique MCH<br \/>Technologie NANO Silk: prot\u00e8ge la fibre capillaire de la d\u00e9shydratation en maintenant l\u2019humidit\u00e9 au coeur du cheveu.<br \/>Plaques flottantes (90 x 24 mm)<br \/>Les plaques r\u00e9partissent la chaleur uniform\u00e9ment sur toute la surface<br \/>Allumage rapide: env. 35-45 secondes<br \/>La fonction de m\u00e9morisation de la temp\u00e9rature revient au dernier r\u00e9glage de la temp\u00e9rature<br \/>Mode arr\u00eat auto: 30 min<br \/>Cordon \u00e9lectrique pivotant \u00e0 360\u00b0 et extra long (3 m)<br \/>Peut aussi \u00eatre utilis\u00e9 pour cr\u00e9er des boucles ou des ondulations<br \/>Puissance: 220-240 V CA, 50\/60Hz, 38W<br \/>Pochette include<\/div>\n<\/div>\n<div class=\"tab js-tab\">\n<h3 class=\"tab-title pdp-tabs_title js-tab-mobile-title\"><span>Mode d&#8217;emploi<\/span><\/h3>\n<div class=\"tab-description pdp-tabs_description js-tab-description\">EMPLOI<br \/>Lorsqu\u2019un appareil \u00e9lectrique est utilis\u00e9, particuli\u00e8rement en la pr\u00e9sence d\u2019enfants, des r\u00e8gles de s\u00e9curit\u00e9 de base doivent toujours \u00eatre observ\u00e9es.<br \/>Attention: Une fois sous tension, cet appareil est chaud. Ne laissez les surfaces chaudes entrer en contact ni avec les yeux, ni avec la peau nue.<br \/>Lorsque l\u2019appareil est pr\u00eat \u00e0 l\u2019emploi, branchez-le dans une prise \u00e9lectrique ad\u00e9quate.<br \/>L\u2019appareil ne doit pas \u00eatre pr\u00e9chauff\u00e9.<br \/>Posez toujours l\u2019appareil sur une surface solide, plane et r\u00e9sistante \u00e0 la chaleur. \u00c9vitez de le placer sur des surfaces souples ou in\u00e9gales comme un tapis, une carpette ou de la literie, et ne le couvrez jamais. Les plaques atteignent une temp\u00e9rature \u00e9lev\u00e9e en peu de temps.<br \/>Pulv\u00e9risez sur les cheveux un produit prot\u00e9geant de la chaleur et assurant brillance, protection et coiffage durable.<br \/>Allumez l\u2019appareil en d\u00e9pla\u00e7ant l\u2019interrupteur ON\/OFF et en faisant pivoter la roulette de temp\u00e9rature (4), puis r\u00e9glez sur la temp\u00e9rature d\u00e9sir\u00e9e, entre 120\u00b0C et 230\u00b0C, en actionnant cette m\u00eame roulette.<br \/>Cet appareil est \u00e9quip\u00e9 d\u2019une fonction \u00ab Extinction automatique \u00bb gr\u00e2ce \u00e0 laquelle il s\u2019\u00e9teint automatiquement au bout d\u20191 heure environ. Pour le rallumer ensuite, placez le bouton sur Off, puis \u00e0 nouveau sur On, en utilisant l\u2019interrupteur On\/Off. Ne vous fi ez pas \u00e0 la fonction \u00ab Extinction automatique \u00bb pour \u00e9teindre l\u2019appareil apr\u00e8s usage. \u00c9teignez-le toujours en utilisant l\u2019interrupteur On\/Off et d\u00e9branchez-le de la prise \u00e9lectrique.<br \/>Si le t\u00e9moin de mise sous tension clignote, l\u2019appareil peut pr\u00e9senter un dysfonctionnement.<br \/>Prenez une m\u00e8che de cheveux de 5 cm de large environ et lissez-la \u00e0 l\u2019aide d\u2019une brosse.<br \/>Placez cette m\u00e8che de cheveux entre les plaques de l\u2019appareil et rabattez les plaques l\u2019une sur l\u2019autre. Prenez garde de ne pas toucher les plaques chaudes.<br \/>Maintenez l\u2019appareil en place jusqu\u2019\u00e0 ce que les cheveux soient bien chauff\u00e9s, c\u2019est-\u00e0-dire tr\u00e8s peu de temps. Assurez-vous que le bout de vos doigts est \u00e0 bonne distance des plaques chauff\u00e9es lorsque vous tenez l\u2019appareil.<br \/>Une fois que les cheveux sont chauff\u00e9s, faites prudemment glisser les plaques le long de la m\u00e8che s\u00e9lectionn\u00e9e, en maintenant celle-ci tendue, jusqu\u2019\u00e0 son extr\u00e9mit\u00e9, en un geste souple.<br \/>Maintenez les m\u00e8ches bien tendues pendant que vous op\u00e9rez, pour \u00e9viter de faire des crans.<br \/>Pour obtenir des boucles ou une vague, placez une m\u00e8che de cheveux entre les plaques et tournez l\u2019appareil dans le sens d\u00e9sir\u00e9. Glissez l\u2019appareil tout en le tournant de la racine jusqu\u2019\u00e0 la pointe, en maintenant simultan\u00e9ment la tension sur la boucle.<\/p>\n<p>NETTOYAGE<br \/>D\u00e9branchez l\u2019appareil avant de le nettoyer.<br \/>Utilisez un chiffon humide pour nettoyer les plaques et l\u2019ext\u00e9rieur de l\u2019appareil. L\u2019appareil ne n\u00e9cessite aucun autre entretien.<br \/>Cet appareil ne poss\u00e8de aucune pi\u00e8ce \u00e0 entretenir par l\u2019utilisateur.<\/p>\n<p>RANGEMENT<br \/>D\u00e9branchez toujours l\u2019appareil quand il n\u2019est pas utilis\u00e9.<br \/>Laissez-le refroidir, puis rangez-le hors de port\u00e9e des enfants, dans un endroit s\u00fbr et sec. N\u2019enroulez jamais le cordon \u00e9lectrique autour de l\u2019appareil, car ceci entra\u00eenerait son usure pr\u00e9matur\u00e9e et sa rupture non couverte par la garantie.<br \/>Manipulez le cordon avec pr\u00e9caution et \u00e9vitez de le tirer, de le tordre ou de le tendre \u00e0 l\u2019exc\u00e8s, surtout au niveau des raccordements.<\/div>\n<\/div>\n<div class=\"tab js-tab\">\n<h3 class=\"tab-title pdp-tabs_title js-tab-mobile-title\"><span>Livraison et stock<\/span><\/h3>\n<div class=\"tab-description pdp-tabs_description js-tab-description\">\n<div class=\"pdp-delivery_info\">\n<div class=\"content-asset\">Livraison et d\u00e9laisRetours et remboursements<\/div>\n<\/div>\n<\/div>\n<\/div>\n<div class=\"tab js-tab\">\n<h3 class=\"tab-title pdp-tabs_title js-tab-mobile-title\"><span>Pr\u00e9cautions d&#8217;emploi<\/span><\/h3>\n<div class=\"tab-description pdp-tabs_description js-tab-description\">CONSIGNES DE S\u00c9CURIT\u00c9<br \/>Lorsque vous utilisez cet appareil \u00e9lectrique, en particulier en pr\u00e9sence d\u2019enfants, les pr\u00e9cautions de base doivent toujours \u00eatre observ\u00e9es. <br \/>Cet appareil peut \u00eatre utilis\u00e9 par les enfants \u00e0 partir de l\u2019\u00e2ge de 8 ans et les personnes ayant des capacit\u00e9s physiques, sensorielles ou mentales r\u00e9duites, ou ayant un manque d\u2019exp\u00e9rience et de connaissances, si elles sont supervis\u00e9es ou qu\u2019elles ont \u00e9t\u00e9 form\u00e9es \u00e0 l\u2019utilisation de l\u2019appareil en toute s\u00e9curit\u00e9 et qu\u2019elles comprennent les risques associ\u00e9s.<br \/>Les enfants ne doivent pas jouer avec l\u2019appareil.<br \/>Le nettoyage et les op\u00e9rations d\u2019entretien de l\u2019utilisateur ne doivent pas \u00eatre effectu\u00e9s par des enfants sans surveillance.<br \/>Veuillez utiliser cet appareil uniquement pour l\u2019usage pr\u00e9vu. <br \/>Ne pas utiliser avec un convertisseur de tension.<br \/>Danger ! Choc \u00e9lectrique d\u00fb \u00e0 des dommages caus\u00e9s \u00e0 l\u2019appareil<br \/>N\u2019utilisez pas l\u2019appareil si un c\u00e2ble ou une fiche est endommag\u00e9(e) ou en cas de dysfonctionnement de l\u2019appareil ou si ce dernier tombe ou est endommag\u00e9 d\u2019une fa\u00e7on quelconque.<br \/>Si le cordon d\u2019alimentation est endommag\u00e9, il doit \u00eatre remplac\u00e9 par le fabricant ou son agent de maintenance ou toute autre personne qualifi\u00e9e de fa\u00e7on \u00e0 \u00e9viter tout danger \u00e9ventuel. <br \/>Ne laissez pas le cordon pendre au bord de la surface de travail et ne le laissez pas en contact avec des surfaces chaudes. <\/p>\n<p>AVERTISSEMENT :<br \/>N\u2019utilisez pas cet appareil \u00e0 proximit\u00e9 d\u2019une baignoire, d\u2019une douche, d\u2019un lavabo ou de tout autre r\u00e9cipient contenant de l\u2019eau.<br \/>Danger ! Choc \u00e9lectrique d\u00fb \u00e0 la p\u00e9n\u00e9tration d\u2019un liquide<br \/>Afin d\u2019\u00e9viter tout risque d\u2019\u00e9lectrocution, ne plongez jamais l\u2019appareil dans l\u2019eau ou ne le laissez pas en contact avec de l\u2019eau ou d\u2019autres liquides. N\u2019utilisez pas l\u2019appareil avec les mains mouill\u00e9es. Si l\u2019appareil est mouill\u00e9 ou tombe dans l\u2019eau, d\u00e9branchez imm\u00e9diatement la fiche de la prise de courant. Ne mettez pas vos mains dans l\u2019eau.<br \/>Lors d\u2019une utilisation dans la salle de bain, d\u00e9branchez l\u2019appareil apr\u00e8s usage, la proximit\u00e9 de l\u2019eau \u00e9tant susceptible de pr\u00e9senter un risque m\u00eame lorsque l\u2019appareil est \u00e9teint.<br \/>Pour davantage de protection, l\u2019installation d\u2019un dispositif \u00e0 courant r\u00e9siduel (RDC) ayant un courant de fonctionnement r\u00e9siduel nominal ne d\u00e9passant pas 30 mA est conseill\u00e9e dans le circuit \u00e9lectrique alimentant la salle de bains. Demandez conseil \u00e0 l\u2019installateur. L\u2019installation de l\u2019appareil et son utilisation doivent cependant \u00eatre conformes aux normes en vigueur dans votre pays.<br \/>Avertissement ! Blessures dues \u00e0 une mauvaise manipulation <br \/>\u00c9teignez l\u2019appareil et d\u00e9branchez-le de la prise lorsqu\u2019il n\u2019est pas en service, avant d\u2019installer ou de retirer des accessoires et \u00e9galement avant de nettoyer l\u2019appareil.<br \/>Veillez tout particuli\u00e8rement \u00e0 \u00e9viter tout contact direct avec la peau, le visage et le cou. <br \/>Attention ! Risque d\u2019endommagement de l\u2019appareil <br \/>N\u2019utilisez jamais l\u2019appareil sans faire attention ! <br \/>D\u00e9branchez syst\u00e9matiquement l\u2019appareil lorsqu\u2019il n\u2019est pas en service ou qu\u2019il est laiss\u00e9 sans surveillance. <br \/>N\u2019enroulez pas le cordon autour de l\u2019appareil. <br \/>N\u2019utilisez pas l\u2019appareil \u00e0 l\u2019ext\u00e9rieur ou dans des locaux humides. <br \/>Ne portez jamais l\u2019appareil en le tenant par son cordon d\u2019alimentation.<br \/>L\u2019utilisation peut entra\u00eener une chauffe de l\u2019appareil et des accessoires. Tenez-les \u00e0 l\u2019\u00e9cart des surfaces non r\u00e9sistantes \u00e0 la chaleur. Tenez-les \u00e0 l\u2019\u00e9cart de tout v\u00eatement, papier ou autre objet combustible et ne les couvrez pas.<br \/>Laissez l\u2019appareil refroidir avant de le ranger.<\/p>\n<p>ENTRETIEN ET NETTOYAGE <br \/>D\u00e9branchez toujours l\u2019appareil de la prise et laissez-le refroidir compl\u00e8tement avant toute op\u00e9ration de nettoyage. <br \/>N\u2019utilisez pas de produits abrasifs ni de brosses \u00e0 r\u00e9curer. N\u2019utilisez pas d\u2019alcool ni de solvants.<br \/>N\u2019immergez jamais l\u2019appareil dans l\u2019eau ou tout autre liquide.<\/div>\n<\/div>\n<\/div>\n<\/div>\n<\/div>\n","protected":false},"excerpt":{"rendered":"<p>Points cl\u00e9s \u00c9cran LED num\u00e9rique Technologie NANO Silk: prot\u00e8ge la fibre capillaire de la d\u00e9shydratation&hellip;<\/p>\n","protected":false},"featured_media":19361,"comment_status":"open","ping_status":"closed","template":"","meta":[],"pwb-brand":[665],"product_cat":[612],"product_tag":[613,395,127],"class_list":{"0":"post-27870","1":"product","2":"type-product","3":"status-publish","4":"has-post-thumbnail","6":"pwb-brand-proxelli","7":"product_cat-essentiels-coiffure-pour-etudiants","8":"product_tag-essentiels-coiffure-pour-etudiants","9":"product_tag-proxelli","10":"product_tag-shampooing-et-coiffure","12":"first","13":"instock","14":"taxable","15":"shipping-taxable","16":"purchasable","17":"product-type-simple","18":"layout-style-3","19":"col-md-4 col-sm-4 col-xs-6","20":"col-lg-3","21":"product-has-gallery","22":"product-style-default"},"aioseo_notices":[],"brands":[{"id":665,"name":"Proxelli","slug":"proxelli"}],"_links":{"self":[{"href":"https:\/\/cheveuxluxe.com\/index.php\/wp-json\/wp\/v2\/product\/27870","targetHints":{"allow":["GET"]}}],"collection":[{"href":"https:\/\/cheveuxluxe.com\/index.php\/wp-json\/wp\/v2\/product"}],"about":[{"href":"https:\/\/cheveuxluxe.com\/index.php\/wp-json\/wp\/v2\/types\/product"}],"replies":[{"embeddable":true,"href":"https:\/\/cheveuxluxe.com\/index.php\/wp-json\/wp\/v2\/comments?post=27870"}],"version-history":[{"count":0,"href":"https:\/\/cheveuxluxe.com\/index.php\/wp-json\/wp\/v2\/product\/27870\/revisions"}],"wp:featuredmedia":[{"embeddable":true,"href":"https:\/\/cheveuxluxe.com\/index.php\/wp-json\/wp\/v2\/media\/19361"}],"wp:attachment":[{"href":"https:\/\/cheveuxluxe.com\/index.php\/wp-json\/wp\/v2\/media?parent=27870"}],"wp:term":[{"taxonomy":"pwb-brand","embeddable":true,"href":"https:\/\/cheveuxluxe.com\/index.php\/wp-json\/wp\/v2\/pwb-brand?post=27870"},{"taxonomy":"product_cat","embeddable":true,"href":"https:\/\/cheveuxluxe.com\/index.php\/wp-json\/wp\/v2\/product_cat?post=27870"},{"taxonomy":"product_tag","embeddable":true,"href":"https:\/\/cheveuxluxe.com\/index.php\/wp-json\/wp\/v2\/product_tag?post=27870"}],"curies":[{"name":"wp","href":"https:\/\/api.w.org\/{rel}","templated":true}]}}