{"id":27875,"date":"2024-04-09T21:06:08","date_gmt":"2024-04-09T21:06:08","guid":{"rendered":"https:\/\/cheveuxluxe.com\/index.php\/product\/babyliss-pro-lisseur-ultrasonic-coolmist\/"},"modified":"2024-04-13T16:17:32","modified_gmt":"2024-04-13T16:17:32","slug":"babyliss-pro-lisseur-ultrasonic-coolmist","status":"publish","type":"product","link":"https:\/\/cheveuxluxe.com\/index.php\/product\/babyliss-pro-lisseur-ultrasonic-coolmist\/","title":{"rendered":"BaByliss Pro Lisseur Ultrasonic CoolMist"},"content":{"rendered":"<div class=\"product-content_bottom\">\n<div class=\"pdp-info\">\n<div class=\"pdp-tabs tab-container\">\n<div class=\"tab js-tab\">\n<h3 class=\"tab-title pdp-tabs_title js-tab-mobile-title open\"><span>Points cl\u00e9s<\/span><\/h3>\n<div class=\"tab-description pdp-tabs_description js-tab-description open\" itemprop=\"description\">\n<ul>\n<li> Micro brume froide<\/li>\n<li>Hydratation maximale<\/li>\n<li>Lissage instantan\u00e9 <\/li>\n<li>Temp\u00e9rature contr\u00f4l\u00e9e <\/li>\n<\/ul>\n<\/div>\n<\/div>\n<div class=\"tab js-tab\">\n<h3 class=\"tab-title pdp-tabs_title js-tab-mobile-title\"><span>Description<\/span><\/h3>\n<div class=\"tab-description pdp-tabs_description js-tab-description\" itemprop=\"description\">En diffusant une micro brume froide de mani\u00e8re homog\u00e8ne directement sur ses plaques, ce fer \u00e0 lisser vous promet des cheveux hydrat\u00e9s et visiblement plus souples et brillants, d\u00e8s la premi\u00e8re utilisation.Ses plaques fabriqu\u00e9es avec l\u2019EP Technology 5.0 offrent \u00e0 cet \u00e9quipement une long\u00e9vit\u00e9 hors pair, tout en facilitant votre travail au quotidien. Choisir ce fer BaBylissPro\u00ae, c\u2019est vous assurer des coiffures sans effort : ses plaques glissent sans friction sur la fibre capillaire.Pour un contr\u00f4le total vous pouvez activer ou non l\u2019option brumisation ultrasonique, et r\u00e9gler les 5 niveaux de temp\u00e9rature. Enfin, gr\u00e2ce \u00e0 son affichage digital vous ma\u00eetrisez \u00e0 tout moment la temp\u00e9rature. L\u2019innovation Advanced Heat Management\u2122 system vous garantit une mise \u00e0 temp\u00e9rature imm\u00e9diate et stable jusqu\u2019\u00e0 230 \u00b0C.On aime : la vitalit\u00e9 et la brillance des cheveux \u00e0 la fin du coiffage !<\/div>\n<\/div>\n<div class=\"tab js-tab\">\n<h3 class=\"tab-title pdp-tabs_title js-tab-mobile-title\"><span>Mode d&#8217;emploi<\/span><\/h3>\n<div class=\"tab-description pdp-tabs_description js-tab-description\">Pr\u00e9parez les cheveux en les lavant avec un shampooing hydratant. Notre conseil de pro : appliquez un masque thermoprotecteur et une base lissante, deux soins indispensables pour une fibre capillaire renforc\u00e9e !S\u00e9parez la chevelure, et lissez m\u00e8che par m\u00e8che en partant de la nuque. Terminez avec un spray anti-frisottis, pour des cheveux lisses encore plus longtemps !<\/div>\n<\/div>\n<div class=\"tab js-tab\">\n<h3 class=\"tab-title pdp-tabs_title js-tab-mobile-title\"><span>Livraison et stock<\/span><\/h3>\n<div class=\"tab-description pdp-tabs_description js-tab-description\">\n<div class=\"pdp-delivery_info\">\n<div class=\"content-asset\">Livraison et d\u00e9laisRetours et remboursements<\/div>\n<\/div>\n<\/div>\n<\/div>\n<\/div>\n<\/div>\n<\/div>\n","protected":false},"excerpt":{"rendered":"<p>Points cl\u00e9s Micro brume froide Hydratation maximale Lissage instantan\u00e9 Temp\u00e9rature contr\u00f4l\u00e9e Description En diffusant une&hellip;<\/p>\n","protected":false},"featured_media":16956,"comment_status":"open","ping_status":"closed","template":"","meta":[],"pwb-brand":[629],"product_cat":[448],"product_tag":[405,177,449],"class_list":{"0":"post-27875","1":"product","2":"type-product","3":"status-publish","4":"has-post-thumbnail","6":"pwb-brand-babyliss-pro","7":"product_cat-lisseurs","8":"product_tag-babyliss-pro","9":"product_tag-electro-et-materiel","10":"product_tag-lisseurs","12":"first","13":"instock","14":"taxable","15":"shipping-taxable","16":"purchasable","17":"product-type-simple","18":"layout-style-3","19":"col-md-4 col-sm-4 col-xs-6","20":"col-lg-3","21":"product-has-gallery","22":"product-style-default"},"aioseo_notices":[],"brands":[{"id":629,"name":"BaByliss PRO","slug":"babyliss-pro"}],"_links":{"self":[{"href":"https:\/\/cheveuxluxe.com\/index.php\/wp-json\/wp\/v2\/product\/27875","targetHints":{"allow":["GET"]}}],"collection":[{"href":"https:\/\/cheveuxluxe.com\/index.php\/wp-json\/wp\/v2\/product"}],"about":[{"href":"https:\/\/cheveuxluxe.com\/index.php\/wp-json\/wp\/v2\/types\/product"}],"replies":[{"embeddable":true,"href":"https:\/\/cheveuxluxe.com\/index.php\/wp-json\/wp\/v2\/comments?post=27875"}],"version-history":[{"count":0,"href":"https:\/\/cheveuxluxe.com\/index.php\/wp-json\/wp\/v2\/product\/27875\/revisions"}],"wp:featuredmedia":[{"embeddable":true,"href":"https:\/\/cheveuxluxe.com\/index.php\/wp-json\/wp\/v2\/media\/16956"}],"wp:attachment":[{"href":"https:\/\/cheveuxluxe.com\/index.php\/wp-json\/wp\/v2\/media?parent=27875"}],"wp:term":[{"taxonomy":"pwb-brand","embeddable":true,"href":"https:\/\/cheveuxluxe.com\/index.php\/wp-json\/wp\/v2\/pwb-brand?post=27875"},{"taxonomy":"product_cat","embeddable":true,"href":"https:\/\/cheveuxluxe.com\/index.php\/wp-json\/wp\/v2\/product_cat?post=27875"},{"taxonomy":"product_tag","embeddable":true,"href":"https:\/\/cheveuxluxe.com\/index.php\/wp-json\/wp\/v2\/product_tag?post=27875"}],"curies":[{"name":"wp","href":"https:\/\/api.w.org\/{rel}","templated":true}]}}