{"id":27886,"date":"2024-04-09T21:06:35","date_gmt":"2024-04-09T21:06:35","guid":{"rendered":"https:\/\/cheveuxluxe.com\/index.php\/product\/ghd-classic-curl-tong-fer-a-boucler\/"},"modified":"2024-04-13T15:47:21","modified_gmt":"2024-04-13T15:47:21","slug":"ghd-classic-curl-tong-fer-a-boucler","status":"publish","type":"product","link":"https:\/\/cheveuxluxe.com\/index.php\/product\/ghd-classic-curl-tong-fer-a-boucler\/","title":{"rendered":"ghd Classic Curl Tong Fer \u00e0 Boucler"},"content":{"rendered":"<div class=\"product-content_bottom\">\n<div class=\"pdp-info\">\n<div class=\"pdp-tabs tab-container\">\n<div class=\"tab js-tab\">\n<h3 class=\"tab-title pdp-tabs_title js-tab-mobile-title open\"><span>Points cl\u00e9s<\/span><\/h3>\n<div class=\"tab-description pdp-tabs_description js-tab-description open\" itemprop=\"description\">\n<ul>\n<li>Boucles sublimes en 5 \u00e0 8 secondes<\/li>\n<li>Temp\u00e9rature de coiffage optimale et unique de 185\u00b0C<\/li>\n<li>Technologie ultra-zone qui pr\u00e9dit les besoins de vos cheveux Diam\u00e8tre de 26mm Pr\u00eat en 25 secondes<\/li>\n<li>Rev\u00eatement c\u00e9ramique Support de s\u00e9curit\u00e9 et extr\u00e9mit\u00e9 anti-chaleur<\/li>\n<li>Mode veille automatique Cordon professionnel extra-long de 2,7m<\/li>\n<li>Voltage universel<\/li>\n<li>Garantie 2 ans<\/li>\n<\/ul>\n<\/div>\n<\/div>\n<div class=\"tab js-tab\">\n<h3 class=\"tab-title pdp-tabs_title js-tab-mobile-title\"><span>Description<\/span><\/h3>\n<div class=\"tab-description pdp-tabs_description js-tab-description\" itemprop=\"description\">\n<p>Laissez-vous s\u00e9duire par le boucleur ghd curve\u00ae classic curl tong et offrez le meilleur pour vos cheveux. Obtenez un r\u00e9sultat digne d&rsquo;un salon de coiffure gr\u00e2ce \u00e0 ce boucleur professionnel qui donnera vie \u00e0 toutes vos envies de coiffages.<\/p>\n<p><strong>R\u00e9sultats <\/strong>: boucles sublimes et uniformes, avec du volume Id\u00e9al pour : tous types et toutes longueurs de cheveux, m\u00eame courts.<\/p>\n<p><strong>Comment ? <\/strong>Dot\u00e9 d&rsquo;une technologie r\u00e9volutionnaire : la technologie ultra-zone pr\u00e9dictive. Il s&rsquo;adapte \u00e0 votre type de cheveux, votre fa\u00e7on de vous coiffer et pr\u00e9dit les besoins de vos cheveux. Il contr\u00f4le la temp\u00e9rature 250 fois par seconde pour vous assurer une temp\u00e9rature homog\u00e8ne sur toute la surface des plaques. Les outils ghd disposent d&rsquo;une temp\u00e9rature unique de 185\u00b0C, sp\u00e9cialement \u00e9tudi\u00e9e pour coiffer durablement tous les types de cheveux, dans le plus grand respect de la fibre capillaire.<\/p>\n<p><strong>Ce coffret contient <\/strong>: le boucleur ghd curve\u00ae classic curl tong<\/p>\n<\/div>\n<\/div>\n<div class=\"tab js-tab\">\n<h3 class=\"tab-title pdp-tabs_title js-tab-mobile-title\"><span>Mode d&#8217;emploi<\/span><\/h3>\n<div class=\"tab-description pdp-tabs_description js-tab-description\">\n<p>1. Avant de d\u00e9buter votre coiffage, appliquez le spray de maintien ghd sur vos cheveux pour les prot\u00e9ger de la chaleur et pour une tenue prolong\u00e9e de vos boucles et ondulations.<\/p>\n<p>2. Le boucleur ghd curve\u00ae classic curl tong s&rsquo;utilise sur cheveux secs uniquement. Enroulez chaque m\u00e8che autour de votre ghd curve\u00ae et attendez 5 \u00e0 8 secondes.<\/p>\n<p>3. Laissez refroidir quelques instants. Brossez vos boucles \u00e0 l&rsquo;aide de la brosse de coiffage ovale ghd ou d&rsquo;un peigne pour les d\u00e9tendre.<\/p>\n<\/div>\n<\/div>\n<div class=\"tab js-tab\">\n<h3 class=\"tab-title pdp-tabs_title js-tab-mobile-title\"><span>Livraison et stock<\/span><\/h3>\n<div class=\"tab-description pdp-tabs_description js-tab-description\">\n<div class=\"pdp-delivery_info\">\n<div class=\"content-asset\">Livraison et d\u00e9laisRetours et remboursements<\/div>\n<\/div>\n<\/div>\n<\/div>\n<div class=\"tab js-tab\">\n<h3 class=\"tab-title pdp-tabs_title js-tab-mobile-title\"><span>Pr\u00e9cautions d&#8217;emploi<\/span><\/h3>\n<div class=\"tab-description pdp-tabs_description js-tab-description\">MISE EN GARDE: Ne pas utiliser cet appareil pr\u00e8s de l&rsquo;eau. MISE EN GARDE: Ne pas utiliser cet appareil \u00e0 proximit\u00e9 des baignoires, des douches, des lavabos ou autres r\u00e9cipients contenant de l&rsquo;eau. N&rsquo;utilisez jamais l&rsquo;appareil si celui-ci ne fonctionne pas correctement, si le cordon ou la prise sont endommag\u00e9s. Si le c\u00e2ble d&rsquo;alimentation est endommag\u00e9, il doit \u00eatre remplac\u00e9 par le fabricant Jemella Ltd, ou son service apr\u00e8s-vente ou des personnes de qualification similaire afin d&rsquo;\u00e9viter un danger.<\/p>\n<p>Cliquez ici pour les consignes de s\u00e9curit\u00e9<\/p>\n<\/div>\n<\/div>\n<\/div>\n<\/div>\n<\/div>\n","protected":false},"excerpt":{"rendered":"<p>Points cl\u00e9s Boucles sublimes en 5 \u00e0 8 secondes Temp\u00e9rature de coiffage optimale et unique&hellip;<\/p>\n","protected":false},"featured_media":27877,"comment_status":"open","ping_status":"closed","template":"","meta":[],"pwb-brand":[679],"product_cat":[451],"product_tag":[452,177,440],"class_list":{"0":"post-27886","1":"product","2":"type-product","3":"status-publish","4":"has-post-thumbnail","6":"pwb-brand-ghd","7":"product_cat-boucleurs","8":"product_tag-boucleurs","9":"product_tag-electro-et-materiel","10":"product_tag-ghd","12":"first","13":"instock","14":"taxable","15":"shipping-taxable","16":"purchasable","17":"product-type-simple","18":"layout-style-3","19":"col-md-4 col-sm-4 col-xs-6","20":"col-lg-3","21":"product-has-gallery","22":"product-style-default"},"aioseo_notices":[],"brands":[{"id":679,"name":"ghd","slug":"ghd"}],"_links":{"self":[{"href":"https:\/\/cheveuxluxe.com\/index.php\/wp-json\/wp\/v2\/product\/27886","targetHints":{"allow":["GET"]}}],"collection":[{"href":"https:\/\/cheveuxluxe.com\/index.php\/wp-json\/wp\/v2\/product"}],"about":[{"href":"https:\/\/cheveuxluxe.com\/index.php\/wp-json\/wp\/v2\/types\/product"}],"replies":[{"embeddable":true,"href":"https:\/\/cheveuxluxe.com\/index.php\/wp-json\/wp\/v2\/comments?post=27886"}],"version-history":[{"count":0,"href":"https:\/\/cheveuxluxe.com\/index.php\/wp-json\/wp\/v2\/product\/27886\/revisions"}],"wp:featuredmedia":[{"embeddable":true,"href":"https:\/\/cheveuxluxe.com\/index.php\/wp-json\/wp\/v2\/media\/27877"}],"wp:attachment":[{"href":"https:\/\/cheveuxluxe.com\/index.php\/wp-json\/wp\/v2\/media?parent=27886"}],"wp:term":[{"taxonomy":"pwb-brand","embeddable":true,"href":"https:\/\/cheveuxluxe.com\/index.php\/wp-json\/wp\/v2\/pwb-brand?post=27886"},{"taxonomy":"product_cat","embeddable":true,"href":"https:\/\/cheveuxluxe.com\/index.php\/wp-json\/wp\/v2\/product_cat?post=27886"},{"taxonomy":"product_tag","embeddable":true,"href":"https:\/\/cheveuxluxe.com\/index.php\/wp-json\/wp\/v2\/product_tag?post=27886"}],"curies":[{"name":"wp","href":"https:\/\/api.w.org\/{rel}","templated":true}]}}