{"id":28053,"date":"2024-04-09T21:15:34","date_gmt":"2024-04-09T21:15:34","guid":{"rendered":"https:\/\/cheveuxluxe.com\/index.php\/product\/procare-distributeur-de-papier-meches-en-aluminium-24-7\/"},"modified":"2024-04-13T13:45:59","modified_gmt":"2024-04-13T13:45:59","slug":"procare-distributeur-de-papier-meches-en-aluminium-24-7","status":"publish","type":"product","link":"https:\/\/cheveuxluxe.com\/index.php\/product\/procare-distributeur-de-papier-meches-en-aluminium-24-7\/","title":{"rendered":"Procare Distributeur de Papier M\u00e8ches en Aluminium 24\/7"},"content":{"rendered":"<div class=\"product-content_bottom\">\n<div class=\"pdp-info\">\n<div class=\"pdp-delivery_information\"><span class=\"pdp-delivery_label\">Information importante :<\/span> <\/p>\n<p>La recharge de papier aluminium est vendue s\u00e9par\u00e9ment.<br \/>Procare Papier M\u00e8ches en Aluminium 120mmx450m<\/p>\n<\/div>\n<div class=\"pdp-tabs tab-container\">\n<div class=\"tab js-tab\">\n<h3 class=\"tab-title pdp-tabs_title js-tab-mobile-title open\"><span>Points cl\u00e9s<\/span><\/h3>\n<div class=\"tab-description pdp-tabs_description js-tab-description open\" itemprop=\"description\">\n<ul>\n<li>Des papiers m\u00e8ches par simple pression d&rsquo;un bouton<\/li>\n<li>Pr\u00e9pare automatiquement les papiers selon vos sp\u00e9cifications<\/li>\n<li>R\u00e9duit le temps consacr\u00e9 \u00e0 la pr\u00e9paration de la feuille et les pertes<\/li>\n<li>Utilisation rapide et silencieuse<\/li>\n<li>Fonction de longueur personnalis\u00e9e<\/li>\n<\/ul>\n<\/div>\n<\/div>\n<div class=\"tab js-tab\">\n<h3 class=\"tab-title pdp-tabs_title js-tab-mobile-title\"><span>Description<\/span><\/h3>\n<div class=\"tab-description pdp-tabs_description js-tab-description\" itemprop=\"description\">La nouvelle machine 24*7 de Procare est le moyen le plus simple et le plus fiable de pr\u00e9parer vos papiers m\u00e8ches. Il suffit de choisir vos pr\u00e9f\u00e9rences en mati\u00e8re de pliage sur le clavier, de s\u00e9lectionner le nombre de papiers \u00e0 pr\u00e9parer (de 1 \u00e0 50) et d&rsquo;appuyer sur le bouton de d\u00e9marrage. La 24*7 produit alors des papiers parfaitement coup\u00e9s et pli\u00e9s selon vos sp\u00e9cifications, rapidement, silencieusement et sans probl\u00e8me.<\/div>\n<\/div>\n<div class=\"tab js-tab\">\n<h3 class=\"tab-title pdp-tabs_title js-tab-mobile-title\"><span>Mode d&#8217;emploi<\/span><\/h3>\n<div class=\"tab-description pdp-tabs_description js-tab-description\">Branchez la machine sur une prise \u00e9lectrique. Ouvrez le couvercle sup\u00e9rieur de la machine en soulevant le loquet d&rsquo;ouverture et en tirant le couvercle vers le haut. Assurez-vous que le loquet de s\u00e9curit\u00e9 est engag\u00e9 et maintient le couvercle en position d&rsquo;ouverture compl\u00e8te. Ins\u00e9rez la feuille dans les localisateurs situ\u00e9s \u00e0 l&rsquo;int\u00e9rieur du corps de la machine &#8211; le petit c\u00f4t\u00e9 dans le petit localisateur de la machine, le grand c\u00f4t\u00e9 dans le grand localisateur. La feuille va avancer. Tirez la feuille vers l&rsquo;avant pour vous assurer qu&rsquo;elle est tendue et sans plis. La feuille doit d\u00e9passer d&rsquo;environ 5 cm de la l\u00e8vre de la machine pour que le capteur soit couvert. Fermez le couvercle. Appuyez sur le bouton Marche\/Arr\u00eat et r\u00e9glez les options \u00e0 l&rsquo;aide des boutons \u00a0\u00bb+\u00a0\u00bb et \u00a0\u00bb-\u00a0\u00bb du clavier situ\u00e9 sur le dessus de la machine : pliage, longueur de la feuille, quantit\u00e9 de feuille, le voyant correspondant du panneau de commande s&rsquo;allume. Installez le plateau de collecte de film correct en ins\u00e9rant le localisateur arri\u00e8re du plateau dans la fente situ\u00e9e \u00e0 l&rsquo;avant de la machine. Appuyez sur \u00a0\u00bbStart\u00a0\u00bb pour produire la feuille et sur stop-reset pour arr\u00eater ou r\u00e9initialiser les param\u00e8tres.<\/div>\n<\/div>\n<div class=\"tab js-tab\">\n<h3 class=\"tab-title pdp-tabs_title js-tab-mobile-title\"><span>Livraison et stock<\/span><\/h3>\n<div class=\"tab-description pdp-tabs_description js-tab-description\">\n<div class=\"pdp-delivery_info\">\n<div class=\"content-asset\">Livraison et d\u00e9laisRetours et remboursements<\/div>\n<\/div>\n<\/div>\n<\/div>\n<\/div>\n<\/div>\n<\/div>\n","protected":false},"excerpt":{"rendered":"<p>Information importante : La recharge de papier aluminium est vendue s\u00e9par\u00e9ment.Procare Papier M\u00e8ches en Aluminium&hellip;<\/p>\n","protected":false},"featured_media":19422,"comment_status":"open","ping_status":"closed","template":"","meta":[],"pwb-brand":[688],"product_cat":[503],"product_tag":[168,169,480],"class_list":{"0":"post-28053","1":"product","2":"type-product","3":"status-publish","4":"has-post-thumbnail","6":"pwb-brand-procare","7":"product_cat-materiel-de-coiffure-equipement-de-salon-22","8":"product_tag-equipement-de-salon","9":"product_tag-materiel-de-coiffure","10":"product_tag-procare","12":"first","13":"instock","14":"taxable","15":"shipping-taxable","16":"purchasable","17":"product-type-simple","18":"layout-style-3","19":"col-md-4 col-sm-4 col-xs-6","20":"col-lg-3","21":"product-style-default"},"aioseo_notices":[],"brands":[{"id":688,"name":"Procare","slug":"procare"}],"_links":{"self":[{"href":"https:\/\/cheveuxluxe.com\/index.php\/wp-json\/wp\/v2\/product\/28053","targetHints":{"allow":["GET"]}}],"collection":[{"href":"https:\/\/cheveuxluxe.com\/index.php\/wp-json\/wp\/v2\/product"}],"about":[{"href":"https:\/\/cheveuxluxe.com\/index.php\/wp-json\/wp\/v2\/types\/product"}],"replies":[{"embeddable":true,"href":"https:\/\/cheveuxluxe.com\/index.php\/wp-json\/wp\/v2\/comments?post=28053"}],"version-history":[{"count":0,"href":"https:\/\/cheveuxluxe.com\/index.php\/wp-json\/wp\/v2\/product\/28053\/revisions"}],"wp:featuredmedia":[{"embeddable":true,"href":"https:\/\/cheveuxluxe.com\/index.php\/wp-json\/wp\/v2\/media\/19422"}],"wp:attachment":[{"href":"https:\/\/cheveuxluxe.com\/index.php\/wp-json\/wp\/v2\/media?parent=28053"}],"wp:term":[{"taxonomy":"pwb-brand","embeddable":true,"href":"https:\/\/cheveuxluxe.com\/index.php\/wp-json\/wp\/v2\/pwb-brand?post=28053"},{"taxonomy":"product_cat","embeddable":true,"href":"https:\/\/cheveuxluxe.com\/index.php\/wp-json\/wp\/v2\/product_cat?post=28053"},{"taxonomy":"product_tag","embeddable":true,"href":"https:\/\/cheveuxluxe.com\/index.php\/wp-json\/wp\/v2\/product_tag?post=28053"}],"curies":[{"name":"wp","href":"https:\/\/api.w.org\/{rel}","templated":true}]}}