{"id":28112,"date":"2024-04-09T21:18:31","date_gmt":"2024-04-09T21:18:31","guid":{"rendered":"https:\/\/cheveuxluxe.com\/index.php\/product\/salon-services-peignoir-par-crochet-noir\/"},"modified":"2024-04-13T14:23:43","modified_gmt":"2024-04-13T14:23:43","slug":"salon-services-peignoir-par-crochet-noir","status":"publish","type":"product","link":"https:\/\/cheveuxluxe.com\/index.php\/product\/salon-services-peignoir-par-crochet-noir\/","title":{"rendered":"Salon Services Peignoir par crochet Noir"},"content":{"rendered":"<div class=\"product-content_bottom\">\n<div class=\"pdp-info\">\n<div class=\"pdp-tabs tab-container\">\n<div class=\"tab js-tab\">\n<h3 class=\"tab-title pdp-tabs_title js-tab-mobile-title open\"><span>Points cl\u00e9s<\/span><\/h3>\n<div class=\"tab-description pdp-tabs_description js-tab-description open\" itemprop=\"description\">\n<ul>\n<li>Protection<\/li>\n<li>Unisexe<\/li>\n<li>Souple<\/li>\n<li>Pas de manche<\/li>\n<li>Fermeture par crochet<\/li>\n<\/ul>\n<\/div>\n<\/div>\n<div class=\"tab js-tab\">\n<h3 class=\"tab-title pdp-tabs_title js-tab-mobile-title\"><span>Description<\/span><\/h3>\n<div class=\"tab-description pdp-tabs_description js-tab-description\" itemprop=\"description\">Pour vous faciliter la vie au quotidien, vos capes de coiffure doivent de r\u00e9pondre \u00e0 des crit\u00e8res bien pr\u00e9cis : L\u2019\u00e9tanch\u00e9it\u00e9 : la raison d\u2019\u00eatre d\u2019une cape de coiffure, c\u2019est de prot\u00e9ger les v\u00eatements de vos clients des t\u00e2ches et \u00e9ventuels d\u00e9g\u00e2ts caus\u00e9s par certains traitements chimiques.<br \/>Votre cape de coiffure ne laisse rien passer !<br \/>Le confort : sa mati\u00e8re souple et sa taille universelle garantissent le meilleur confort \u00e0 vos clients quelle que soit leur morphologie.<br \/>Con\u00e7ues pour \u00eatre lav\u00e9es tr\u00e8s souvent et s\u00e9ch\u00e9es rapidement, ces capes de coiffure vous accompagnent longtemps, malgr\u00e9 un usage intensif.<br \/>Avec un mat\u00e9riel fiable et adapt\u00e9, vous r\u00e9alisez toutes vos prestations sereinement, en salon ou \u00e0 domicile !<\/div>\n<\/div>\n<div class=\"tab js-tab\">\n<h3 class=\"tab-title pdp-tabs_title js-tab-mobile-title\"><span>Livraison et stock<\/span><\/h3>\n<div class=\"tab-description pdp-tabs_description js-tab-description\">\n<div class=\"pdp-delivery_info\">\n<div class=\"content-asset\">Livraison et d\u00e9laisRetours et remboursements<\/div>\n<\/div>\n<\/div>\n<\/div>\n<\/div>\n<\/div>\n<\/div>\n","protected":false},"excerpt":{"rendered":"<p>Points cl\u00e9s Protection Unisexe Souple Pas de manche Fermeture par crochet Description Pour vous faciliter&hellip;<\/p>\n","protected":false},"featured_media":17182,"comment_status":"open","ping_status":"closed","template":"","meta":[],"pwb-brand":[691],"product_cat":[612],"product_tag":[613,512,127],"class_list":{"0":"post-28112","1":"product","2":"type-product","3":"status-publish","4":"has-post-thumbnail","6":"pwb-brand-salon-services","7":"product_cat-essentiels-coiffure-pour-etudiants","8":"product_tag-essentiels-coiffure-pour-etudiants","9":"product_tag-salon-services","10":"product_tag-shampooing-et-coiffure","12":"first","13":"instock","14":"taxable","15":"shipping-taxable","16":"purchasable","17":"product-type-simple","18":"layout-style-3","19":"col-md-4 col-sm-4 col-xs-6","20":"col-lg-3","21":"product-style-default"},"aioseo_notices":[],"brands":[{"id":691,"name":"Salon Services","slug":"salon-services"}],"_links":{"self":[{"href":"https:\/\/cheveuxluxe.com\/index.php\/wp-json\/wp\/v2\/product\/28112","targetHints":{"allow":["GET"]}}],"collection":[{"href":"https:\/\/cheveuxluxe.com\/index.php\/wp-json\/wp\/v2\/product"}],"about":[{"href":"https:\/\/cheveuxluxe.com\/index.php\/wp-json\/wp\/v2\/types\/product"}],"replies":[{"embeddable":true,"href":"https:\/\/cheveuxluxe.com\/index.php\/wp-json\/wp\/v2\/comments?post=28112"}],"version-history":[{"count":0,"href":"https:\/\/cheveuxluxe.com\/index.php\/wp-json\/wp\/v2\/product\/28112\/revisions"}],"wp:featuredmedia":[{"embeddable":true,"href":"https:\/\/cheveuxluxe.com\/index.php\/wp-json\/wp\/v2\/media\/17182"}],"wp:attachment":[{"href":"https:\/\/cheveuxluxe.com\/index.php\/wp-json\/wp\/v2\/media?parent=28112"}],"wp:term":[{"taxonomy":"pwb-brand","embeddable":true,"href":"https:\/\/cheveuxluxe.com\/index.php\/wp-json\/wp\/v2\/pwb-brand?post=28112"},{"taxonomy":"product_cat","embeddable":true,"href":"https:\/\/cheveuxluxe.com\/index.php\/wp-json\/wp\/v2\/product_cat?post=28112"},{"taxonomy":"product_tag","embeddable":true,"href":"https:\/\/cheveuxluxe.com\/index.php\/wp-json\/wp\/v2\/product_tag?post=28112"}],"curies":[{"name":"wp","href":"https:\/\/api.w.org\/{rel}","templated":true}]}}