{"id":28152,"date":"2024-04-09T21:19:50","date_gmt":"2024-04-09T21:19:50","guid":{"rendered":"https:\/\/cheveuxluxe.com\/index.php\/product\/bob-tuo-cape-de-coupe-m-noire-original-milcoup-stylist\/"},"modified":"2024-04-13T13:46:44","modified_gmt":"2024-04-13T13:46:44","slug":"bob-tuo-cape-de-coupe-m-noire-original-milcoup-stylist","status":"publish","type":"product","link":"https:\/\/cheveuxluxe.com\/index.php\/product\/bob-tuo-cape-de-coupe-m-noire-original-milcoup-stylist\/","title":{"rendered":"Bob Tuo Cape de coupe M Noire &#8211; Original Milcoup\u00ae Stylist"},"content":{"rendered":"<div class=\"product-content_bottom\">\n<div class=\"pdp-info\">\n<div class=\"pdp-tabs tab-container\">\n<div class=\"tab js-tab\">\n<h3 class=\"tab-title pdp-tabs_title js-tab-mobile-title open\"><span>Points cl\u00e9s<\/span><\/h3>\n<div class=\"tab-description pdp-tabs_description js-tab-description open\" itemprop=\"description\">\n<ul>\n<li> Unisexe<\/li>\n<li>Cheveux courts et mi-longs<\/li>\n<li>R\u00e9utilisable<\/li>\n<li>Facile \u00e0 nettoyer<\/li>\n<li>Facilite la coupe <\/li>\n<\/ul>\n<\/div>\n<\/div>\n<div class=\"tab js-tab\">\n<h3 class=\"tab-title pdp-tabs_title js-tab-mobile-title\"><span>Description<\/span><\/h3>\n<div class=\"tab-description pdp-tabs_description js-tab-description\" itemprop=\"description\">Le Milcoup Stylist Medium de Bob Tuo est un incontournable pour r\u00e9aliser une coupe pr\u00e9cise tout en offrant un confort optimal au client.Cet accessoire offre une base de coupe nette pour vous permettre d\u2019effectuer la coupe avec facilit\u00e9. Il permet \u00e9galement d\u2019\u00e9viter que les cheveux ne tombent dans le cou du client ou ne s\u2019accrochent \u00e0 ses v\u00eatements. Il ne serre pas le cou pour un confort optimal lors de l\u2019utilisation.La forme du Milcoup Stylist Medium convient \u00e0 toutes les physionomies, ce qui le rend unisexe. Il est adapt\u00e9 pour les cheveux courts \u00e0 mi-longs. Il est \u00e9galement facile \u00e0 nettoyer, pour assurer une bonne hygi\u00e8ne.Les cols de coupe ont \u00e9t\u00e9 brevet\u00e9s par Bob Tuo et sont utilis\u00e9s par les coiffeurs professionnels \u00e0 travers le monde.<\/div>\n<\/div>\n<div class=\"tab js-tab\">\n<h3 class=\"tab-title pdp-tabs_title js-tab-mobile-title\"><span>Mode d&#8217;emploi<\/span><\/h3>\n<div class=\"tab-description pdp-tabs_description js-tab-description\">Placez le col de coupe autour du cou du client avant le d\u00e9but de la coupe, par-dessus la cape.Utilisez de pr\u00e9f\u00e9rence plusieurs cols de coupe Original Milcoup Stylist Medium de Bob Tuo pour assurer une hygi\u00e8ne optimale.Nettoyez les cols de coupe utilis\u00e9s de fa\u00e7on r\u00e9guli\u00e8re.<\/div>\n<\/div>\n<div class=\"tab js-tab\">\n<h3 class=\"tab-title pdp-tabs_title js-tab-mobile-title\"><span>Ingr\u00e9dients<\/span><\/h3>\n<div class=\"tab-description pdp-tabs_description js-tab-description\">PVC<\/div>\n<\/div>\n<div class=\"tab js-tab\">\n<h3 class=\"tab-title pdp-tabs_title js-tab-mobile-title\"><span>Livraison et stock<\/span><\/h3>\n<div class=\"tab-description pdp-tabs_description js-tab-description\">\n<div class=\"pdp-delivery_info\">\n<div class=\"content-asset\">Livraison et d\u00e9laisRetours et remboursements<\/div>\n<\/div>\n<\/div>\n<\/div>\n<\/div>\n<\/div>\n<\/div>\n","protected":false},"excerpt":{"rendered":"<p>Points cl\u00e9s Unisexe Cheveux courts et mi-longs R\u00e9utilisable Facile \u00e0 nettoyer Facilite la coupe Description&hellip;<\/p>\n","protected":false},"featured_media":28151,"comment_status":"open","ping_status":"closed","template":"","meta":[],"pwb-brand":[634],"product_cat":[503],"product_tag":[514,168,169],"class_list":{"0":"post-28152","1":"product","2":"type-product","3":"status-publish","4":"has-post-thumbnail","6":"pwb-brand-bob-tuo","7":"product_cat-materiel-de-coiffure-equipement-de-salon-22","8":"product_tag-bob-tuo","9":"product_tag-equipement-de-salon","10":"product_tag-materiel-de-coiffure","12":"first","13":"instock","14":"taxable","15":"shipping-taxable","16":"purchasable","17":"product-type-simple","18":"layout-style-3","19":"col-md-4 col-sm-4 col-xs-6","20":"col-lg-3","21":"product-style-default"},"aioseo_notices":[],"brands":[{"id":634,"name":"Bob Tuo","slug":"bob-tuo"}],"_links":{"self":[{"href":"https:\/\/cheveuxluxe.com\/index.php\/wp-json\/wp\/v2\/product\/28152","targetHints":{"allow":["GET"]}}],"collection":[{"href":"https:\/\/cheveuxluxe.com\/index.php\/wp-json\/wp\/v2\/product"}],"about":[{"href":"https:\/\/cheveuxluxe.com\/index.php\/wp-json\/wp\/v2\/types\/product"}],"replies":[{"embeddable":true,"href":"https:\/\/cheveuxluxe.com\/index.php\/wp-json\/wp\/v2\/comments?post=28152"}],"version-history":[{"count":0,"href":"https:\/\/cheveuxluxe.com\/index.php\/wp-json\/wp\/v2\/product\/28152\/revisions"}],"wp:featuredmedia":[{"embeddable":true,"href":"https:\/\/cheveuxluxe.com\/index.php\/wp-json\/wp\/v2\/media\/28151"}],"wp:attachment":[{"href":"https:\/\/cheveuxluxe.com\/index.php\/wp-json\/wp\/v2\/media?parent=28152"}],"wp:term":[{"taxonomy":"pwb-brand","embeddable":true,"href":"https:\/\/cheveuxluxe.com\/index.php\/wp-json\/wp\/v2\/pwb-brand?post=28152"},{"taxonomy":"product_cat","embeddable":true,"href":"https:\/\/cheveuxluxe.com\/index.php\/wp-json\/wp\/v2\/product_cat?post=28152"},{"taxonomy":"product_tag","embeddable":true,"href":"https:\/\/cheveuxluxe.com\/index.php\/wp-json\/wp\/v2\/product_tag?post=28152"}],"curies":[{"name":"wp","href":"https:\/\/api.w.org\/{rel}","templated":true}]}}