{"id":28178,"date":"2024-04-09T21:20:41","date_gmt":"2024-04-09T21:20:41","guid":{"rendered":"https:\/\/cheveuxluxe.com\/index.php\/product\/triumph-master-peigne-gris\/"},"modified":"2024-04-13T14:22:32","modified_gmt":"2024-04-13T14:22:32","slug":"triumph-master-peigne-gris","status":"publish","type":"product","link":"https:\/\/cheveuxluxe.com\/index.php\/product\/triumph-master-peigne-gris\/","title":{"rendered":"Triumph Master Peigne Gris"},"content":{"rendered":"<div class=\"product-content_bottom\">\n<div class=\"pdp-info\">\n<div class=\"pdp-tabs tab-container\">\n<div class=\"tab js-tab\">\n<h3 class=\"tab-title pdp-tabs_title js-tab-mobile-title open\"><span>Points cl\u00e9s<\/span><\/h3>\n<div class=\"tab-description pdp-tabs_description js-tab-description open\" itemprop=\"description\">\n<ul>\n<li> S\u00e9paration des m\u00e8ches<\/li>\n<li>D\u00e9m\u00ealant<\/li>\n<li>Lissant<\/li>\n<li>Thermoplastique r\u00e9sistant<\/li>\n<li>Tous les types de cheveux <\/li>\n<\/ul>\n<\/div>\n<\/div>\n<div class=\"tab js-tab\">\n<h3 class=\"tab-title pdp-tabs_title js-tab-mobile-title\"><span>Description<\/span><\/h3>\n<div class=\"tab-description pdp-tabs_description js-tab-description\" itemprop=\"description\">Le peigne \u00e0 queue 260 gris de Triumph Master est id\u00e9al pour lisser les cheveux. Sa conception en thermoplastique le rend r\u00e9sistant \u00e0 la chaleur et aux produits chimiques. Il est donc particuli\u00e8rement conseill\u00e9 pour une utilisation lors de la coloration et durant le brushing.Sa forme permet \u00e0 la fois de d\u00e9m\u00ealer et lisser efficacement les cheveux, ainsi que de s\u00e9parer les m\u00e8ches gr\u00e2ce \u00e0 sa queue. Il offre ainsi un coiffage pr\u00e9cis. Son mat\u00e9riau souple n\u2019agresse pas le cuir chevelu et \u00e9vite les risques de casse. Enfin, son effet antistatique est tr\u00e8s appr\u00e9ciable pour limiter le d\u00e9confort du client et obtenir des r\u00e9sultats impeccables.Ce peigne \u00e0 queue s\u2019utilise sur tous les types de cheveux, et \u00e0 la fois sur cheveux secs et mouill\u00e9s.<\/div>\n<\/div>\n<div class=\"tab js-tab\">\n<h3 class=\"tab-title pdp-tabs_title js-tab-mobile-title\"><span>Mode d&#8217;emploi<\/span><\/h3>\n<div class=\"tab-description pdp-tabs_description js-tab-description\">Utilisez le peigne sur cheveux secs ou mouill\u00e9s, avant, apr\u00e8s ou lors du s\u00e9chage.Gr\u00e2ce \u00e0 sa forme \u00e0 queue, ce peigne peut s\u00e9parer les m\u00e8ches lors d\u2019une coloration ou d\u00e9coloration.D\u00e9couvrez \u00e9galement les peignes de coupe et d\u00e9m\u00ealoirs Triumph Master, pour compl\u00e9ter votre collection.<\/div>\n<\/div>\n<div class=\"tab js-tab\">\n<h3 class=\"tab-title pdp-tabs_title js-tab-mobile-title\"><span>Ingr\u00e9dients<\/span><\/h3>\n<div class=\"tab-description pdp-tabs_description js-tab-description\">Polycarbonat<\/div>\n<\/div>\n<div class=\"tab js-tab\">\n<h3 class=\"tab-title pdp-tabs_title js-tab-mobile-title\"><span>Livraison et stock<\/span><\/h3>\n<div class=\"tab-description pdp-tabs_description js-tab-description\">\n<div class=\"pdp-delivery_info\">\n<div class=\"content-asset\">Livraison et d\u00e9laisRetours et remboursements<\/div>\n<\/div>\n<\/div>\n<\/div>\n<\/div>\n<\/div>\n<\/div>\n","protected":false},"excerpt":{"rendered":"<p>Points cl\u00e9s S\u00e9paration des m\u00e8ches D\u00e9m\u00ealant Lissant Thermoplastique r\u00e9sistant Tous les types de cheveux Description&hellip;<\/p>\n","protected":false},"featured_media":17081,"comment_status":"open","ping_status":"closed","template":"","meta":[],"pwb-brand":[693],"product_cat":[612],"product_tag":[613,127,518],"class_list":{"0":"post-28178","1":"product","2":"type-product","3":"status-publish","4":"has-post-thumbnail","6":"pwb-brand-triumph-master","7":"product_cat-essentiels-coiffure-pour-etudiants","8":"product_tag-essentiels-coiffure-pour-etudiants","9":"product_tag-shampooing-et-coiffure","10":"product_tag-triumph-master","12":"first","13":"instock","14":"taxable","15":"shipping-taxable","16":"purchasable","17":"product-type-simple","18":"layout-style-3","19":"col-md-4 col-sm-4 col-xs-6","20":"col-lg-3","21":"product-style-default"},"aioseo_notices":[],"brands":[{"id":693,"name":"Triumph Master","slug":"triumph-master"}],"_links":{"self":[{"href":"https:\/\/cheveuxluxe.com\/index.php\/wp-json\/wp\/v2\/product\/28178","targetHints":{"allow":["GET"]}}],"collection":[{"href":"https:\/\/cheveuxluxe.com\/index.php\/wp-json\/wp\/v2\/product"}],"about":[{"href":"https:\/\/cheveuxluxe.com\/index.php\/wp-json\/wp\/v2\/types\/product"}],"replies":[{"embeddable":true,"href":"https:\/\/cheveuxluxe.com\/index.php\/wp-json\/wp\/v2\/comments?post=28178"}],"version-history":[{"count":0,"href":"https:\/\/cheveuxluxe.com\/index.php\/wp-json\/wp\/v2\/product\/28178\/revisions"}],"wp:featuredmedia":[{"embeddable":true,"href":"https:\/\/cheveuxluxe.com\/index.php\/wp-json\/wp\/v2\/media\/17081"}],"wp:attachment":[{"href":"https:\/\/cheveuxluxe.com\/index.php\/wp-json\/wp\/v2\/media?parent=28178"}],"wp:term":[{"taxonomy":"pwb-brand","embeddable":true,"href":"https:\/\/cheveuxluxe.com\/index.php\/wp-json\/wp\/v2\/pwb-brand?post=28178"},{"taxonomy":"product_cat","embeddable":true,"href":"https:\/\/cheveuxluxe.com\/index.php\/wp-json\/wp\/v2\/product_cat?post=28178"},{"taxonomy":"product_tag","embeddable":true,"href":"https:\/\/cheveuxluxe.com\/index.php\/wp-json\/wp\/v2\/product_tag?post=28178"}],"curies":[{"name":"wp","href":"https:\/\/api.w.org\/{rel}","templated":true}]}}