{"id":28309,"date":"2024-04-09T21:23:58","date_gmt":"2024-04-09T21:23:58","guid":{"rendered":"https:\/\/cheveuxluxe.com\/index.php\/product\/sibel-lave-tete-luxe-plus\/"},"modified":"2024-04-13T13:47:59","modified_gmt":"2024-04-13T13:47:59","slug":"sibel-lave-tete-luxe-plus","status":"publish","type":"product","link":"https:\/\/cheveuxluxe.com\/index.php\/product\/sibel-lave-tete-luxe-plus\/","title":{"rendered":"Sibel Lave Tete Luxe Plus"},"content":{"rendered":"<div class=\"product-content_bottom\">\n<div class=\"pdp-info\">\n<div class=\"pdp-tabs tab-container\">\n<div class=\"tab js-tab\">\n<h3 class=\"tab-title pdp-tabs_title js-tab-mobile-title open\"><span>Points cl\u00e9s<\/span><\/h3>\n<div class=\"tab-description pdp-tabs_description js-tab-description open\" itemprop=\"description\">\n<ul>\n<li> Cuvette grand mod\u00e8le<\/li>\n<li>D\u00e9montable<\/li>\n<li>Inclinable<\/li>\n<li>Transportable<\/li>\n<li>R\u00e9servoir <\/li>\n<\/ul>\n<\/div>\n<\/div>\n<div class=\"tab js-tab\">\n<h3 class=\"tab-title pdp-tabs_title js-tab-mobile-title\"><span>Description<\/span><\/h3>\n<div class=\"tab-description pdp-tabs_description js-tab-description\" itemprop=\"description\">Le Bac \u00e0 Shampoing Luxe Plus est id\u00e9alement con\u00e7u pour faciliter le lavage des cheveux \u00e0 domicile. Inclinable, il est aussi tr\u00e8s pratique avec son r\u00e9servoir de 9 litres reli\u00e9 par un tuyau de 50 cm. Ne n\u00e9c\u00e9ssitant pas d&rsquo;\u00e9vacuation d&rsquo;eau, vous pouvez l&rsquo;installer dans n&rsquo;importe quelle pi\u00e8ce du domicile. Il se monte et se d\u00e9monte avec une grande facilit\u00e9.Sa t\u00eatiere grand mod\u00e8le permet de faciliter les travaux techniques tels que les colorations ou les permanentes et gr\u00e2ce au r\u00e9glage en hauteur du pied ce lave t\u00eate apportera un grand confort d&rsquo;utilisation aussi bien \u00e0 la cliente qu&rsquo;\u00e0 vous m\u00eame.<\/div>\n<\/div>\n<div class=\"tab js-tab\">\n<h3 class=\"tab-title pdp-tabs_title js-tab-mobile-title\"><span>Mode d&#8217;emploi<\/span><\/h3>\n<div class=\"tab-description pdp-tabs_description js-tab-description\">Apr\u00e8s avoir install\u00e9 la cuvette sur le pied t\u00e9lescopique, ins\u00e9rer le tuyau d&rsquo;\u00e9vacuation d&rsquo;eau dans le r\u00e9servoir de 9 l.Votre Lave T\u00eate Luxe Plus de Sibel est alors pr\u00eat \u00e0 l&#8217;emploi.Veillez \u00e0 bien nettoyer et rincer la cuvette la cuvette apr\u00e8s chaque utilisation.<\/div>\n<\/div>\n<div class=\"tab js-tab\">\n<h3 class=\"tab-title pdp-tabs_title js-tab-mobile-title\"><span>Livraison et stock<\/span><\/h3>\n<div class=\"tab-description pdp-tabs_description js-tab-description\">\n<div class=\"pdp-delivery_info\">\n<div class=\"content-asset\">Livraison et d\u00e9laisRetours et remboursements<\/div>\n<\/div>\n<\/div>\n<\/div>\n<\/div>\n<\/div>\n<\/div>\n","protected":false},"excerpt":{"rendered":"<p>Points cl\u00e9s Cuvette grand mod\u00e8le D\u00e9montable Inclinable Transportable R\u00e9servoir Description Le Bac \u00e0 Shampoing Luxe&hellip;<\/p>\n","protected":false},"featured_media":28308,"comment_status":"open","ping_status":"closed","template":"","meta":[],"pwb-brand":[652],"product_cat":[503],"product_tag":[168,169,342],"class_list":{"0":"post-28309","1":"product","2":"type-product","3":"status-publish","4":"has-post-thumbnail","6":"pwb-brand-sibel","7":"product_cat-materiel-de-coiffure-equipement-de-salon-22","8":"product_tag-equipement-de-salon","9":"product_tag-materiel-de-coiffure","10":"product_tag-sibel","12":"first","13":"instock","14":"taxable","15":"shipping-taxable","16":"purchasable","17":"product-type-simple","18":"layout-style-3","19":"col-md-4 col-sm-4 col-xs-6","20":"col-lg-3","21":"product-style-default"},"aioseo_notices":[],"brands":[{"id":652,"name":"Sibel","slug":"sibel"}],"_links":{"self":[{"href":"https:\/\/cheveuxluxe.com\/index.php\/wp-json\/wp\/v2\/product\/28309","targetHints":{"allow":["GET"]}}],"collection":[{"href":"https:\/\/cheveuxluxe.com\/index.php\/wp-json\/wp\/v2\/product"}],"about":[{"href":"https:\/\/cheveuxluxe.com\/index.php\/wp-json\/wp\/v2\/types\/product"}],"replies":[{"embeddable":true,"href":"https:\/\/cheveuxluxe.com\/index.php\/wp-json\/wp\/v2\/comments?post=28309"}],"version-history":[{"count":0,"href":"https:\/\/cheveuxluxe.com\/index.php\/wp-json\/wp\/v2\/product\/28309\/revisions"}],"wp:featuredmedia":[{"embeddable":true,"href":"https:\/\/cheveuxluxe.com\/index.php\/wp-json\/wp\/v2\/media\/28308"}],"wp:attachment":[{"href":"https:\/\/cheveuxluxe.com\/index.php\/wp-json\/wp\/v2\/media?parent=28309"}],"wp:term":[{"taxonomy":"pwb-brand","embeddable":true,"href":"https:\/\/cheveuxluxe.com\/index.php\/wp-json\/wp\/v2\/pwb-brand?post=28309"},{"taxonomy":"product_cat","embeddable":true,"href":"https:\/\/cheveuxluxe.com\/index.php\/wp-json\/wp\/v2\/product_cat?post=28309"},{"taxonomy":"product_tag","embeddable":true,"href":"https:\/\/cheveuxluxe.com\/index.php\/wp-json\/wp\/v2\/product_tag?post=28309"}],"curies":[{"name":"wp","href":"https:\/\/api.w.org\/{rel}","templated":true}]}}