{"id":28316,"date":"2024-04-09T21:24:11","date_gmt":"2024-04-09T21:24:11","guid":{"rendered":"https:\/\/cheveuxluxe.com\/index.php\/product\/sibel-valise-vanity-strass-pour-cheveux\/"},"modified":"2024-04-13T13:53:30","modified_gmt":"2024-04-13T13:53:30","slug":"sibel-valise-vanity-strass-pour-cheveux","status":"publish","type":"product","link":"https:\/\/cheveuxluxe.com\/index.php\/product\/sibel-valise-vanity-strass-pour-cheveux\/","title":{"rendered":"Sibel Valise Vanity Strass pour cheveux"},"content":{"rendered":"<div class=\"product-content_bottom\">\n<div class=\"pdp-info\">\n<div class=\"pdp-tabs tab-container\">\n<div class=\"tab js-tab\">\n<h3 class=\"tab-title pdp-tabs_title js-tab-mobile-title open\"><span>Points cl\u00e9s<\/span><\/h3>\n<div class=\"tab-description pdp-tabs_description js-tab-description open\" itemprop=\"description\">\n<ul>\n<li> Boitier en aluminium<\/li>\n<li>Finition strass<\/li>\n<li>Plateau amovible<\/li>\n<li>Placard avec cadenas et cl\u00e9s <\/li>\n<\/ul>\n<\/div>\n<\/div>\n<div class=\"tab js-tab\">\n<h3 class=\"tab-title pdp-tabs_title js-tab-mobile-title\"><span>Description<\/span><\/h3>\n<div class=\"tab-description pdp-tabs_description js-tab-description\" itemprop=\"description\">Vanity-case \u00e9troit contenant du polyester anti-statique, cuir cousu \u00e0 la main \u00e0 chaque coin.<br \/>Dot\u00e9 de lani\u00e8res \u00e9lastiques pour ranger du mat\u00e9riel.*<br \/>*Accessoires non inclus<\/div>\n<\/div>\n<div class=\"tab js-tab\">\n<h3 class=\"tab-title pdp-tabs_title js-tab-mobile-title\"><span>Livraison et stock<\/span><\/h3>\n<div class=\"tab-description pdp-tabs_description js-tab-description\">\n<div class=\"pdp-delivery_info\">\n<div class=\"content-asset\">Livraison et d\u00e9laisRetours et remboursements<\/div>\n<\/div>\n<\/div>\n<\/div>\n<\/div>\n<\/div>\n<\/div>\n","protected":false},"excerpt":{"rendered":"<p>Points cl\u00e9s Boitier en aluminium Finition strass Plateau amovible Placard avec cadenas et cl\u00e9s Description&hellip;<\/p>\n","protected":false},"featured_media":17233,"comment_status":"open","ping_status":"closed","template":"","meta":[],"pwb-brand":[652],"product_cat":[557],"product_tag":[200,168,342],"class_list":{"0":"post-28316","1":"product","2":"type-product","3":"status-publish","4":"has-post-thumbnail","6":"pwb-brand-sibel","7":"product_cat-coiffure-et-beaute-a-domicile","8":"product_tag-coiffure-et-beaute-a-domicile","9":"product_tag-equipement-de-salon","10":"product_tag-sibel","12":"first","13":"instock","14":"taxable","15":"shipping-taxable","16":"purchasable","17":"product-type-simple","18":"layout-style-3","19":"col-md-4 col-sm-4 col-xs-6","20":"col-lg-3","21":"product-has-gallery","22":"product-style-default"},"aioseo_notices":[],"brands":[{"id":652,"name":"Sibel","slug":"sibel"}],"_links":{"self":[{"href":"https:\/\/cheveuxluxe.com\/index.php\/wp-json\/wp\/v2\/product\/28316","targetHints":{"allow":["GET"]}}],"collection":[{"href":"https:\/\/cheveuxluxe.com\/index.php\/wp-json\/wp\/v2\/product"}],"about":[{"href":"https:\/\/cheveuxluxe.com\/index.php\/wp-json\/wp\/v2\/types\/product"}],"replies":[{"embeddable":true,"href":"https:\/\/cheveuxluxe.com\/index.php\/wp-json\/wp\/v2\/comments?post=28316"}],"version-history":[{"count":0,"href":"https:\/\/cheveuxluxe.com\/index.php\/wp-json\/wp\/v2\/product\/28316\/revisions"}],"wp:featuredmedia":[{"embeddable":true,"href":"https:\/\/cheveuxluxe.com\/index.php\/wp-json\/wp\/v2\/media\/17233"}],"wp:attachment":[{"href":"https:\/\/cheveuxluxe.com\/index.php\/wp-json\/wp\/v2\/media?parent=28316"}],"wp:term":[{"taxonomy":"pwb-brand","embeddable":true,"href":"https:\/\/cheveuxluxe.com\/index.php\/wp-json\/wp\/v2\/pwb-brand?post=28316"},{"taxonomy":"product_cat","embeddable":true,"href":"https:\/\/cheveuxluxe.com\/index.php\/wp-json\/wp\/v2\/product_cat?post=28316"},{"taxonomy":"product_tag","embeddable":true,"href":"https:\/\/cheveuxluxe.com\/index.php\/wp-json\/wp\/v2\/product_tag?post=28316"}],"curies":[{"name":"wp","href":"https:\/\/api.w.org\/{rel}","templated":true}]}}

<div class="product-content_bottom">
<div class="pdp-info">
<div class="pdp-tabs tab-container">
<div class="tab js-tab">
<h3 class="tab-title pdp-tabs_title js-tab-mobile-title open"><span>Points clés</span></h3>
<div class="tab-description pdp-tabs_description js-tab-description open" itemprop="description">
<ul>
<li> Boitier en aluminium</li>
<li>Finition strass</li>
<li>Plateau amovible</li>
<li>Placard avec cadenas et clés </li>
</ul>
</div>
</div>
<div class="tab js-tab">
<h3 class="tab-title pdp-tabs_title js-tab-mobile-title"><span>Description</span></h3>
<div class="tab-description pdp-tabs_description js-tab-description" itemprop="description">Vanity-case étroit contenant du polyester anti-statique, cuir cousu à la main à chaque coin.<br />Doté de lanières élastiques pour ranger du matériel.*<br />*Accessoires non inclus</div>
</div>
<div class="tab js-tab">
<h3 class="tab-title pdp-tabs_title js-tab-mobile-title"><span>Livraison et stock</span></h3>
<div class="tab-description pdp-tabs_description js-tab-description">
<div class="pdp-delivery_info">
<div class="content-asset">Livraison et délaisRetours et remboursements</div>
</div>
</div>
</div>
</div>
</div>
</div>

<p>Points clés Boitier en aluminium Finition strass Plateau amovible Placard avec cadenas et clés Description&hellip;</p>
