{"id":28319,"date":"2024-04-09T21:24:35","date_gmt":"2024-04-09T21:24:35","guid":{"rendered":"https:\/\/cheveuxluxe.com\/index.php\/product\/sibel-epingles-ondulees-wavy-500pcs\/"},"modified":"2024-04-13T14:23:13","modified_gmt":"2024-04-13T14:23:13","slug":"sibel-epingles-ondulees-wavy-500pcs","status":"publish","type":"product","link":"https:\/\/cheveuxluxe.com\/index.php\/product\/sibel-epingles-ondulees-wavy-500pcs\/","title":{"rendered":"Sibel \u00c9pingles Ondul\u00e9es WAVY 500pcs."},"content":{"rendered":"<div class=\"product-content_bottom\">\n<div class=\"pdp-info\">\n<div class=\"pdp-tabs tab-container\">\n<div class=\"tab js-tab\">\n<h3 class=\"tab-title pdp-tabs_title js-tab-mobile-title open\"><span>Points cl\u00e9s<\/span><\/h3>\n<div class=\"tab-description pdp-tabs_description js-tab-description open\" itemprop=\"description\">\n<ul>\n<li> \u00c9pingles ondul\u00e9es <\/li>\n<li>Bout perl\u00e9 <\/li>\n<li>R\u00e9sultat naturel <\/li>\n<li>Discr\u00e8tes <\/li>\n<\/ul>\n<\/div>\n<\/div>\n<div class=\"tab js-tab\">\n<h3 class=\"tab-title pdp-tabs_title js-tab-mobile-title\"><span>Description<\/span><\/h3>\n<div class=\"tab-description pdp-tabs_description js-tab-description\" itemprop=\"description\">Pour vos cr\u00e9ations les plus classiques comme les plus extravagantes, faites confiance aux \u00e9pingles ondul\u00e9es de Sibel\u00ae ! Vous vous lancez dans une coiffure \u00e0 l\u2019architecture complexe ? Ces accessoires sont vos meilleurs alli\u00e9s : en s\u2019ins\u00e9rant en toute discr\u00e9tion dans les cheveux, ces \u00e9pingles vous permettent de structurer, et d\u2019apporter de la tenue en limitant l\u2019utilisation de produits fixants. R\u00e9sultat : vos cr\u00e9ations restent en place longtemps. !Pour une tenue renforc\u00e9e, les \u00e9pingles Sibel\u00ae sont ondul\u00e9es. Offrez un confort complet \u00e0 vos clients avec ces accessoires qui disposent d\u2019un bout perl\u00e9.On aime : sa bo\u00eete ergonomique qui facilite le stockage. Gardez toujours une \u00e9pingle sous la main gr\u00e2ce au bo\u00eetier Sibel\u00ae 50 unit\u00e9s !Ce produit Sibel\u00ae est disponible en trois tailles : 45, 65 et 70 mm.<\/div>\n<\/div>\n<div class=\"tab js-tab\">\n<h3 class=\"tab-title pdp-tabs_title js-tab-mobile-title\"><span>Mode d&#8217;emploi<\/span><\/h3>\n<div class=\"tab-description pdp-tabs_description js-tab-description\">Vous pouvez utiliser ces \u00e9pingles ondul\u00e9es pour r\u00e9aliser un chignon : choisissez l\u2019\u00e9pingle en fonction de la longueur des m\u00e8ches, enroulez la chevelure pour lui donner la forme voulue, puis plantez l\u2019\u00e9pingle dans le chignon, du centre vers l\u2019ext\u00e9rieur. Basculez l\u2019\u00e9pingle vers l\u2019int\u00e9rieur, en la laissant glisser pour plaquer la coiffure\u2026 et admirez le r\u00e9sultat !<\/div>\n<\/div>\n<div class=\"tab js-tab\">\n<h3 class=\"tab-title pdp-tabs_title js-tab-mobile-title\"><span>Livraison et stock<\/span><\/h3>\n<div class=\"tab-description pdp-tabs_description js-tab-description\">\n<div class=\"pdp-delivery_info\">\n<div class=\"content-asset\">Livraison et d\u00e9laisRetours et remboursements<\/div>\n<\/div>\n<\/div>\n<\/div>\n<div class=\"tab js-tab\">\n<h3 class=\"tab-title pdp-tabs_title js-tab-mobile-title\"><span>Pr\u00e9cautions d&#8217;emploi<\/span><\/h3>\n<div class=\"tab-description pdp-tabs_description js-tab-description\">Tenez-le hors de port\u00e9e des enfants.<\/div>\n<\/div>\n<\/div>\n<\/div>\n<\/div>\n","protected":false},"excerpt":{"rendered":"<p>Points cl\u00e9s \u00c9pingles ondul\u00e9es Bout perl\u00e9 R\u00e9sultat naturel Discr\u00e8tes Description Pour vos cr\u00e9ations les plus&hellip;<\/p>\n","protected":false},"featured_media":28317,"comment_status":"open","ping_status":"closed","template":"","meta":[],"pwb-brand":[652],"product_cat":[612],"product_tag":[613,127,342],"class_list":{"0":"post-28319","1":"product","2":"type-product","3":"status-publish","4":"has-post-thumbnail","6":"pwb-brand-sibel","7":"product_cat-essentiels-coiffure-pour-etudiants","8":"product_tag-essentiels-coiffure-pour-etudiants","9":"product_tag-shampooing-et-coiffure","10":"product_tag-sibel","12":"first","13":"instock","14":"taxable","15":"shipping-taxable","16":"purchasable","17":"product-type-simple","18":"layout-style-3","19":"col-md-4 col-sm-4 col-xs-6","20":"col-lg-3","21":"product-has-gallery","22":"product-style-default"},"aioseo_notices":[],"brands":[{"id":652,"name":"Sibel","slug":"sibel"}],"_links":{"self":[{"href":"https:\/\/cheveuxluxe.com\/index.php\/wp-json\/wp\/v2\/product\/28319","targetHints":{"allow":["GET"]}}],"collection":[{"href":"https:\/\/cheveuxluxe.com\/index.php\/wp-json\/wp\/v2\/product"}],"about":[{"href":"https:\/\/cheveuxluxe.com\/index.php\/wp-json\/wp\/v2\/types\/product"}],"replies":[{"embeddable":true,"href":"https:\/\/cheveuxluxe.com\/index.php\/wp-json\/wp\/v2\/comments?post=28319"}],"version-history":[{"count":0,"href":"https:\/\/cheveuxluxe.com\/index.php\/wp-json\/wp\/v2\/product\/28319\/revisions"}],"wp:featuredmedia":[{"embeddable":true,"href":"https:\/\/cheveuxluxe.com\/index.php\/wp-json\/wp\/v2\/media\/28317"}],"wp:attachment":[{"href":"https:\/\/cheveuxluxe.com\/index.php\/wp-json\/wp\/v2\/media?parent=28319"}],"wp:term":[{"taxonomy":"pwb-brand","embeddable":true,"href":"https:\/\/cheveuxluxe.com\/index.php\/wp-json\/wp\/v2\/pwb-brand?post=28319"},{"taxonomy":"product_cat","embeddable":true,"href":"https:\/\/cheveuxluxe.com\/index.php\/wp-json\/wp\/v2\/product_cat?post=28319"},{"taxonomy":"product_tag","embeddable":true,"href":"https:\/\/cheveuxluxe.com\/index.php\/wp-json\/wp\/v2\/product_tag?post=28319"}],"curies":[{"name":"wp","href":"https:\/\/api.w.org\/{rel}","templated":true}]}}