{"id":28324,"date":"2024-04-09T21:24:40","date_gmt":"2024-04-09T21:24:40","guid":{"rendered":"https:\/\/cheveuxluxe.com\/index.php\/product\/sibel-brosse-classic-67\/"},"modified":"2024-04-13T14:16:38","modified_gmt":"2024-04-13T14:16:38","slug":"sibel-brosse-classic-67","status":"publish","type":"product","link":"https:\/\/cheveuxluxe.com\/index.php\/product\/sibel-brosse-classic-67\/","title":{"rendered":"Sibel Brosse Classic 67"},"content":{"rendered":"<div class=\"product-content_bottom\">\n<div class=\"pdp-info\">\n<div class=\"pdp-tabs tab-container\">\n<div class=\"tab js-tab\">\n<h3 class=\"tab-title pdp-tabs_title js-tab-mobile-title open\"><span>Points cl\u00e9s<\/span><\/h3>\n<div class=\"tab-description pdp-tabs_description js-tab-description open\" itemprop=\"description\">\n<ul>\n<li> D\u00e9m\u00eale en douceur<\/li>\n<li>Cheveux longs et mi-longs<\/li>\n<li>Antistatique<\/li>\n<li>Picots en nylon<\/li>\n<li>Brosse d\u00e9m\u00ealante <\/li>\n<\/ul>\n<\/div>\n<\/div>\n<div class=\"tab js-tab\">\n<h3 class=\"tab-title pdp-tabs_title js-tab-mobile-title\"><span>Description<\/span><\/h3>\n<div class=\"tab-description pdp-tabs_description js-tab-description\" itemprop=\"description\">Comme toutes les brosses de cette marque bien connue des professionnels de la coiffure, la brosse Classic 67 de Sibel d\u00e9m\u00eale les cheveux sans les agresser, notamment gr\u00e2ce \u00e0 la haute qualit\u00e9 de ses mat\u00e9riaux. Elle est adapt\u00e9e au soin des cheveux mi-longs \u00e0 longs.Antistatique, elle discipline les cheveux rebelles. Ses picots en nylon, r\u00e9partis sur 11 rangs, offrent \u00e0 la fois la fermet\u00e9 n\u00e9cessaire au d\u00e9m\u00ealage des chevelures les plus \u00e9paisses, et la souplesse indispensable \u00e0 la protection de la fibre capillaire.D\u00e9m\u00eal\u00e9s en douceur, les cheveux sont d\u00e9barrass\u00e9s \u00e0 la fois de leurs n\u0153uds et de leurs impuret\u00e9s. Liss\u00e9es, les longueurs retrouvent leur vigueur naturelle. La chevelure est souple et brillante, pr\u00eate \u00e0 \u00eatre coiff\u00e9e.<\/div>\n<\/div>\n<div class=\"tab js-tab\">\n<h3 class=\"tab-title pdp-tabs_title js-tab-mobile-title\"><span>Mode d&#8217;emploi<\/span><\/h3>\n<div class=\"tab-description pdp-tabs_description js-tab-description\">Passez doucement la Brosse Classic 67 de Sibel dans les cheveux secs : commencez par d\u00e9m\u00ealer les pointes puis effectuez un mouvement de haut en bas.Proc\u00e9dez \u00e0 une premi\u00e8re op\u00e9ration de d\u00e9m\u00ealage, puis passez \u00e0 nouveau la brosse dans les longueurs afin de les mettre bien en ordre et de les faire briller.<\/div>\n<\/div>\n<div class=\"tab js-tab\">\n<h3 class=\"tab-title pdp-tabs_title js-tab-mobile-title\"><span>Livraison et stock<\/span><\/h3>\n<div class=\"tab-description pdp-tabs_description js-tab-description\">\n<div class=\"pdp-delivery_info\">\n<div class=\"content-asset\">Livraison et d\u00e9laisRetours et remboursements<\/div>\n<\/div>\n<\/div>\n<\/div>\n<div class=\"tab js-tab\">\n<h3 class=\"tab-title pdp-tabs_title js-tab-mobile-title\"><span>Pr\u00e9cautions d&#8217;emploi<\/span><\/h3>\n<div class=\"tab-description pdp-tabs_description js-tab-description\">Conserver hors de la port\u00e9e des enfants.<\/div>\n<\/div>\n<\/div>\n<\/div>\n<\/div>\n","protected":false},"excerpt":{"rendered":"<p>Points cl\u00e9s D\u00e9m\u00eale en douceur Cheveux longs et mi-longs Antistatique Picots en nylon Brosse d\u00e9m\u00ealante&hellip;<\/p>\n","protected":false},"featured_media":19983,"comment_status":"open","ping_status":"closed","template":"","meta":[],"pwb-brand":[652],"product_cat":[605],"product_tag":[606,127,342],"class_list":{"0":"post-28324","1":"product","2":"type-product","3":"status-publish","4":"has-post-thumbnail","6":"pwb-brand-sibel","7":"product_cat-essentiels-de-cheveux","8":"product_tag-essentiels-de-cheveux","9":"product_tag-shampooing-et-coiffure","10":"product_tag-sibel","12":"first","13":"instock","14":"taxable","15":"shipping-taxable","16":"purchasable","17":"product-type-simple","18":"layout-style-3","19":"col-md-4 col-sm-4 col-xs-6","20":"col-lg-3","21":"product-style-default"},"aioseo_notices":[],"brands":[{"id":652,"name":"Sibel","slug":"sibel"}],"_links":{"self":[{"href":"https:\/\/cheveuxluxe.com\/index.php\/wp-json\/wp\/v2\/product\/28324","targetHints":{"allow":["GET"]}}],"collection":[{"href":"https:\/\/cheveuxluxe.com\/index.php\/wp-json\/wp\/v2\/product"}],"about":[{"href":"https:\/\/cheveuxluxe.com\/index.php\/wp-json\/wp\/v2\/types\/product"}],"replies":[{"embeddable":true,"href":"https:\/\/cheveuxluxe.com\/index.php\/wp-json\/wp\/v2\/comments?post=28324"}],"version-history":[{"count":0,"href":"https:\/\/cheveuxluxe.com\/index.php\/wp-json\/wp\/v2\/product\/28324\/revisions"}],"wp:featuredmedia":[{"embeddable":true,"href":"https:\/\/cheveuxluxe.com\/index.php\/wp-json\/wp\/v2\/media\/19983"}],"wp:attachment":[{"href":"https:\/\/cheveuxluxe.com\/index.php\/wp-json\/wp\/v2\/media?parent=28324"}],"wp:term":[{"taxonomy":"pwb-brand","embeddable":true,"href":"https:\/\/cheveuxluxe.com\/index.php\/wp-json\/wp\/v2\/pwb-brand?post=28324"},{"taxonomy":"product_cat","embeddable":true,"href":"https:\/\/cheveuxluxe.com\/index.php\/wp-json\/wp\/v2\/product_cat?post=28324"},{"taxonomy":"product_tag","embeddable":true,"href":"https:\/\/cheveuxluxe.com\/index.php\/wp-json\/wp\/v2\/product_tag?post=28324"}],"curies":[{"name":"wp","href":"https:\/\/api.w.org\/{rel}","templated":true}]}}