{"id":28465,"date":"2024-04-09T21:27:57","date_gmt":"2024-04-09T21:27:57","guid":{"rendered":"https:\/\/cheveuxluxe.com\/index.php\/product\/cricket-brosse-anti-statique-sculpting-680\/"},"modified":"2024-04-13T14:17:17","modified_gmt":"2024-04-13T14:17:17","slug":"cricket-brosse-anti-statique-sculpting-680","status":"publish","type":"product","link":"https:\/\/cheveuxluxe.com\/index.php\/product\/cricket-brosse-anti-statique-sculpting-680\/","title":{"rendered":"Cricket Brosse Anti-Statique Sculpting 680"},"content":{"rendered":"<div class=\"product-content_bottom\">\n<div class=\"pdp-info\">\n<div class=\"pdp-tabs tab-container\">\n<div class=\"tab js-tab\">\n<h3 class=\"tab-title pdp-tabs_title js-tab-mobile-title open\"><span>Points cl\u00e9s<\/span><\/h3>\n<div class=\"tab-description pdp-tabs_description js-tab-description open\" itemprop=\"description\">\n<ul>\n<li> Brosse sculptante<\/li>\n<li>Antistatique<\/li>\n<li>Picots en nylon<\/li>\n<li>Coussinet amortissant<\/li>\n<li>Embouts renforc\u00e9s <\/li>\n<\/ul>\n<\/div>\n<\/div>\n<div class=\"tab js-tab\">\n<h3 class=\"tab-title pdp-tabs_title js-tab-mobile-title\"><span>Description<\/span><\/h3>\n<div class=\"tab-description pdp-tabs_description js-tab-description\" itemprop=\"description\">Les cheveux difficiles \u00e0 coiffer ne seront d\u00e9sormais plus un probl\u00e8me pour vous avec la brosse de 23 cm Static Free Sculpting 680 de Cricket.Gr\u00e2ce \u00e0 sa technologie antistatique, Cricket vous facilite la vie en vous \u00e9vitant les m\u00e8ches volantes dues \u00e0 l\u2019\u00e9lectricit\u00e9 statique. De quoi rendre le coiffage beaucoup plus simple. Qui plus est, le coussinet amortissant et les picots en nylon \u00e9quip\u00e9s d\u2019embouts renforc\u00e9s qui \u00e9quipent la brosse offrent un coiffage en douceur. Etant con\u00e7ue pour \u00eatre en contact avec les lotions et gels actuels, ces derniers n\u2019ont pas d\u2019impact n\u00e9gatif sur la dur\u00e9e de vie de votre brosse.La brosse Static Free Sculpting 680 de Cricket est \u00e9galement pourvue d\u2019un rev\u00eatement antid\u00e9rapant sur le manche afin d\u2019avoir une bonne prise en main et un contr\u00f4le parfait.<\/div>\n<\/div>\n<div class=\"tab js-tab\">\n<h3 class=\"tab-title pdp-tabs_title js-tab-mobile-title\"><span>Mode d&#8217;emploi<\/span><\/h3>\n<div class=\"tab-description pdp-tabs_description js-tab-description\">Vous pouvez utiliser la brosse Static Free Sculpting 680 de Cricket pour d\u00e9m\u00ealer, sur cheveux secs ou humides.Commencez toujours par les pointes puis remontez au fur et \u00e0 mesure, jusqu&rsquo;\u00e0 disparition compl\u00e8te des n\u0153uds.Pensez \u00e0 retirer les cheveux de votre brosse apr\u00e8s utilisation. Nettoyez la \u00e9galement r\u00e9guli\u00e8rement \u00e0 l\u2019eau chaude et au savon pour la conserver dans le meilleur \u00e9tat possible.<\/div>\n<\/div>\n<div class=\"tab js-tab\">\n<h3 class=\"tab-title pdp-tabs_title js-tab-mobile-title\"><span>Livraison et stock<\/span><\/h3>\n<div class=\"tab-description pdp-tabs_description js-tab-description\">\n<div class=\"pdp-delivery_info\">\n<div class=\"content-asset\">Livraison et d\u00e9laisRetours et remboursements<\/div>\n<\/div>\n<\/div>\n<\/div>\n<\/div>\n<\/div>\n<\/div>\n","protected":false},"excerpt":{"rendered":"<p>Points cl\u00e9s Brosse sculptante Antistatique Picots en nylon Coussinet amortissant Embouts renforc\u00e9s Description Les cheveux&hellip;<\/p>\n","protected":false},"featured_media":17685,"comment_status":"open","ping_status":"closed","template":"","meta":[],"pwb-brand":[695],"product_cat":[605],"product_tag":[521,606,127],"class_list":{"0":"post-28465","1":"product","2":"type-product","3":"status-publish","4":"has-post-thumbnail","6":"pwb-brand-cricket","7":"product_cat-essentiels-de-cheveux","8":"product_tag-cricket","9":"product_tag-essentiels-de-cheveux","10":"product_tag-shampooing-et-coiffure","12":"first","13":"instock","14":"taxable","15":"shipping-taxable","16":"purchasable","17":"product-type-simple","18":"layout-style-3","19":"col-md-4 col-sm-4 col-xs-6","20":"col-lg-3","21":"product-has-gallery","22":"product-style-default"},"aioseo_notices":[],"brands":[{"id":695,"name":"Cricket","slug":"cricket"}],"_links":{"self":[{"href":"https:\/\/cheveuxluxe.com\/index.php\/wp-json\/wp\/v2\/product\/28465","targetHints":{"allow":["GET"]}}],"collection":[{"href":"https:\/\/cheveuxluxe.com\/index.php\/wp-json\/wp\/v2\/product"}],"about":[{"href":"https:\/\/cheveuxluxe.com\/index.php\/wp-json\/wp\/v2\/types\/product"}],"replies":[{"embeddable":true,"href":"https:\/\/cheveuxluxe.com\/index.php\/wp-json\/wp\/v2\/comments?post=28465"}],"version-history":[{"count":0,"href":"https:\/\/cheveuxluxe.com\/index.php\/wp-json\/wp\/v2\/product\/28465\/revisions"}],"wp:featuredmedia":[{"embeddable":true,"href":"https:\/\/cheveuxluxe.com\/index.php\/wp-json\/wp\/v2\/media\/17685"}],"wp:attachment":[{"href":"https:\/\/cheveuxluxe.com\/index.php\/wp-json\/wp\/v2\/media?parent=28465"}],"wp:term":[{"taxonomy":"pwb-brand","embeddable":true,"href":"https:\/\/cheveuxluxe.com\/index.php\/wp-json\/wp\/v2\/pwb-brand?post=28465"},{"taxonomy":"product_cat","embeddable":true,"href":"https:\/\/cheveuxluxe.com\/index.php\/wp-json\/wp\/v2\/product_cat?post=28465"},{"taxonomy":"product_tag","embeddable":true,"href":"https:\/\/cheveuxluxe.com\/index.php\/wp-json\/wp\/v2\/product_tag?post=28465"}],"curies":[{"name":"wp","href":"https:\/\/api.w.org\/{rel}","templated":true}]}}