{"id":28466,"date":"2024-04-09T21:27:58","date_gmt":"2024-04-09T21:27:58","guid":{"rendered":"https:\/\/cheveuxluxe.com\/index.php\/product\/framar-ensemble-de-bols-de-couleur\/"},"modified":"2024-04-13T13:50:06","modified_gmt":"2024-04-13T13:50:06","slug":"framar-ensemble-de-bols-de-couleur","status":"publish","type":"product","link":"https:\/\/cheveuxluxe.com\/index.php\/product\/framar-ensemble-de-bols-de-couleur\/","title":{"rendered":"Framar Ensemble de Bols de Couleur"},"content":{"rendered":"<div class=\"product-content_bottom\">\n<div class=\"pdp-info\">\n<div class=\"pdp-tabs tab-container\">\n<div class=\"tab js-tab\">\n<h3 class=\"tab-title pdp-tabs_title js-tab-mobile-title open\"><span>Points cl\u00e9s<\/span><\/h3>\n<div class=\"tab-description pdp-tabs_description js-tab-description open\" itemprop=\"description\">\n<ul>\n<li>Lot de 2<\/li>\n<li>Noir et Transparent<\/li>\n<li>Mat\u00e9riau r\u00e9sistant aux chocs<\/li>\n<li>Dispose d&rsquo;une poign\u00e9e pour un transport facile<\/li>\n<li>Fond caoutchout\u00e9<\/li>\n<li>Bec verseur facile pour les toners, les traitements et le nettoyage<\/li>\n<\/ul>\n<\/div>\n<\/div>\n<div class=\"tab js-tab\">\n<h3 class=\"tab-title pdp-tabs_title js-tab-mobile-title\"><span>Description<\/span><\/h3>\n<div class=\"tab-description pdp-tabs_description js-tab-description\" itemprop=\"description\">Des bols Sister con\u00e7us pour affronter tout ce que la vie de salon peut leur infliger. Les bols ont des dents sur le bord pour aider \u00e0 nettoyer les exc\u00e8s de produits de vos pinceaux de couleur pour les lignes les plus pr\u00e9cises et les plus beaux m\u00e9langes. M\u00e9langez, transportez et peignez le tout dans un seul bol. Les bols sont fabriqu\u00e9s dans un mat\u00e9riau r\u00e9sistant aux chocs et disposent d&rsquo;une poign\u00e9e pour un transport facile du comptoir de couleur \u00e0 l&rsquo;arri\u00e8re de la chaise. Les bols sont dot\u00e9s d&rsquo;un fond caoutchout\u00e9 et d&rsquo;un bec verseur facile pour les toners, les traitements et un nettoyage facile.<\/div>\n<\/div>\n<div class=\"tab js-tab\">\n<h3 class=\"tab-title pdp-tabs_title js-tab-mobile-title\"><span>Livraison et stock<\/span><\/h3>\n<div class=\"tab-description pdp-tabs_description js-tab-description\">\n<div class=\"pdp-delivery_info\">\n<div class=\"content-asset\">Livraison et d\u00e9laisRetours et remboursements<\/div>\n<\/div>\n<\/div>\n<\/div>\n<\/div>\n<\/div>\n<\/div>\n","protected":false},"excerpt":{"rendered":"<p>Points cl\u00e9s Lot de 2 Noir et Transparent Mat\u00e9riau r\u00e9sistant aux chocs Dispose d&rsquo;une poign\u00e9e&hellip;<\/p>\n","protected":false},"featured_media":18256,"comment_status":"open","ping_status":"closed","template":"","meta":[],"pwb-brand":[690],"product_cat":[503],"product_tag":[168,486,169],"class_list":{"0":"post-28466","1":"product","2":"type-product","3":"status-publish","4":"has-post-thumbnail","6":"pwb-brand-framar","7":"product_cat-materiel-de-coiffure-equipement-de-salon-22","8":"product_tag-equipement-de-salon","9":"product_tag-framar","10":"product_tag-materiel-de-coiffure","12":"first","13":"instock","14":"taxable","15":"shipping-taxable","16":"purchasable","17":"product-type-simple","18":"layout-style-3","19":"col-md-4 col-sm-4 col-xs-6","20":"col-lg-3","21":"product-has-gallery","22":"product-style-default"},"aioseo_notices":[],"brands":[{"id":690,"name":"Framar","slug":"framar"}],"_links":{"self":[{"href":"https:\/\/cheveuxluxe.com\/index.php\/wp-json\/wp\/v2\/product\/28466","targetHints":{"allow":["GET"]}}],"collection":[{"href":"https:\/\/cheveuxluxe.com\/index.php\/wp-json\/wp\/v2\/product"}],"about":[{"href":"https:\/\/cheveuxluxe.com\/index.php\/wp-json\/wp\/v2\/types\/product"}],"replies":[{"embeddable":true,"href":"https:\/\/cheveuxluxe.com\/index.php\/wp-json\/wp\/v2\/comments?post=28466"}],"version-history":[{"count":0,"href":"https:\/\/cheveuxluxe.com\/index.php\/wp-json\/wp\/v2\/product\/28466\/revisions"}],"wp:featuredmedia":[{"embeddable":true,"href":"https:\/\/cheveuxluxe.com\/index.php\/wp-json\/wp\/v2\/media\/18256"}],"wp:attachment":[{"href":"https:\/\/cheveuxluxe.com\/index.php\/wp-json\/wp\/v2\/media?parent=28466"}],"wp:term":[{"taxonomy":"pwb-brand","embeddable":true,"href":"https:\/\/cheveuxluxe.com\/index.php\/wp-json\/wp\/v2\/pwb-brand?post=28466"},{"taxonomy":"product_cat","embeddable":true,"href":"https:\/\/cheveuxluxe.com\/index.php\/wp-json\/wp\/v2\/product_cat?post=28466"},{"taxonomy":"product_tag","embeddable":true,"href":"https:\/\/cheveuxluxe.com\/index.php\/wp-json\/wp\/v2\/product_tag?post=28466"}],"curies":[{"name":"wp","href":"https:\/\/api.w.org\/{rel}","templated":true}]}}