{"id":28519,"date":"2024-04-09T21:29:18","date_gmt":"2024-04-09T21:29:18","guid":{"rendered":"https:\/\/cheveuxluxe.com\/index.php\/product\/hercules-peigne-1640-7\/"},"modified":"2024-04-13T14:17:04","modified_gmt":"2024-04-13T14:17:04","slug":"hercules-peigne-1640-7","status":"publish","type":"product","link":"https:\/\/cheveuxluxe.com\/index.php\/product\/hercules-peigne-1640-7\/","title":{"rendered":"Hercules Peigne 1640\/7"},"content":{"rendered":"<div class=\"product-content_bottom\">\n<div class=\"pdp-info\">\n<div class=\"pdp-tabs tab-container\">\n<div class=\"tab js-tab\">\n<h3 class=\"tab-title pdp-tabs_title js-tab-mobile-title open\"><span>Points cl\u00e9s<\/span><\/h3>\n<div class=\"tab-description pdp-tabs_description js-tab-description open\" itemprop=\"description\">\n<ul>\n<li> Dents arrondies<\/li>\n<li>Mise en plis<\/li>\n<li>R\u00e9sistant \u00e0 la chaleur<\/li>\n<li>Courb\u00e9<\/li>\n<li>\u00c9bonite <\/li>\n<\/ul>\n<\/div>\n<\/div>\n<div class=\"tab js-tab\">\n<h3 class=\"tab-title pdp-tabs_title js-tab-mobile-title\"><span>Description<\/span><\/h3>\n<div class=\"tab-description pdp-tabs_description js-tab-description\" itemprop=\"description\">Le Peigne Hercules 1640\/7 est un outil professionnel cr\u00e9\u00e9 pour permettre aux coiffeurs de r\u00e9aliser une mise en plis pr\u00e9cise avec facilit\u00e9. Il est dot\u00e9 d\u2019un dos incurv\u00e9 avec deux zones diff\u00e9renci\u00e9es\u00a0: une partie sup\u00e9rieure avec dents et intervalles moyens, et la partie inf\u00e9rieure avec des dents fines et un intervalle rapproch\u00e9. Ceci permet de travailler l\u2019ondulation en toute simplicit\u00e9.R\u00e9alis\u00e9 \u00e0 la main en Allemagne, ce peigne de qualit\u00e9 est fait pour durer. Il est agr\u00e9able \u00e0 utiliser gr\u00e2ce \u00e0 son design ergonomique. Il est \u00e9galement appr\u00e9ci\u00e9 des clients gr\u00e2ce \u00e0 une conception sans accroc, des dents arrondies et une base polie qui le rend confortable d\u2019utilisation.Sa fabrication en \u00e9bonite, un caoutchouc naturel solidifi\u00e9, le rend \u00e0 la fois flexible et durable. Il est en plus r\u00e9sistant \u00e0 la chaleur et aux produits chimiques, ce qui en fait un outil polyvalent \u00e0 avoir absolument dans sa panoplie.<\/div>\n<\/div>\n<div class=\"tab js-tab\">\n<h3 class=\"tab-title pdp-tabs_title js-tab-mobile-title\"><span>Mode d&#8217;emploi<\/span><\/h3>\n<div class=\"tab-description pdp-tabs_description js-tab-description\">Utilisez le Peigne Hercules 1640\/7 pour r\u00e9aliser des ondulations ou pour s\u00e9parer les m\u00e8ches en pr\u00e9paration d\u2019une permanente ou d\u2019une mise en plis.Nettoyez le peigne \u00e0 l\u2019eau savonneuse apr\u00e8s chaque utilisation.D\u00e9sinfectez de fa\u00e7on r\u00e9guli\u00e8re le peigne pour une hygi\u00e8ne optimale. Utilisez pour cela une lotion d\u00e9sinfectante, de l\u2019eau de javel dilu\u00e9e dans l\u2019eau, ou du vinaigre pour une alternative plus \u00e9cologique.<\/div>\n<\/div>\n<div class=\"tab js-tab\">\n<h3 class=\"tab-title pdp-tabs_title js-tab-mobile-title\"><span>Ingr\u00e9dients<\/span><\/h3>\n<div class=\"tab-description pdp-tabs_description js-tab-description\">Naturkautschuk<\/div>\n<\/div>\n<div class=\"tab js-tab\">\n<h3 class=\"tab-title pdp-tabs_title js-tab-mobile-title\"><span>Livraison et stock<\/span><\/h3>\n<div class=\"tab-description pdp-tabs_description js-tab-description\">\n<div class=\"pdp-delivery_info\">\n<div class=\"content-asset\">Livraison et d\u00e9laisRetours et remboursements<\/div>\n<\/div>\n<\/div>\n<\/div>\n<\/div>\n<\/div>\n<\/div>\n","protected":false},"excerpt":{"rendered":"<p>Points cl\u00e9s Dents arrondies Mise en plis R\u00e9sistant \u00e0 la chaleur Courb\u00e9 \u00c9bonite Description Le&hellip;<\/p>\n","protected":false},"featured_media":17540,"comment_status":"open","ping_status":"closed","template":"","meta":[],"pwb-brand":[675],"product_cat":[605],"product_tag":[606,430,127],"class_list":{"0":"post-28519","1":"product","2":"type-product","3":"status-publish","4":"has-post-thumbnail","6":"pwb-brand-hercules","7":"product_cat-essentiels-de-cheveux","8":"product_tag-essentiels-de-cheveux","9":"product_tag-hercules","10":"product_tag-shampooing-et-coiffure","12":"first","13":"instock","14":"taxable","15":"shipping-taxable","16":"purchasable","17":"product-type-simple","18":"layout-style-3","19":"col-md-4 col-sm-4 col-xs-6","20":"col-lg-3","21":"product-style-default"},"aioseo_notices":[],"brands":[{"id":675,"name":"Hercules","slug":"hercules"}],"_links":{"self":[{"href":"https:\/\/cheveuxluxe.com\/index.php\/wp-json\/wp\/v2\/product\/28519","targetHints":{"allow":["GET"]}}],"collection":[{"href":"https:\/\/cheveuxluxe.com\/index.php\/wp-json\/wp\/v2\/product"}],"about":[{"href":"https:\/\/cheveuxluxe.com\/index.php\/wp-json\/wp\/v2\/types\/product"}],"replies":[{"embeddable":true,"href":"https:\/\/cheveuxluxe.com\/index.php\/wp-json\/wp\/v2\/comments?post=28519"}],"version-history":[{"count":0,"href":"https:\/\/cheveuxluxe.com\/index.php\/wp-json\/wp\/v2\/product\/28519\/revisions"}],"wp:featuredmedia":[{"embeddable":true,"href":"https:\/\/cheveuxluxe.com\/index.php\/wp-json\/wp\/v2\/media\/17540"}],"wp:attachment":[{"href":"https:\/\/cheveuxluxe.com\/index.php\/wp-json\/wp\/v2\/media?parent=28519"}],"wp:term":[{"taxonomy":"pwb-brand","embeddable":true,"href":"https:\/\/cheveuxluxe.com\/index.php\/wp-json\/wp\/v2\/pwb-brand?post=28519"},{"taxonomy":"product_cat","embeddable":true,"href":"https:\/\/cheveuxluxe.com\/index.php\/wp-json\/wp\/v2\/product_cat?post=28519"},{"taxonomy":"product_tag","embeddable":true,"href":"https:\/\/cheveuxluxe.com\/index.php\/wp-json\/wp\/v2\/product_tag?post=28519"}],"curies":[{"name":"wp","href":"https:\/\/api.w.org\/{rel}","templated":true}]}}