{"id":28552,"date":"2024-04-09T21:30:35","date_gmt":"2024-04-09T21:30:35","guid":{"rendered":"https:\/\/cheveuxluxe.com\/index.php\/product\/hercules-peigne-621-7-376-7\/"},"modified":"2024-04-13T14:16:56","modified_gmt":"2024-04-13T14:16:56","slug":"hercules-peigne-621-7-376-7","status":"publish","type":"product","link":"https:\/\/cheveuxluxe.com\/index.php\/product\/hercules-peigne-621-7-376-7\/","title":{"rendered":"Hercules Peigne 621\/7-376\/7"},"content":{"rendered":"<div class=\"product-content_bottom\">\n<div class=\"pdp-info\">\n<div class=\"pdp-tabs tab-container\">\n<div class=\"tab js-tab\">\n<h3 class=\"tab-title pdp-tabs_title js-tab-mobile-title open\"><span>Points cl\u00e9s<\/span><\/h3>\n<div class=\"tab-description pdp-tabs_description js-tab-description open\" itemprop=\"description\">\n<ul>\n<li> Peigne en caoutchouc<\/li>\n<li>R\u00e9sistant aux produits chimiques et \u00e0 la chaleur<\/li>\n<li>Robuste<\/li>\n<li>Flexible<\/li>\n<li>Dents larges et fines <\/li>\n<\/ul>\n<\/div>\n<\/div>\n<div class=\"tab js-tab\">\n<h3 class=\"tab-title pdp-tabs_title js-tab-mobile-title\"><span>Description<\/span><\/h3>\n<div class=\"tab-description pdp-tabs_description js-tab-description\" itemprop=\"description\">Pour vous accompagner dans toutes vos coupes, en salon ou chez vos clients, le Peigne 621\/7-376\/7 Hercules se r\u00e9v\u00e8le \u00eatre un outil de choix. R\u00e9alis\u00e9 avec soin, \u00e0 la main, il vous d\u00e9voile toutes ses comp\u00e9tences pour d\u00e9m\u00ealer les cheveux, qu&rsquo;ils soient humides ou secs.Confectionn\u00e9 en caoutchouc, cet outil fiable, r\u00e9sistant et flexible, ne craint ni la chaleur ni les produits chimiques. Ainsi, il peut \u00eatre employ\u00e9 pour peigner des cheveux sur lesquels une coloration est appliqu\u00e9e ou bien en m\u00eame temps qu&rsquo;un s\u00e8che-cheveux.Le Peigne 621\/7-376\/7 vient \u00e0 bout des n\u0153uds tout en douceur gr\u00e2ce \u00e0 ses dents polies, larges et espac\u00e9es d&rsquo;un c\u00f4t\u00e9 et fines et serr\u00e9es de l&rsquo;autre. Avec sa longueur de 17,6 cm, il est facile \u00e0 transporter et \u00e0 manier et vous aide \u00e0 d\u00e9voiler tout le potentiel d&rsquo;une chevelure disciplin\u00e9e et lisse.<\/div>\n<\/div>\n<div class=\"tab js-tab\">\n<h3 class=\"tab-title pdp-tabs_title js-tab-mobile-title\"><span>Mode d&#8217;emploi<\/span><\/h3>\n<div class=\"tab-description pdp-tabs_description js-tab-description\">Sur cheveux secs ou humides, glissez-le Peigne 621\/7-376\/7 Hercules des racines jusqu\u2019aux pointes.Nettoyez le peigne entre chaque utilisation et d\u00e9sinfectez-le tr\u00e8s r\u00e9guli\u00e8rement.Compl\u00e9tez votre mat\u00e9riel avec le Peigne 600.8-602.8 Hercules, plus grand et id\u00e9al pour le d\u00e9m\u00ealage.<\/div>\n<\/div>\n<div class=\"tab js-tab\">\n<h3 class=\"tab-title pdp-tabs_title js-tab-mobile-title\"><span>Ingr\u00e9dients<\/span><\/h3>\n<div class=\"tab-description pdp-tabs_description js-tab-description\">Naturkautschuk<\/div>\n<\/div>\n<div class=\"tab js-tab\">\n<h3 class=\"tab-title pdp-tabs_title js-tab-mobile-title\"><span>Livraison et stock<\/span><\/h3>\n<div class=\"tab-description pdp-tabs_description js-tab-description\">\n<div class=\"pdp-delivery_info\">\n<div class=\"content-asset\">Livraison et d\u00e9laisRetours et remboursements<\/div>\n<\/div>\n<\/div>\n<\/div>\n<\/div>\n<\/div>\n<\/div>\n","protected":false},"excerpt":{"rendered":"<p>Points cl\u00e9s Peigne en caoutchouc R\u00e9sistant aux produits chimiques et \u00e0 la chaleur Robuste Flexible&hellip;<\/p>\n","protected":false},"featured_media":17570,"comment_status":"open","ping_status":"closed","template":"","meta":[],"pwb-brand":[675],"product_cat":[605],"product_tag":[606,430,127],"class_list":{"0":"post-28552","1":"product","2":"type-product","3":"status-publish","4":"has-post-thumbnail","6":"pwb-brand-hercules","7":"product_cat-essentiels-de-cheveux","8":"product_tag-essentiels-de-cheveux","9":"product_tag-hercules","10":"product_tag-shampooing-et-coiffure","12":"first","13":"instock","14":"taxable","15":"shipping-taxable","16":"purchasable","17":"product-type-simple","18":"layout-style-3","19":"col-md-4 col-sm-4 col-xs-6","20":"col-lg-3","21":"product-style-default"},"aioseo_notices":[],"brands":[{"id":675,"name":"Hercules","slug":"hercules"}],"_links":{"self":[{"href":"https:\/\/cheveuxluxe.com\/index.php\/wp-json\/wp\/v2\/product\/28552","targetHints":{"allow":["GET"]}}],"collection":[{"href":"https:\/\/cheveuxluxe.com\/index.php\/wp-json\/wp\/v2\/product"}],"about":[{"href":"https:\/\/cheveuxluxe.com\/index.php\/wp-json\/wp\/v2\/types\/product"}],"replies":[{"embeddable":true,"href":"https:\/\/cheveuxluxe.com\/index.php\/wp-json\/wp\/v2\/comments?post=28552"}],"version-history":[{"count":0,"href":"https:\/\/cheveuxluxe.com\/index.php\/wp-json\/wp\/v2\/product\/28552\/revisions"}],"wp:featuredmedia":[{"embeddable":true,"href":"https:\/\/cheveuxluxe.com\/index.php\/wp-json\/wp\/v2\/media\/17570"}],"wp:attachment":[{"href":"https:\/\/cheveuxluxe.com\/index.php\/wp-json\/wp\/v2\/media?parent=28552"}],"wp:term":[{"taxonomy":"pwb-brand","embeddable":true,"href":"https:\/\/cheveuxluxe.com\/index.php\/wp-json\/wp\/v2\/pwb-brand?post=28552"},{"taxonomy":"product_cat","embeddable":true,"href":"https:\/\/cheveuxluxe.com\/index.php\/wp-json\/wp\/v2\/product_cat?post=28552"},{"taxonomy":"product_tag","embeddable":true,"href":"https:\/\/cheveuxluxe.com\/index.php\/wp-json\/wp\/v2\/product_tag?post=28552"}],"curies":[{"name":"wp","href":"https:\/\/api.w.org\/{rel}","templated":true}]}}