{"id":28565,"date":"2024-04-09T21:30:51","date_gmt":"2024-04-09T21:30:51","guid":{"rendered":"https:\/\/cheveuxluxe.com\/index.php\/product\/hercules-peigne-631-445\/"},"modified":"2024-04-13T14:16:58","modified_gmt":"2024-04-13T14:16:58","slug":"hercules-peigne-631-445","status":"publish","type":"product","link":"https:\/\/cheveuxluxe.com\/index.php\/product\/hercules-peigne-631-445\/","title":{"rendered":"Hercules Peigne 631-445"},"content":{"rendered":"<div class=\"product-content_bottom\">\n<div class=\"pdp-info\">\n<div class=\"pdp-tabs tab-container\">\n<div class=\"tab js-tab\">\n<h3 class=\"tab-title pdp-tabs_title js-tab-mobile-title open\"><span>Points cl\u00e9s<\/span><\/h3>\n<div class=\"tab-description pdp-tabs_description js-tab-description open\" itemprop=\"description\">\n<ul>\n<li> Antistatique<\/li>\n<li>D\u00e9m\u00ealant<\/li>\n<li>Deux types de dents<\/li>\n<li>\u00c9bonite<\/li>\n<li>R\u00e9siste aux produits chimiques <\/li>\n<\/ul>\n<\/div>\n<\/div>\n<div class=\"tab js-tab\">\n<h3 class=\"tab-title pdp-tabs_title js-tab-mobile-title\"><span>Description<\/span><\/h3>\n<div class=\"tab-description pdp-tabs_description js-tab-description\" itemprop=\"description\">Enti\u00e8rement fabriqu\u00e9 \u00e0 la main et antistatique, le Peigne 631-445 de Hercules pr\u00e9serve les cheveux gr\u00e2ce \u00e0 sa mati\u00e8re en caoutchouc naturel vulcanis\u00e9. La denture fine en forme de c\u0153ur est sp\u00e9cialement \u00e9tudi\u00e9e pour \u00e9viter d\u2019accrocher les m\u00e8ches ou de casser la tige du cheveu. V\u00e9ritable alli\u00e9 des professionnels, ce peigne haut de gamme d\u2019une longueur de 17.8 cm s\u2019utilise sur les coupes longues \u00e0 mi-longues.Ce peigne est id\u00e9al pour le d\u00e9m\u00ealage et convient aussi bien aux cheveux denses qu\u2019aux cheveux fins. Il r\u00e9siste parfaitement aux produits chimiques et a \u00e9t\u00e9 con\u00e7u pour un usage intensif au quotidien. Il est parfait pour r\u00e9partir uniform\u00e9ment les produits pour permanentes froides, de la racine aux pointes.Premi\u00e8re r\u00e9f\u00e9rence des stylistes, la marque Hercules propose une large vari\u00e9t\u00e9 de peignes professionnels en mati\u00e8re naturelle.<\/div>\n<\/div>\n<div class=\"tab js-tab\">\n<h3 class=\"tab-title pdp-tabs_title js-tab-mobile-title\"><span>Mode d&#8217;emploi<\/span><\/h3>\n<div class=\"tab-description pdp-tabs_description js-tab-description\">Coiffez les cheveux en choisissant le type de dents selon leur \u00e9paisseur et leur longueur.Nettoyez r\u00e9guli\u00e8rement le peigne \u00e0 l\u2019eau ti\u00e8de additionn\u00e9e d\u2019une noisette de shampoing.<\/div>\n<\/div>\n<div class=\"tab js-tab\">\n<h3 class=\"tab-title pdp-tabs_title js-tab-mobile-title\"><span>Ingr\u00e9dients<\/span><\/h3>\n<div class=\"tab-description pdp-tabs_description js-tab-description\">Naturkautschuk<\/div>\n<\/div>\n<div class=\"tab js-tab\">\n<h3 class=\"tab-title pdp-tabs_title js-tab-mobile-title\"><span>Livraison et stock<\/span><\/h3>\n<div class=\"tab-description pdp-tabs_description js-tab-description\">\n<div class=\"pdp-delivery_info\">\n<div class=\"content-asset\">Livraison et d\u00e9laisRetours et remboursements<\/div>\n<\/div>\n<\/div>\n<\/div>\n<\/div>\n<\/div>\n<\/div>\n","protected":false},"excerpt":{"rendered":"<p>Points cl\u00e9s Antistatique D\u00e9m\u00ealant Deux types de dents \u00c9bonite R\u00e9siste aux produits chimiques Description Enti\u00e8rement&hellip;<\/p>\n","protected":false},"featured_media":17555,"comment_status":"open","ping_status":"closed","template":"","meta":[],"pwb-brand":[675],"product_cat":[605],"product_tag":[606,430,127],"class_list":{"0":"post-28565","1":"product","2":"type-product","3":"status-publish","4":"has-post-thumbnail","6":"pwb-brand-hercules","7":"product_cat-essentiels-de-cheveux","8":"product_tag-essentiels-de-cheveux","9":"product_tag-hercules","10":"product_tag-shampooing-et-coiffure","12":"first","13":"instock","14":"taxable","15":"shipping-taxable","16":"purchasable","17":"product-type-simple","18":"layout-style-3","19":"col-md-4 col-sm-4 col-xs-6","20":"col-lg-3","21":"product-style-default"},"aioseo_notices":[],"brands":[{"id":675,"name":"Hercules","slug":"hercules"}],"_links":{"self":[{"href":"https:\/\/cheveuxluxe.com\/index.php\/wp-json\/wp\/v2\/product\/28565","targetHints":{"allow":["GET"]}}],"collection":[{"href":"https:\/\/cheveuxluxe.com\/index.php\/wp-json\/wp\/v2\/product"}],"about":[{"href":"https:\/\/cheveuxluxe.com\/index.php\/wp-json\/wp\/v2\/types\/product"}],"replies":[{"embeddable":true,"href":"https:\/\/cheveuxluxe.com\/index.php\/wp-json\/wp\/v2\/comments?post=28565"}],"version-history":[{"count":0,"href":"https:\/\/cheveuxluxe.com\/index.php\/wp-json\/wp\/v2\/product\/28565\/revisions"}],"wp:featuredmedia":[{"embeddable":true,"href":"https:\/\/cheveuxluxe.com\/index.php\/wp-json\/wp\/v2\/media\/17555"}],"wp:attachment":[{"href":"https:\/\/cheveuxluxe.com\/index.php\/wp-json\/wp\/v2\/media?parent=28565"}],"wp:term":[{"taxonomy":"pwb-brand","embeddable":true,"href":"https:\/\/cheveuxluxe.com\/index.php\/wp-json\/wp\/v2\/pwb-brand?post=28565"},{"taxonomy":"product_cat","embeddable":true,"href":"https:\/\/cheveuxluxe.com\/index.php\/wp-json\/wp\/v2\/product_cat?post=28565"},{"taxonomy":"product_tag","embeddable":true,"href":"https:\/\/cheveuxluxe.com\/index.php\/wp-json\/wp\/v2\/product_tag?post=28565"}],"curies":[{"name":"wp","href":"https:\/\/api.w.org\/{rel}","templated":true}]}}