{"id":28584,"date":"2024-04-09T21:31:28","date_gmt":"2024-04-09T21:31:28","guid":{"rendered":"https:\/\/cheveuxluxe.com\/index.php\/product\/hercules-peigne-a-manche-master-class-1975\/"},"modified":"2024-04-13T14:17:02","modified_gmt":"2024-04-13T14:17:02","slug":"hercules-peigne-a-manche-master-class-1975","status":"publish","type":"product","link":"https:\/\/cheveuxluxe.com\/index.php\/product\/hercules-peigne-a-manche-master-class-1975\/","title":{"rendered":"Hercules Peigne \u00e0 Manche Master Class 1975"},"content":{"rendered":"<div class=\"product-content_bottom\">\n<div class=\"pdp-info\">\n<div class=\"pdp-tabs tab-container\">\n<div class=\"tab js-tab\">\n<h3 class=\"tab-title pdp-tabs_title js-tab-mobile-title open\"><span>Points cl\u00e9s<\/span><\/h3>\n<div class=\"tab-description pdp-tabs_description js-tab-description open\" itemprop=\"description\">\n<ul>\n<li> Fait main<\/li>\n<li>Ergonomique<\/li>\n<li>Peigne technique<\/li>\n<li>R\u00e9siste aux produits chimiques<\/li>\n<li>\u00c9bonite <\/li>\n<\/ul>\n<\/div>\n<\/div>\n<div class=\"tab js-tab\">\n<h3 class=\"tab-title pdp-tabs_title js-tab-mobile-title\"><span>Description<\/span><\/h3>\n<div class=\"tab-description pdp-tabs_description js-tab-description\" itemprop=\"description\">Avec le Peigne \u00e0 Manche Master Class 1975 d\u2019Hercules, d\u00e9m\u00ealez, pr\u00e9parez les cheveux pour la permanente et appliquez les produits coiffants de fa\u00e7on homog\u00e8ne en un tour de main.Ce Peigne \u00e0 Manche est dot\u00e9 de dents largement \u00e9cart\u00e9es. Comme tous les peignes techniques de la marque Hercules, il a \u00e9t\u00e9 test\u00e9 pour r\u00e9pondre \u00e0 des exigences d\u2019ergonomie, pour une utilisation facile et agr\u00e9able. Il est \u00e9galement doux pour les cheveux et pour le cuir chevelu de votre client.Ce peigne est fabriqu\u00e9 \u00e0 la main en Allemagne, pour une qualit\u00e9 optimale. Sa conception en \u00e9bonite, un caoutchouc solidifi\u00e9, le rend \u00e0 la fois solide et flexible. Il est r\u00e9sistant \u00e0 la chaleur et aux produits chimiques, ce qui est tr\u00e8s pratique pour l\u2019utiliser lors de la r\u00e9alisation de permanentes ou de colorations. Son aspect noir brillant lui donne un look tr\u00e8s pro.<\/div>\n<\/div>\n<div class=\"tab js-tab\">\n<h3 class=\"tab-title pdp-tabs_title js-tab-mobile-title\"><span>Mode d&#8217;emploi<\/span><\/h3>\n<div class=\"tab-description pdp-tabs_description js-tab-description\">Utilisez le Peigne \u00e0 Manche Master Class 1975 d\u2019Hercules lors du d\u00e9m\u00ealage, du coiffage ou de l\u2019application de produits coiffants.Nettoyez r\u00e9guli\u00e8rement votre peigne \u00e0 l\u2019eau savonneuse.N\u2019oubliez pas non plus de d\u00e9sinfecter de fa\u00e7on r\u00e9guli\u00e8re vos peignes et brosses. Utilisez de l\u2019eau de javel dilu\u00e9e dans l\u2019eau ti\u00e8de, un spray d\u00e9sinfectant, ou du vinaigre pour une alternative plus \u00e9cologique.<\/div>\n<\/div>\n<div class=\"tab js-tab\">\n<h3 class=\"tab-title pdp-tabs_title js-tab-mobile-title\"><span>Ingr\u00e9dients<\/span><\/h3>\n<div class=\"tab-description pdp-tabs_description js-tab-description\">Naturkautschuk<\/div>\n<\/div>\n<div class=\"tab js-tab\">\n<h3 class=\"tab-title pdp-tabs_title js-tab-mobile-title\"><span>Livraison et stock<\/span><\/h3>\n<div class=\"tab-description pdp-tabs_description js-tab-description\">\n<div class=\"pdp-delivery_info\">\n<div class=\"content-asset\">Livraison et d\u00e9laisRetours et remboursements<\/div>\n<\/div>\n<\/div>\n<\/div>\n<\/div>\n<\/div>\n<\/div>\n","protected":false},"excerpt":{"rendered":"<p>Points cl\u00e9s Fait main Ergonomique Peigne technique R\u00e9siste aux produits chimiques \u00c9bonite Description Avec le&hellip;<\/p>\n","protected":false},"featured_media":17538,"comment_status":"open","ping_status":"closed","template":"","meta":[],"pwb-brand":[675],"product_cat":[605],"product_tag":[606,430,127],"class_list":{"0":"post-28584","1":"product","2":"type-product","3":"status-publish","4":"has-post-thumbnail","6":"pwb-brand-hercules","7":"product_cat-essentiels-de-cheveux","8":"product_tag-essentiels-de-cheveux","9":"product_tag-hercules","10":"product_tag-shampooing-et-coiffure","12":"first","13":"instock","14":"taxable","15":"shipping-taxable","16":"purchasable","17":"product-type-simple","18":"layout-style-3","19":"col-md-4 col-sm-4 col-xs-6","20":"col-lg-3","21":"product-style-default"},"aioseo_notices":[],"brands":[{"id":675,"name":"Hercules","slug":"hercules"}],"_links":{"self":[{"href":"https:\/\/cheveuxluxe.com\/index.php\/wp-json\/wp\/v2\/product\/28584","targetHints":{"allow":["GET"]}}],"collection":[{"href":"https:\/\/cheveuxluxe.com\/index.php\/wp-json\/wp\/v2\/product"}],"about":[{"href":"https:\/\/cheveuxluxe.com\/index.php\/wp-json\/wp\/v2\/types\/product"}],"replies":[{"embeddable":true,"href":"https:\/\/cheveuxluxe.com\/index.php\/wp-json\/wp\/v2\/comments?post=28584"}],"version-history":[{"count":0,"href":"https:\/\/cheveuxluxe.com\/index.php\/wp-json\/wp\/v2\/product\/28584\/revisions"}],"wp:featuredmedia":[{"embeddable":true,"href":"https:\/\/cheveuxluxe.com\/index.php\/wp-json\/wp\/v2\/media\/17538"}],"wp:attachment":[{"href":"https:\/\/cheveuxluxe.com\/index.php\/wp-json\/wp\/v2\/media?parent=28584"}],"wp:term":[{"taxonomy":"pwb-brand","embeddable":true,"href":"https:\/\/cheveuxluxe.com\/index.php\/wp-json\/wp\/v2\/pwb-brand?post=28584"},{"taxonomy":"product_cat","embeddable":true,"href":"https:\/\/cheveuxluxe.com\/index.php\/wp-json\/wp\/v2\/product_cat?post=28584"},{"taxonomy":"product_tag","embeddable":true,"href":"https:\/\/cheveuxluxe.com\/index.php\/wp-json\/wp\/v2\/product_tag?post=28584"}],"curies":[{"name":"wp","href":"https:\/\/api.w.org\/{rel}","templated":true}]}}