{"id":28605,"date":"2024-04-09T21:32:10","date_gmt":"2024-04-09T21:32:10","guid":{"rendered":"https:\/\/cheveuxluxe.com\/index.php\/product\/sibel-bol-de-coloration-plastique-recycle-a-100-noir\/"},"modified":"2024-04-13T13:51:16","modified_gmt":"2024-04-13T13:51:16","slug":"sibel-bol-de-coloration-plastique-recycle-a-100-noir","status":"publish","type":"product","link":"https:\/\/cheveuxluxe.com\/index.php\/product\/sibel-bol-de-coloration-plastique-recycle-a-100-noir\/","title":{"rendered":"Sibel Bol de Coloration Plastique Recycl\u00e9 \u00e0 100% Noir"},"content":{"rendered":"<div class=\"product-content_bottom\">\n<div class=\"pdp-info\">\n<div class=\"pdp-tabs tab-container\">\n<div class=\"tab js-tab\">\n<h3 class=\"tab-title pdp-tabs_title js-tab-mobile-title open\"><span>Points cl\u00e9s<\/span><\/h3>\n<div class=\"tab-description pdp-tabs_description js-tab-description open\" itemprop=\"description\">\n<ul>\n<li>Bol de coloration<\/li>\n<li>Max. contenu de 250 ml<\/li>\n<li>Avec \u00e9chelle de mesure<\/li>\n<li>En plastique 100% recycl\u00e9<\/li>\n<\/ul>\n<\/div>\n<\/div>\n<div class=\"tab js-tab\">\n<h3 class=\"tab-title pdp-tabs_title js-tab-mobile-title\"><span>Description<\/span><\/h3>\n<div class=\"tab-description pdp-tabs_description js-tab-description\" itemprop=\"description\">Ces outils de coiffage et de coloration sont enti\u00e8rement fabriqu\u00e9s \u00e0 base de plastique recycl\u00e9 (label Global Recycled Standard, ou GRS).<\/p>\n<p>Face au probl\u00e8me que pose l\u2019enfouisse-ment des d\u00e9chets et dans une d\u00e9marche respectueuse de l\u2019environnement, le recyclage est la meilleure solution. La production de plastique n\u00e9cessite alors moins de p\u00e9trole. La fabrication est moins \u00e9nergivore. Les \u00e9missions de CO2 associ\u00e9es aux produits sont r\u00e9duites.<\/p><\/div>\n<\/div>\n<div class=\"tab js-tab\">\n<h3 class=\"tab-title pdp-tabs_title js-tab-mobile-title\"><span>Livraison et stock<\/span><\/h3>\n<div class=\"tab-description pdp-tabs_description js-tab-description\">\n<div class=\"pdp-delivery_info\">\n<div class=\"content-asset\">Livraison et d\u00e9laisRetours et remboursements<\/div>\n<\/div>\n<\/div>\n<\/div>\n<\/div>\n<\/div>\n<\/div>\n","protected":false},"excerpt":{"rendered":"<p>Points cl\u00e9s Bol de coloration Max. contenu de 250 ml Avec \u00e9chelle de mesure En&hellip;<\/p>\n","protected":false},"featured_media":28604,"comment_status":"open","ping_status":"closed","template":"","meta":[],"pwb-brand":[652],"product_cat":[503],"product_tag":[168,169,342],"class_list":{"0":"post-28605","1":"product","2":"type-product","3":"status-publish","4":"has-post-thumbnail","6":"pwb-brand-sibel","7":"product_cat-materiel-de-coiffure-equipement-de-salon-22","8":"product_tag-equipement-de-salon","9":"product_tag-materiel-de-coiffure","10":"product_tag-sibel","12":"first","13":"instock","14":"taxable","15":"shipping-taxable","16":"purchasable","17":"product-type-simple","18":"layout-style-3","19":"col-md-4 col-sm-4 col-xs-6","20":"col-lg-3","21":"product-style-default"},"aioseo_notices":[],"brands":[{"id":652,"name":"Sibel","slug":"sibel"}],"_links":{"self":[{"href":"https:\/\/cheveuxluxe.com\/index.php\/wp-json\/wp\/v2\/product\/28605","targetHints":{"allow":["GET"]}}],"collection":[{"href":"https:\/\/cheveuxluxe.com\/index.php\/wp-json\/wp\/v2\/product"}],"about":[{"href":"https:\/\/cheveuxluxe.com\/index.php\/wp-json\/wp\/v2\/types\/product"}],"replies":[{"embeddable":true,"href":"https:\/\/cheveuxluxe.com\/index.php\/wp-json\/wp\/v2\/comments?post=28605"}],"version-history":[{"count":0,"href":"https:\/\/cheveuxluxe.com\/index.php\/wp-json\/wp\/v2\/product\/28605\/revisions"}],"wp:featuredmedia":[{"embeddable":true,"href":"https:\/\/cheveuxluxe.com\/index.php\/wp-json\/wp\/v2\/media\/28604"}],"wp:attachment":[{"href":"https:\/\/cheveuxluxe.com\/index.php\/wp-json\/wp\/v2\/media?parent=28605"}],"wp:term":[{"taxonomy":"pwb-brand","embeddable":true,"href":"https:\/\/cheveuxluxe.com\/index.php\/wp-json\/wp\/v2\/pwb-brand?post=28605"},{"taxonomy":"product_cat","embeddable":true,"href":"https:\/\/cheveuxluxe.com\/index.php\/wp-json\/wp\/v2\/product_cat?post=28605"},{"taxonomy":"product_tag","embeddable":true,"href":"https:\/\/cheveuxluxe.com\/index.php\/wp-json\/wp\/v2\/product_tag?post=28605"}],"curies":[{"name":"wp","href":"https:\/\/api.w.org\/{rel}","templated":true}]}}

Sibel Bol de Coloration Plastique Recyclé à 100% Noir

<div class="product-content_bottom">
<div class="pdp-info">
<div class="pdp-tabs tab-container">
<div class="tab js-tab">
<h3 class="tab-title pdp-tabs_title js-tab-mobile-title open"><span>Points clés</span></h3>
<div class="tab-description pdp-tabs_description js-tab-description open" itemprop="description">
<ul>
<li>Bol de coloration</li>
<li>Max. contenu de 250 ml</li>
<li>Avec échelle de mesure</li>
<li>En plastique 100% recyclé</li>
</ul>
</div>
</div>
<div class="tab js-tab">
<h3 class="tab-title pdp-tabs_title js-tab-mobile-title"><span>Description</span></h3>
<div class="tab-description pdp-tabs_description js-tab-description" itemprop="description">Ces outils de coiffage et de coloration sont entièrement fabriqués à base de plastique recyclé (label Global Recycled Standard, ou GRS).</p>
<p>Face au problème que pose l’enfouisse-ment des déchets et dans une démarche respectueuse de l’environnement, le recyclage est la meilleure solution. La production de plastique nécessite alors moins de pétrole. La fabrication est moins énergivore. Les émissions de CO2 associées aux produits sont réduites.</p></div>
</div>
<div class="tab js-tab">
<h3 class="tab-title pdp-tabs_title js-tab-mobile-title"><span>Livraison et stock</span></h3>
<div class="tab-description pdp-tabs_description js-tab-description">
<div class="pdp-delivery_info">
<div class="content-asset">Livraison et délaisRetours et remboursements</div>
</div>
</div>
</div>
</div>
</div>
</div>

<p>Points clés Bol de coloration Max. contenu de 250 ml Avec échelle de mesure En&hellip;</p>
