{"id":28672,"date":"2024-04-09T21:33:56","date_gmt":"2024-04-09T21:33:56","guid":{"rendered":"https:\/\/cheveuxluxe.com\/index.php\/product\/daylight-lampe-flexible-gemini\/"},"modified":"2024-04-13T13:53:13","modified_gmt":"2024-04-13T13:53:13","slug":"daylight-lampe-flexible-gemini","status":"publish","type":"product","link":"https:\/\/cheveuxluxe.com\/index.php\/product\/daylight-lampe-flexible-gemini\/","title":{"rendered":"Daylight Lampe Flexible Gemini"},"content":{"rendered":"<div class=\"product-content_bottom\">\n<div class=\"pdp-info\">\n<div class=\"pdp-tabs tab-container\">\n<div class=\"tab js-tab\">\n<h3 class=\"tab-title pdp-tabs_title js-tab-mobile-title open\"><span>Points cl\u00e9s<\/span><\/h3>\n<div class=\"tab-description pdp-tabs_description js-tab-description open\" itemprop=\"description\">\n<ul>\n<li>Lampe flexible et stable<\/li>\n<li>Se transporte facilement dans son sac de rangement<\/li>\n<li>Lumi\u00e8res LED avec un contraste \u00e9lev\u00e9 pour plus de pr\u00e9cision<\/li>\n<li>Support amovible\u00a0et port USB pour\u00a0t\u00e9l\u00e9phone<\/li>\n<li>4 niveaux de luminosit\u00e9 ajustable<\/li>\n<\/ul>\n<\/div>\n<\/div>\n<div class=\"tab js-tab\">\n<h3 class=\"tab-title pdp-tabs_title js-tab-mobile-title\"><span>Description<\/span><\/h3>\n<div class=\"tab-description pdp-tabs_description js-tab-description\" itemprop=\"description\">\n<p>La flexibilit\u00e9 rencontre la stabilit\u00e9 et la portabilit\u00e9. Gemini de Daylight offre un contraste \u00e9lev\u00e9 et une correspondance pr\u00e9cise des couleurs, sans cr\u00e9er d&rsquo;ombrage. Ses deux bras lumineux vous permet d&rsquo;ajuster la lumi\u00e8re pour vos besoins. Son support t\u00e9lescopique et sa base stable vous assurent un \u00e9clairage de qualit\u00e9. Vous pouvez aussi r\u00e9gler l&rsquo;intensit\u00e9 de l&rsquo;\u00e9clairage pour le confort ultime de votre client ou vous-m\u00eame. Avec un poids minime de 2,4 kg, le Daylight Gemini se plie et se range facilement dans son sac de transport.<\/p>\n<p>Facile \u00e0 emballer, \u00e0 emporter, \u00e0 installer et \u00e0 utiliser quand et comme vous le souhaitez. Le support de t\u00e9l\u00e9phone int\u00e9gr\u00e9 vous permet de faire des tweets, Snaps et Instagram ; d&rsquo;enregistrer des tutoriels ou simplement de v\u00e9rifier votre prochain rendez-vous. Son port USB vous permet de charger votre appareil pendant que vous vous en servez. Gemini est l&rsquo;outil de traitement de beaut\u00e9 ultime qui vous permet de montrer au monde ce dont vous \u00eates capable. Servez-vous de la lampe pour vos traitements ainsi que pour cr\u00e9er du contenu pour stimuler votre audience sur les r\u00e9seaux.<\/p>\n<p>\u00a0<\/p>\n<p><strong>L&rsquo;\u00e9clairage id\u00e9al pour :<\/strong>\u00a0<\/p>\n<ul>\n<li>Esth\u00e9ticienne mobile\u00a0<\/li>\n<li>Technicienne de cils et sourcils<\/li>\n<li>Barbiers<\/li>\n<li>Tattoueurs<\/li>\n<li>Blogueur et influenceurs<\/li>\n<\/ul>\n<p>\u00a0<\/p>\n<p><strong>Dimensions :<\/strong>\u00a0<\/p>\n<ul>\n<li>Hauteur : 135\u00a0cm<\/li>\n<li>Largeur : 90\u00a0cm<\/li>\n<li>Profondeur : 57\u00a0cm<\/li>\n<li>Poids : 2,4\u00a0kg (5 lbs)<\/li>\n<li>Longueur du c\u00e2ble : 3,5 m<\/li>\n<\/ul>\n<p>\u00a0<\/p>\n<p><strong>Sp\u00e9cifications technique :\u00a0<\/strong><\/p>\n<p>Source de lumi\u00e8re : LED<br \/>Lumens 1,400<br \/>Lux \u00e0 30 cm 4 500<br \/>Temp\u00e9rature de couleur : 6 000\u00baK<br \/>IRC : 80<\/p>\n<p>Consommation d&rsquo;\u00e9nergie 23W<br \/>Couleur argent et noir<br \/>Dur\u00e9e de vie nominale des LED (heures) 50 000<br \/>Variateur tactile \u00e0 4 niveaux : 900 &#8211; 1 700 &#8211; 3 500 &#8211; 4 500 Lux<br \/>Port\u00e9e maximale : 44 cm (17\u2033)<\/p>\n<\/div>\n<\/div>\n<div class=\"tab js-tab\">\n<h3 class=\"tab-title pdp-tabs_title js-tab-mobile-title\"><span>Livraison et stock<\/span><\/h3>\n<div class=\"tab-description pdp-tabs_description js-tab-description\">\n<div class=\"pdp-delivery_info\">\n<div class=\"content-asset\">Livraison et d\u00e9laisRetours et remboursements<\/div>\n<\/div>\n<\/div>\n<\/div>\n<\/div>\n<\/div>\n<\/div>\n","protected":false},"excerpt":{"rendered":"<p>Points cl\u00e9s Lampe flexible et stable Se transporte facilement dans son sac de rangement Lumi\u00e8res&hellip;<\/p>\n","protected":false},"featured_media":17820,"comment_status":"open","ping_status":"closed","template":"","meta":[],"pwb-brand":[702],"product_cat":[557],"product_tag":[200,540,168],"class_list":{"0":"post-28672","1":"product","2":"type-product","3":"status-publish","4":"has-post-thumbnail","6":"pwb-brand-daylight","7":"product_cat-coiffure-et-beaute-a-domicile","8":"product_tag-coiffure-et-beaute-a-domicile","9":"product_tag-daylight","10":"product_tag-equipement-de-salon","12":"first","13":"instock","14":"taxable","15":"shipping-taxable","16":"purchasable","17":"product-type-simple","18":"layout-style-3","19":"col-md-4 col-sm-4 col-xs-6","20":"col-lg-3","21":"product-has-gallery","22":"product-style-default"},"aioseo_notices":[],"brands":[{"id":702,"name":"Daylight","slug":"daylight"}],"_links":{"self":[{"href":"https:\/\/cheveuxluxe.com\/index.php\/wp-json\/wp\/v2\/product\/28672","targetHints":{"allow":["GET"]}}],"collection":[{"href":"https:\/\/cheveuxluxe.com\/index.php\/wp-json\/wp\/v2\/product"}],"about":[{"href":"https:\/\/cheveuxluxe.com\/index.php\/wp-json\/wp\/v2\/types\/product"}],"replies":[{"embeddable":true,"href":"https:\/\/cheveuxluxe.com\/index.php\/wp-json\/wp\/v2\/comments?post=28672"}],"version-history":[{"count":0,"href":"https:\/\/cheveuxluxe.com\/index.php\/wp-json\/wp\/v2\/product\/28672\/revisions"}],"wp:featuredmedia":[{"embeddable":true,"href":"https:\/\/cheveuxluxe.com\/index.php\/wp-json\/wp\/v2\/media\/17820"}],"wp:attachment":[{"href":"https:\/\/cheveuxluxe.com\/index.php\/wp-json\/wp\/v2\/media?parent=28672"}],"wp:term":[{"taxonomy":"pwb-brand","embeddable":true,"href":"https:\/\/cheveuxluxe.com\/index.php\/wp-json\/wp\/v2\/pwb-brand?post=28672"},{"taxonomy":"product_cat","embeddable":true,"href":"https:\/\/cheveuxluxe.com\/index.php\/wp-json\/wp\/v2\/product_cat?post=28672"},{"taxonomy":"product_tag","embeddable":true,"href":"https:\/\/cheveuxluxe.com\/index.php\/wp-json\/wp\/v2\/product_tag?post=28672"}],"curies":[{"name":"wp","href":"https:\/\/api.w.org\/{rel}","templated":true}]}}