{"id":28799,"date":"2024-04-09T21:38:42","date_gmt":"2024-04-09T21:38:42","guid":{"rendered":"https:\/\/cheveuxluxe.com\/index.php\/product\/crewe-orlando-sterilisateur-professionnel-a-rayons-uv-c-argente\/"},"modified":"2024-04-13T13:54:12","modified_gmt":"2024-04-13T13:54:12","slug":"crewe-orlando-sterilisateur-professionnel-a-rayons-uv-c-argente","status":"publish","type":"product","link":"https:\/\/cheveuxluxe.com\/index.php\/product\/crewe-orlando-sterilisateur-professionnel-a-rayons-uv-c-argente\/","title":{"rendered":"Crewe Orlando St\u00e9rilisateur professionnel \u00e0 rayons UV-C &#8211; argent\u00e9"},"content":{"rendered":"<div class=\"product-content_bottom\">\n<div class=\"pdp-info\">\n<div class=\"pdp-tabs tab-container\">\n<div class=\"tab js-tab\">\n<h3 class=\"tab-title pdp-tabs_title js-tab-mobile-title open\"><span>Points cl\u00e9s<\/span><\/h3>\n<div class=\"tab-description pdp-tabs_description js-tab-description open\" itemprop=\"description\">\n<ul>\n<li>Le d\u00e9sinfectant UV Sirius de Crewe Orlando est une armoire de plan de travail qui st\u00e9rilise tous vos outils fr\u00e9quemment utilis\u00e9s sans avoir besoin de d\u00e9sinfectant.<\/li>\n<li>Il utilise le pouvoir antimicrobien de la lumi\u00e8re ultraviolette, g\u00e9n\u00e9r\u00e9 par sa lampe de 9 watts, pour un nettoyage tr\u00e8s efficace des brosses, peignes, ciseaux ou rasoirs.<\/li>\n<li>Avec 35,5 cm de largeur sur 27 cm de profondeur et 22 cm de hauteur, il y a beaucoup d&rsquo;espace pour tous vos outils.<\/li>\n<li>Dispose d&rsquo;un arr\u00eat automatique chaque fois que la porte est ouverte pour des raisons de s\u00e9curit\u00e9.<\/li>\n<li>Fabriqu\u00e9 en UE<\/li>\n<\/ul>\n<\/div>\n<\/div>\n<div class=\"tab js-tab\">\n<h3 class=\"tab-title pdp-tabs_title js-tab-mobile-title\"><span>Description<\/span><\/h3>\n<div class=\"tab-description pdp-tabs_description js-tab-description\" itemprop=\"description\">St\u00e9rilisateurs \u00e0 irradiation int\u00e9grale pour la st\u00e9rilisation et la conservation aseptique d\u2019instruments et accessoires pour les coiffeurs et les institutes de beaut\u00e9.<\/div>\n<\/div>\n<div class=\"tab js-tab\">\n<h3 class=\"tab-title pdp-tabs_title js-tab-mobile-title\"><span>Mode d&#8217;emploi<\/span><\/h3>\n<div class=\"tab-description pdp-tabs_description js-tab-description\">Attention: tout usage diff\u00e9rent de celui d\u00e9crit dans ce manuel d\u2019utilisation est interdit.<br \/>Ne pas introduire d\u2019animaux dans l\u2019appareil.<br \/>S\u2019assurer que l\u2019appareil n\u2019ait pas subi de dommages, de ruptures, de chocs.<br \/>Contr\u00f4ler que l\u2019ampoule \u00e0 l\u2019int\u00e9rieur soit intacte.<br \/>Nettoyer l\u2019int\u00e9rieur avec un chiffon humide et essuyer.<br \/>Placer en lieu s\u00fbr et pas \u00e0 la port\u00e9e des enfants.<br \/>Brancher l\u2019appareil au r\u00e9seau d\u2019alimentation.<br \/>Introduire le mat\u00e9riel \u00e0 st\u00e9riliser.<br \/>Appuyer sur le bouton d\u2019allumage.<\/div>\n<\/div>\n<div class=\"tab js-tab\">\n<h3 class=\"tab-title pdp-tabs_title js-tab-mobile-title\"><span>Livraison et stock<\/span><\/h3>\n<div class=\"tab-description pdp-tabs_description js-tab-description\">\n<div class=\"pdp-delivery_info\">\n<div class=\"content-asset\">Livraison et d\u00e9laisRetours et remboursements<\/div>\n<\/div>\n<\/div>\n<\/div>\n<div class=\"tab js-tab\">\n<h3 class=\"tab-title pdp-tabs_title js-tab-mobile-title\"><span>Pr\u00e9cautions d&#8217;emploi<\/span><\/h3>\n<div class=\"tab-description pdp-tabs_description js-tab-description\">Avant de brancher le st\u00e9rilisateur, v\u00e9rifiez si les informations report\u00e9es sur la plaquette d\u2019identification appliqu\u00e9e au dos du st\u00e9rilisateur correspondent aux caract\u00e9ristiques du r\u00e9seau de distribution \u00e9lectrique.<br \/>Tout autre usage sera consid\u00e9r\u00e9 comme impropre et donc dangereux.<br \/>Le fabricant d\u00e9cline toute responsabilit\u00e9 en cas de d\u00e9g\u00e2ts provoqu\u00e9s par un usage impropre, erron\u00e9 ou d\u00e9raisonnable.<\/div>\n<\/div>\n<\/div>\n<\/div>\n<\/div>\n","protected":false},"excerpt":{"rendered":"<p>Points cl\u00e9s Le d\u00e9sinfectant UV Sirius de Crewe Orlando est une armoire de plan de&hellip;<\/p>\n","protected":false},"featured_media":17760,"comment_status":"open","ping_status":"closed","template":"","meta":[],"pwb-brand":[645],"product_cat":[567],"product_tag":[558,168,568],"class_list":{"0":"post-28799","1":"product","2":"type-product","3":"status-publish","4":"has-post-thumbnail","6":"pwb-brand-crewe-orlando","7":"product_cat-hygiene","8":"product_tag-crewe-orlando","9":"product_tag-equipement-de-salon","10":"product_tag-hygiene","12":"first","13":"instock","14":"taxable","15":"shipping-taxable","16":"purchasable","17":"product-type-simple","18":"layout-style-3","19":"col-md-4 col-sm-4 col-xs-6","20":"col-lg-3","21":"product-style-default"},"aioseo_notices":[],"brands":[{"id":645,"name":"Crewe Orlando","slug":"crewe-orlando"}],"_links":{"self":[{"href":"https:\/\/cheveuxluxe.com\/index.php\/wp-json\/wp\/v2\/product\/28799","targetHints":{"allow":["GET"]}}],"collection":[{"href":"https:\/\/cheveuxluxe.com\/index.php\/wp-json\/wp\/v2\/product"}],"about":[{"href":"https:\/\/cheveuxluxe.com\/index.php\/wp-json\/wp\/v2\/types\/product"}],"replies":[{"embeddable":true,"href":"https:\/\/cheveuxluxe.com\/index.php\/wp-json\/wp\/v2\/comments?post=28799"}],"version-history":[{"count":0,"href":"https:\/\/cheveuxluxe.com\/index.php\/wp-json\/wp\/v2\/product\/28799\/revisions"}],"wp:featuredmedia":[{"embeddable":true,"href":"https:\/\/cheveuxluxe.com\/index.php\/wp-json\/wp\/v2\/media\/17760"}],"wp:attachment":[{"href":"https:\/\/cheveuxluxe.com\/index.php\/wp-json\/wp\/v2\/media?parent=28799"}],"wp:term":[{"taxonomy":"pwb-brand","embeddable":true,"href":"https:\/\/cheveuxluxe.com\/index.php\/wp-json\/wp\/v2\/pwb-brand?post=28799"},{"taxonomy":"product_cat","embeddable":true,"href":"https:\/\/cheveuxluxe.com\/index.php\/wp-json\/wp\/v2\/product_cat?post=28799"},{"taxonomy":"product_tag","embeddable":true,"href":"https:\/\/cheveuxluxe.com\/index.php\/wp-json\/wp\/v2\/product_tag?post=28799"}],"curies":[{"name":"wp","href":"https:\/\/api.w.org\/{rel}","templated":true}]}}