{"id":28803,"date":"2024-04-09T21:38:48","date_gmt":"2024-04-09T21:38:48","guid":{"rendered":"https:\/\/cheveuxluxe.com\/index.php\/product\/ellia-dream-diffuseur-ultrasonique-essentiel-blanc\/"},"modified":"2024-04-13T13:53:41","modified_gmt":"2024-04-13T13:53:41","slug":"ellia-dream-diffuseur-ultrasonique-essentiel-blanc","status":"publish","type":"product","link":"https:\/\/cheveuxluxe.com\/index.php\/product\/ellia-dream-diffuseur-ultrasonique-essentiel-blanc\/","title":{"rendered":"Ellia Dream Diffuseur Ultrasonique Essentiel Blanc"},"content":{"rendered":"<div class=\"product-content_bottom\">\n<div class=\"pdp-info\">\n<div class=\"pdp-tabs tab-container\">\n<div class=\"tab js-tab\">\n<h3 class=\"tab-title pdp-tabs_title js-tab-mobile-title open\"><span>Points cl\u00e9s<\/span><\/h3>\n<div class=\"tab-description pdp-tabs_description js-tab-description open\" itemprop=\"description\">\n<ul>\n<li>Diffuseur d\u2019ar\u00f4me ulrasonique<\/li>\n<li>Eclairage d\u2019ambiance multicolore<\/li>\n<li>Jusqu\u2019\u00e0 6h de fonctionnement continue et 12h en intermittence<\/li>\n<li>Att\u00e9nue la s\u00e9cheresse de l\u2019air<\/li>\n<\/ul>\n<\/div>\n<\/div>\n<div class=\"tab js-tab\">\n<h3 class=\"tab-title pdp-tabs_title js-tab-mobile-title\"><span>Description<\/span><\/h3>\n<div class=\"tab-description pdp-tabs_description js-tab-description\" itemprop=\"description\">Diffuse des huiles essentielles qu\u2019elles soient apaisantes ou \u00e9nergisantes.<\/div>\n<\/div>\n<div class=\"tab js-tab\">\n<h3 class=\"tab-title pdp-tabs_title js-tab-mobile-title\"><span>Mode d&#8217;emploi<\/span><\/h3>\n<div class=\"tab-description pdp-tabs_description js-tab-description\">1. Enlever le couvercle ext\u00e9rieur de la base. Enlever ensuite le couvercle int\u00e9rieur.<br \/>2. Verser de l\u2019eau dans le r\u00e9servoir jusqu\u2019au niveau de remplissage maximum, puis ajouter 5-7 gouttes d\u2019huile essentielle.<br \/>3. Remettre les couvercles int\u00e9rieur et ext\u00e9rieur en place.<br \/>4. Brancher l\u2019adaptateur dans le diffuseur, puis l\u2019adaptateur dans une prise.<br \/>5. Choisir votre brume aromatique et vos options d\u2019\u00e9clairage et de sons.<br \/>Brume aromatique : votre diffuseur offre deux options de brume. Appuyer sur une fois pour obtenir une brume continue qui durera jusqu\u2019\u00e0 7 heures. Appuyer de nouveau pour obtenir une brume intermittente (en marche 30 secondes, arr\u00eat\u00e9e 30 secondes), qui durera jusqu\u2019\u00e0 14 heures. Appuyer une troisi\u00e8me fois pour arr\u00eater la brume. Quand votre diffuseur n\u2019a plus d\u2019eau, il s\u2019\u00e9teint automatiquement.<\/p>\n<p>\u00c9clairage multicolore : Appuyer sur une fois pour mettre en marche l\u2019\u00e9clairage multicolore. Appuyer de nouveau pour s\u00e9lectionner la couleur de votre choix. Appuyer une troisi\u00e8me fois pour \u00e9teindre l\u2019\u00e9clairage.<br \/>Luminosit\u00e9 : L\u2019\u00e9clairage doit \u00eatre activ\u00e9, puis appuyer sur une fois pour un \u00e9clairage \u00e9lev\u00e9. Appuyer de nouveau pour un \u00e9clairage moyen.<\/div>\n<\/div>\n<div class=\"tab js-tab\">\n<h3 class=\"tab-title pdp-tabs_title js-tab-mobile-title\"><span>Livraison et stock<\/span><\/h3>\n<div class=\"tab-description pdp-tabs_description js-tab-description\">\n<div class=\"pdp-delivery_info\">\n<div class=\"content-asset\">Livraison et d\u00e9laisRetours et remboursements<\/div>\n<\/div>\n<\/div>\n<\/div>\n<\/div>\n<\/div>\n<\/div>\n","protected":false},"excerpt":{"rendered":"<p>Points cl\u00e9s Diffuseur d\u2019ar\u00f4me ulrasonique Eclairage d\u2019ambiance multicolore Jusqu\u2019\u00e0 6h de fonctionnement continue et 12h&hellip;<\/p>\n","protected":false},"featured_media":28801,"comment_status":"open","ping_status":"closed","template":"","meta":[],"pwb-brand":[707],"product_cat":[557],"product_tag":[200,562,168],"class_list":{"0":"post-28803","1":"product","2":"type-product","3":"status-publish","4":"has-post-thumbnail","6":"pwb-brand-ellia","7":"product_cat-coiffure-et-beaute-a-domicile","8":"product_tag-coiffure-et-beaute-a-domicile","9":"product_tag-ellia","10":"product_tag-equipement-de-salon","12":"first","13":"instock","14":"taxable","15":"shipping-taxable","16":"purchasable","17":"product-type-simple","18":"layout-style-3","19":"col-md-4 col-sm-4 col-xs-6","20":"col-lg-3","21":"product-has-gallery","22":"product-style-default"},"aioseo_notices":[],"brands":[{"id":707,"name":"Ellia","slug":"ellia"}],"_links":{"self":[{"href":"https:\/\/cheveuxluxe.com\/index.php\/wp-json\/wp\/v2\/product\/28803","targetHints":{"allow":["GET"]}}],"collection":[{"href":"https:\/\/cheveuxluxe.com\/index.php\/wp-json\/wp\/v2\/product"}],"about":[{"href":"https:\/\/cheveuxluxe.com\/index.php\/wp-json\/wp\/v2\/types\/product"}],"replies":[{"embeddable":true,"href":"https:\/\/cheveuxluxe.com\/index.php\/wp-json\/wp\/v2\/comments?post=28803"}],"version-history":[{"count":0,"href":"https:\/\/cheveuxluxe.com\/index.php\/wp-json\/wp\/v2\/product\/28803\/revisions"}],"wp:featuredmedia":[{"embeddable":true,"href":"https:\/\/cheveuxluxe.com\/index.php\/wp-json\/wp\/v2\/media\/28801"}],"wp:attachment":[{"href":"https:\/\/cheveuxluxe.com\/index.php\/wp-json\/wp\/v2\/media?parent=28803"}],"wp:term":[{"taxonomy":"pwb-brand","embeddable":true,"href":"https:\/\/cheveuxluxe.com\/index.php\/wp-json\/wp\/v2\/pwb-brand?post=28803"},{"taxonomy":"product_cat","embeddable":true,"href":"https:\/\/cheveuxluxe.com\/index.php\/wp-json\/wp\/v2\/product_cat?post=28803"},{"taxonomy":"product_tag","embeddable":true,"href":"https:\/\/cheveuxluxe.com\/index.php\/wp-json\/wp\/v2\/product_tag?post=28803"}],"curies":[{"name":"wp","href":"https:\/\/api.w.org\/{rel}","templated":true}]}}