{"id":28993,"date":"2024-04-09T21:49:48","date_gmt":"2024-04-09T21:49:48","guid":{"rendered":"https:\/\/cheveuxluxe.com\/index.php\/product\/wella-professionals-elements-shampoing-regenerant-sans-sulfate-pour-tous-types-de-cheveux-1l\/"},"modified":"2024-04-13T13:54:58","modified_gmt":"2024-04-13T13:54:58","slug":"wella-professionals-elements-shampoing-regenerant-sans-sulfate-pour-tous-types-de-cheveux-1l","status":"publish","type":"product","link":"https:\/\/cheveuxluxe.com\/index.php\/product\/wella-professionals-elements-shampoing-regenerant-sans-sulfate-pour-tous-types-de-cheveux-1l\/","title":{"rendered":"Wella Professionals Elements Shampoing r\u00e9g\u00e9n\u00e9rant sans sulfate pour tous types de cheveux 1L"},"content":{"rendered":"<div class=\"product-content_bottom\">\n<div class=\"pdp-info\">\n<div class=\"pdp-tabs tab-container\">\n<div class=\"tab js-tab\">\n<h3 class=\"tab-title pdp-tabs_title js-tab-mobile-title open\"><span>Points cl\u00e9s<\/span><\/h3>\n<div class=\"tab-description pdp-tabs_description js-tab-description open\" itemprop=\"description\">\n<ul>\n<li>R\u00e9g\u00e9n\u00e9rant doux sans sulfate<\/li>\n<li>Sans silicone pour tous types de cheveux<\/li>\n<li>Soin doux et hydratant pour les cheveux et le cuir chevelu.<\/li>\n<li>Convient \u00e0 tous types de cheveux.<\/li>\n<li>Adapt\u00e9 pour un usage quotidien.<\/li>\n<\/ul>\n<\/div>\n<\/div>\n<div class=\"tab js-tab\">\n<h3 class=\"tab-title pdp-tabs_title js-tab-mobile-title\"><span>Description<\/span><\/h3>\n<div class=\"tab-description pdp-tabs_description js-tab-description\" itemprop=\"description\">Wella Professionals Elements est une gamme de soins douce pour les cheveux et le cuir chevelu : formul\u00e9e avec jusqu&rsquo;\u00e0 99% d&rsquo;ingr\u00e9dients d&rsquo;origine naturelle\u00b9, sans silicones, sans sulfates et Vegan, sans ingr\u00e9dients d&rsquo;origine animale. Dans un emballage responsable \u00e0 base de plastique recycl\u00e9 et recyclable\u00b2. La gamme R\u00e9g\u00e9n\u00e9rante Elements est formul\u00e9e avec :<br \/>\u2022 de l&rsquo;Aloe Vera pour sa douceur r\u00e9paratrice<br \/>\u2022 de la Vitamine E pour lutter efficacement contre les radicaux libres<br \/>\u2022 de l&rsquo;Essence d&rsquo;Olive pour lisser et apporter de la brillance<br \/>\u2022 des ingr\u00e9dients \u00e0 base de coton pour hydrater et apporter de la douceur \u00b9Entre 91% et 99% d\u2019ingr\u00e9dients d\u2019origine naturelle en fonction des produits. Incluant l&rsquo;eau, les ingr\u00e9dients naturels et ceux fabriqu\u00e9s \u00e0 partir d&rsquo;ingr\u00e9dients naturels. Plus d&rsquo;information sur : www.wella.com\/natural-formula\u00b2Pots de masque exclus<\/p>\n<p>Wella Professionals est une marque leader mondiale de la coloration, experte en soins capillaires professionnels. Depuis plus de 140 ans, Wella Professionals est reconnue pour ses produits iconiques, ses technologies avanc\u00e9es et ses formules ultra-performantes d\u00e9di\u00e9es \u00e0 la transformation de vos cheveux. Entretien de la couleur, r\u00e9paration intense, nutrition instantan\u00e9e, brillance, soin du cuir chevelu, nos gammes sont con\u00e7ues pour r\u00e9pondre \u00e0 chaque besoin, pour r\u00e9v\u00e9ler votre beaut\u00e9 et votre personnalit\u00e9.<\/p><\/div>\n<\/div>\n<div class=\"tab js-tab\">\n<h3 class=\"tab-title pdp-tabs_title js-tab-mobile-title\"><span>Mode d&#8217;emploi<\/span><\/h3>\n<div class=\"tab-description pdp-tabs_description js-tab-description\">Appliquer une petite quantit\u00e9 sur cheveux mouill\u00e9s, masser puis rincer abondamment.<\/div>\n<\/div>\n<div class=\"tab js-tab\">\n<h3 class=\"tab-title pdp-tabs_title js-tab-mobile-title\"><span>Ingr\u00e9dients<\/span><\/h3>\n<div class=\"tab-description pdp-tabs_description js-tab-description\">Aqua\/Water\/Eau, Sodium Laureth Sulfate, Cocamidopropyl Betaine, PEG-3 Distearate, Sodium Chloride, Parfum\/Fragrance, Panthenol, Sodium Benzoate, Citric Acid, Methylparaben, Tocopheryl Acetate, Propylparaben, Acid Violet 43, Hydroxypropyl Guar Hydroxypropyltrimonium Chloride, Disodium EDTA, Polyquaternium-10, Benzoic Acid, Linalool, Hexyl Cinnamal, Benzyl Salicylate, Citronellol, Geraniol, Sodium Hydroxide.<\/div>\n<\/div>\n<div class=\"tab js-tab\">\n<h3 class=\"tab-title pdp-tabs_title js-tab-mobile-title\"><span>Livraison et stock<\/span><\/h3>\n<div class=\"tab-description pdp-tabs_description js-tab-description\">\n<div class=\"pdp-delivery_info\">\n<div class=\"content-asset\">Livraison et d\u00e9laisRetours et remboursements<\/div>\n<\/div>\n<\/div>\n<\/div>\n<\/div>\n<\/div>\n<\/div>\n","protected":false},"excerpt":{"rendered":"<p>Points cl\u00e9s R\u00e9g\u00e9n\u00e9rant doux sans sulfate Sans silicone pour tous types de cheveux Soin doux&hellip;<\/p>\n","protected":false},"featured_media":28988,"comment_status":"open","ping_status":"closed","template":"","meta":[],"pwb-brand":[648],"product_cat":[573],"product_tag":[134,127,323],"class_list":{"0":"post-28993","1":"product","2":"type-product","3":"status-publish","4":"has-post-thumbnail","6":"pwb-brand-wella-professionals","7":"product_cat-shampooing","8":"product_tag-shampooing","9":"product_tag-shampooing-et-coiffure","10":"product_tag-wella-professionals","12":"first","13":"instock","14":"taxable","15":"shipping-taxable","16":"purchasable","17":"product-type-simple","18":"layout-style-3","19":"col-md-4 col-sm-4 col-xs-6","20":"col-lg-3","21":"product-has-gallery","22":"product-style-default"},"aioseo_notices":[],"brands":[{"id":648,"name":"Wella Professionals","slug":"wella-professionals"}],"_links":{"self":[{"href":"https:\/\/cheveuxluxe.com\/index.php\/wp-json\/wp\/v2\/product\/28993","targetHints":{"allow":["GET"]}}],"collection":[{"href":"https:\/\/cheveuxluxe.com\/index.php\/wp-json\/wp\/v2\/product"}],"about":[{"href":"https:\/\/cheveuxluxe.com\/index.php\/wp-json\/wp\/v2\/types\/product"}],"replies":[{"embeddable":true,"href":"https:\/\/cheveuxluxe.com\/index.php\/wp-json\/wp\/v2\/comments?post=28993"}],"version-history":[{"count":0,"href":"https:\/\/cheveuxluxe.com\/index.php\/wp-json\/wp\/v2\/product\/28993\/revisions"}],"wp:featuredmedia":[{"embeddable":true,"href":"https:\/\/cheveuxluxe.com\/index.php\/wp-json\/wp\/v2\/media\/28988"}],"wp:attachment":[{"href":"https:\/\/cheveuxluxe.com\/index.php\/wp-json\/wp\/v2\/media?parent=28993"}],"wp:term":[{"taxonomy":"pwb-brand","embeddable":true,"href":"https:\/\/cheveuxluxe.com\/index.php\/wp-json\/wp\/v2\/pwb-brand?post=28993"},{"taxonomy":"product_cat","embeddable":true,"href":"https:\/\/cheveuxluxe.com\/index.php\/wp-json\/wp\/v2\/product_cat?post=28993"},{"taxonomy":"product_tag","embeddable":true,"href":"https:\/\/cheveuxluxe.com\/index.php\/wp-json\/wp\/v2\/product_tag?post=28993"}],"curies":[{"name":"wp","href":"https:\/\/api.w.org\/{rel}","templated":true}]}}