{"id":29006,"date":"2024-04-09T21:50:20","date_gmt":"2024-04-09T21:50:20","guid":{"rendered":"https:\/\/cheveuxluxe.com\/index.php\/product\/wella-professionals-colormotion-shampoing-protecteur-de-couleur-pour-cheveux-colores-1l\/"},"modified":"2024-04-13T13:55:00","modified_gmt":"2024-04-13T13:55:00","slug":"wella-professionals-colormotion-shampoing-protecteur-de-couleur-pour-cheveux-colores-1l","status":"publish","type":"product","link":"https:\/\/cheveuxluxe.com\/index.php\/product\/wella-professionals-colormotion-shampoing-protecteur-de-couleur-pour-cheveux-colores-1l\/","title":{"rendered":"Wella Professionals ColorMotion+ Shampoing protecteur de couleur pour cheveux color\u00e9s 1L"},"content":{"rendered":"<div class=\"product-content_bottom\">\n<div class=\"pdp-info\">\n<div class=\"pdp-tabs tab-container\">\n<div class=\"tab js-tab\">\n<h3 class=\"tab-title pdp-tabs_title js-tab-mobile-title open\"><span>Points cl\u00e9s<\/span><\/h3>\n<div class=\"tab-description pdp-tabs_description js-tab-description open\" itemprop=\"description\">\n<ul>\n<li>Formul\u00e9 avec un antioxydant pour optimiser la protection contre les radicaux libres<\/li>\n<li>Shampoing protecteur de couleur pour cheveux color\u00e9s et ab\u00eem\u00e9s<\/li>\n<li>Pr\u00e9serve la douceur et la brillance des cheveux<\/li>\n<li>Le shampoing protecteur de couleur ColorMotion+ aide \u00e0 fixer la couleur tout en pr\u00e9servant la douceur et la brillance des cheveux<\/li>\n<\/ul>\n<\/div>\n<\/div>\n<div class=\"tab js-tab\">\n<h3 class=\"tab-title pdp-tabs_title js-tab-mobile-title\"><span>Description<\/span><\/h3>\n<div class=\"tab-description pdp-tabs_description js-tab-description\" itemprop=\"description\">Une routine pour cheveux color\u00e9s et ab\u00eem\u00e9s qui va bien au-del\u00e0 d\u2019une simple protection de la couleur. La gamme Wella Professionals ColorMotion+ est con\u00e7ue pour r\u00e9pondre aux 3 besoins cl\u00e9s des cheveux color\u00e9s et ab\u00eem\u00e9s : protection de la couleur, brillance \u00e9clatante et force\u00b9 gr\u00e2ce \u00e0 2 technologies : <br \/>&#8211; Metal Purifier\u00b2 pour prot\u00e9ger la couleur des m\u00e9taux nocifs. Les particules de cuivre pr\u00e9sentes dans l\u2019eau sont encapsul\u00e9es, ce qui permet une r\u00e9duction des radicaux libres, responsables de l\u2019affadissement de la couleur.<br \/>&#8211; WellaPlex, pr\u00e9sente dans le masque Structure+, pour faciliter la reconstruction interne de la fibre capillaire.\u00b9Avec utilisation du masque Structure+ vs. sans traitement.\u00b2Rendez-vous sur : www.wella.com\/metalpurifier pour en savoir plus sur Metal Purifier<\/p>\n<p>Wella Professionals est une marque leader mondiale de la coloration, experte en soins capillaires professionnels. Depuis plus de 140 ans, Wella Professionals est reconnue pour ses produits iconiques, ses technologies avanc\u00e9es et ses formules ultra-performantes d\u00e9di\u00e9es \u00e0 la transformation de vos cheveux. Entretien de la couleur, r\u00e9paration intense, nutrition instantan\u00e9e, brillance, soin du cuir chevelu, nos gammes sont con\u00e7ues pour r\u00e9pondre \u00e0 chaque besoin, pour r\u00e9v\u00e9ler votre beaut\u00e9 et votre personnalit\u00e9.<\/p><\/div>\n<\/div>\n<div class=\"tab js-tab\">\n<h3 class=\"tab-title pdp-tabs_title js-tab-mobile-title\"><span>Mode d&#8217;emploi<\/span><\/h3>\n<div class=\"tab-description pdp-tabs_description js-tab-description\">Appliquer et faire mousser sur cheveux mouill\u00e9s. Rincer abondamment.<\/div>\n<\/div>\n<div class=\"tab js-tab\">\n<h3 class=\"tab-title pdp-tabs_title js-tab-mobile-title\"><span>Ingr\u00e9dients<\/span><\/h3>\n<div class=\"tab-description pdp-tabs_description js-tab-description\">Aqua\/Water\/Eau, Sodium Laureth Sulfate, Cocamidopropyl Betaine, PEG-3 Distearate, Sodium Chloride, Parfum\/Fragrance, Panthenol, Sodium Benzoate, Citric Acid, Methylparaben, Tocopheryl Acetate, Propylparaben, Acid Violet 43, Hydroxypropyl Guar Hydroxypropyltrimonium Chloride, Disodium EDTA, Polyquaternium-10, Benzoic Acid, Linalool, Hexyl Cinnamal, Benzyl Salicylate, Citronellol, Geraniol, Sodium Hydroxide.<\/div>\n<\/div>\n<div class=\"tab js-tab\">\n<h3 class=\"tab-title pdp-tabs_title js-tab-mobile-title\"><span>Livraison et stock<\/span><\/h3>\n<div class=\"tab-description pdp-tabs_description js-tab-description\">\n<div class=\"pdp-delivery_info\">\n<div class=\"content-asset\">Livraison et d\u00e9laisRetours et remboursements<\/div>\n<\/div>\n<\/div>\n<\/div>\n<\/div>\n<\/div>\n<\/div>\n","protected":false},"excerpt":{"rendered":"<p>Points cl\u00e9s Formul\u00e9 avec un antioxydant pour optimiser la protection contre les radicaux libres Shampoing&hellip;<\/p>\n","protected":false},"featured_media":29000,"comment_status":"open","ping_status":"closed","template":"","meta":[],"pwb-brand":[648],"product_cat":[573],"product_tag":[134,127,323],"class_list":{"0":"post-29006","1":"product","2":"type-product","3":"status-publish","4":"has-post-thumbnail","6":"pwb-brand-wella-professionals","7":"product_cat-shampooing","8":"product_tag-shampooing","9":"product_tag-shampooing-et-coiffure","10":"product_tag-wella-professionals","12":"first","13":"instock","14":"taxable","15":"shipping-taxable","16":"purchasable","17":"product-type-simple","18":"layout-style-3","19":"col-md-4 col-sm-4 col-xs-6","20":"col-lg-3","21":"product-has-gallery","22":"product-style-default"},"aioseo_notices":[],"brands":[{"id":648,"name":"Wella Professionals","slug":"wella-professionals"}],"_links":{"self":[{"href":"https:\/\/cheveuxluxe.com\/index.php\/wp-json\/wp\/v2\/product\/29006","targetHints":{"allow":["GET"]}}],"collection":[{"href":"https:\/\/cheveuxluxe.com\/index.php\/wp-json\/wp\/v2\/product"}],"about":[{"href":"https:\/\/cheveuxluxe.com\/index.php\/wp-json\/wp\/v2\/types\/product"}],"replies":[{"embeddable":true,"href":"https:\/\/cheveuxluxe.com\/index.php\/wp-json\/wp\/v2\/comments?post=29006"}],"version-history":[{"count":0,"href":"https:\/\/cheveuxluxe.com\/index.php\/wp-json\/wp\/v2\/product\/29006\/revisions"}],"wp:featuredmedia":[{"embeddable":true,"href":"https:\/\/cheveuxluxe.com\/index.php\/wp-json\/wp\/v2\/media\/29000"}],"wp:attachment":[{"href":"https:\/\/cheveuxluxe.com\/index.php\/wp-json\/wp\/v2\/media?parent=29006"}],"wp:term":[{"taxonomy":"pwb-brand","embeddable":true,"href":"https:\/\/cheveuxluxe.com\/index.php\/wp-json\/wp\/v2\/pwb-brand?post=29006"},{"taxonomy":"product_cat","embeddable":true,"href":"https:\/\/cheveuxluxe.com\/index.php\/wp-json\/wp\/v2\/product_cat?post=29006"},{"taxonomy":"product_tag","embeddable":true,"href":"https:\/\/cheveuxluxe.com\/index.php\/wp-json\/wp\/v2\/product_tag?post=29006"}],"curies":[{"name":"wp","href":"https:\/\/api.w.org\/{rel}","templated":true}]}}