{"id":29119,"date":"2024-04-09T21:53:57","date_gmt":"2024-04-09T21:53:57","guid":{"rendered":"https:\/\/cheveuxluxe.com\/index.php\/product\/redken-acidic-bonding-concentrate-shampooing-1l\/"},"modified":"2024-04-13T14:20:57","modified_gmt":"2024-04-13T14:20:57","slug":"redken-acidic-bonding-concentrate-shampooing-1l","status":"publish","type":"product","link":"https:\/\/cheveuxluxe.com\/index.php\/product\/redken-acidic-bonding-concentrate-shampooing-1l\/","title":{"rendered":"Redken Acidic Bonding Concentrate Shampooing 1l"},"content":{"rendered":"<div class=\"product-content_bottom\">\n<div class=\"pdp-info\">\n<div class=\"pdp-tabs tab-container\">\n<div class=\"tab js-tab\">\n<h3 class=\"tab-title pdp-tabs_title js-tab-mobile-title open\"><span>Points cl\u00e9s<\/span><\/h3>\n<div class=\"tab-description pdp-tabs_description js-tab-description open\" itemprop=\"description\">\n<ul>\n<li>Ce shampoing sans sulfate apporte une r\u00e9paration et renforce les cheveux, un soin intense et une protection de la couleur.<\/li>\n<li>Notre 1er service de soin pro Redken sur mesure qui r\u00e9\u00e9quilibre les 3 composants cl\u00e9s pour des cheveux en parfaite sant\u00e9.<\/li>\n<li>Notre soin le plus concentr\u00e9 pour une r\u00e9paration optimale et une protection des cheveux.<\/li>\n<li>Pour tous les types et toutes les textures de cheveux.<\/li>\n<\/ul>\n<\/div>\n<\/div>\n<div class=\"tab js-tab\">\n<h3 class=\"tab-title pdp-tabs_title js-tab-mobile-title\"><span>Description<\/span><\/h3>\n<div class=\"tab-description pdp-tabs_description js-tab-description\" itemprop=\"description\">Le shampoing Redken Acidic Bonding Concentrate sans sulfate est la formule r\u00e9paratrice tout-en-un la plus concentr\u00e9e de Redken pour tous les types de cheveux endommag\u00e9s.<br \/>Ce shampoing ultra-riche et luxueux sans sulfate aide \u00e0 renforcer et \u00e0 revitaliser intens\u00e9ment les cheveux.<br \/>Renforce, apporte un soin intense et une protection de la couleur.<\/p>\n<p>7% COMPLEXE DE SOIN BONDING AVEC DE L\u2019ACIDE CITRIQUE <br \/>Aide \u00e0 r\u00e9parer et revitaliser les cheveux tout en renfor\u00e7ant les liens affaiblis.<\/p>\n<p>TENSIOACTIFS ANIONIQUES ET NON IONIQUES<br \/>Aident \u00e0 lisser et \u00e0 revitaliser les cuticules.<\/p>\n<p>M\u00c9LANGE REVITALISANT <br \/>Pour une cosm\u00e9ticit\u00e9 sup\u00e9rieure.<\/div>\n<\/div>\n<div class=\"tab js-tab\">\n<h3 class=\"tab-title pdp-tabs_title js-tab-mobile-title\"><span>Mode d&#8217;emploi<\/span><\/h3>\n<div class=\"tab-description pdp-tabs_description js-tab-description\">Il est recommand\u00e9 d&rsquo;effectuer le traitement complet avec Acidic Bonding Concentrate Conditioner.<br \/>Appliquer sur les cheveux mouill\u00e9s, faire mousser et rincer.<br \/>Appliquez ensuite le Conditionneur Acidic Bonding Concentrate.<br \/>En cas de contact avec les yeux, rincez-les imm\u00e9diatement.<\/div>\n<\/div>\n<div class=\"tab js-tab\">\n<h3 class=\"tab-title pdp-tabs_title js-tab-mobile-title\"><span>Ingr\u00e9dients<\/span><\/h3>\n<div class=\"tab-description pdp-tabs_description js-tab-description\">AQUA \/ WATER \/ EAU DECYL GLUCOSIDE SODIUM COCOYL ISETHIONATE COCAMIDOPROPYL BETAINE CITRIC ACID SODIUM HYDROXIDE PANTHENOL GLYCERIN DIMETHICONE PEG-150 DISTEARATE PPG-5-CETETH-20 SODIUM BENZOATE SODIUM CHLORIDE PEG-55 PROPYLENE GLYCOL OLEATE PROPYLENE GLYCOL CARBOMER PARFUM \/ FRAGRANCE COCO-CAPRYLATE\/CAPRATE POLYQUATERNIUM-67 SALICYLIC ACID AMODIMETHICONE SODIUM PHYTATE GLYCOL DISTEARATE COCO-BETAINE ACRYLATES\/BEHENETH-25 METHACRYLATE COPOLYMER LIMONENE TRIDECETH-6<\/div>\n<\/div>\n<div class=\"tab js-tab\">\n<h3 class=\"tab-title pdp-tabs_title js-tab-mobile-title\"><span>Livraison et stock<\/span><\/h3>\n<div class=\"tab-description pdp-tabs_description js-tab-description\">\n<div class=\"pdp-delivery_info\">\n<div class=\"content-asset\">Livraison et d\u00e9laisRetours et remboursements<\/div>\n<\/div>\n<\/div>\n<\/div>\n<\/div>\n<\/div>\n<\/div>\n","protected":false},"excerpt":{"rendered":"<p>Points cl\u00e9s Ce shampoing sans sulfate apporte une r\u00e9paration et renforce les cheveux, un soin&hellip;<\/p>\n","protected":false},"featured_media":21822,"comment_status":"open","ping_status":"closed","template":"","meta":[],"pwb-brand":[647],"product_cat":[610],"product_tag":[611,321,127],"class_list":{"0":"post-29119","1":"product","2":"type-product","3":"status-publish","4":"has-post-thumbnail","6":"pwb-brand-redken","7":"product_cat-grands-formats","8":"product_tag-grands-formats","9":"product_tag-redken","10":"product_tag-shampooing-et-coiffure","12":"first","13":"instock","14":"taxable","15":"shipping-taxable","16":"purchasable","17":"product-type-simple","18":"layout-style-3","19":"col-md-4 col-sm-4 col-xs-6","20":"col-lg-3","21":"product-has-gallery","22":"product-style-default"},"aioseo_notices":[],"brands":[{"id":647,"name":"Redken","slug":"redken"}],"_links":{"self":[{"href":"https:\/\/cheveuxluxe.com\/index.php\/wp-json\/wp\/v2\/product\/29119","targetHints":{"allow":["GET"]}}],"collection":[{"href":"https:\/\/cheveuxluxe.com\/index.php\/wp-json\/wp\/v2\/product"}],"about":[{"href":"https:\/\/cheveuxluxe.com\/index.php\/wp-json\/wp\/v2\/types\/product"}],"replies":[{"embeddable":true,"href":"https:\/\/cheveuxluxe.com\/index.php\/wp-json\/wp\/v2\/comments?post=29119"}],"version-history":[{"count":0,"href":"https:\/\/cheveuxluxe.com\/index.php\/wp-json\/wp\/v2\/product\/29119\/revisions"}],"wp:featuredmedia":[{"embeddable":true,"href":"https:\/\/cheveuxluxe.com\/index.php\/wp-json\/wp\/v2\/media\/21822"}],"wp:attachment":[{"href":"https:\/\/cheveuxluxe.com\/index.php\/wp-json\/wp\/v2\/media?parent=29119"}],"wp:term":[{"taxonomy":"pwb-brand","embeddable":true,"href":"https:\/\/cheveuxluxe.com\/index.php\/wp-json\/wp\/v2\/pwb-brand?post=29119"},{"taxonomy":"product_cat","embeddable":true,"href":"https:\/\/cheveuxluxe.com\/index.php\/wp-json\/wp\/v2\/product_cat?post=29119"},{"taxonomy":"product_tag","embeddable":true,"href":"https:\/\/cheveuxluxe.com\/index.php\/wp-json\/wp\/v2\/product_tag?post=29119"}],"curies":[{"name":"wp","href":"https:\/\/api.w.org\/{rel}","templated":true}]}}