{"id":29179,"date":"2024-04-09T21:55:34","date_gmt":"2024-04-09T21:55:34","guid":{"rendered":"https:\/\/cheveuxluxe.com\/index.php\/product\/paul-mitchell-shampooing-eclat-platinum-blonde-300ml\/"},"modified":"2024-04-13T14:07:06","modified_gmt":"2024-04-13T14:07:06","slug":"paul-mitchell-shampooing-eclat-platinum-blonde-300ml","status":"publish","type":"product","link":"https:\/\/cheveuxluxe.com\/index.php\/product\/paul-mitchell-shampooing-eclat-platinum-blonde-300ml\/","title":{"rendered":"Paul Mitchell Shampooing Eclat Platinum Blonde 300ml"},"content":{"rendered":"<div class=\"product-content_bottom\">\n<div class=\"pdp-info\">\n<div class=\"pdp-tabs tab-container\">\n<div class=\"tab js-tab\">\n<h3 class=\"tab-title pdp-tabs_title js-tab-mobile-title open\"><span>Points cl\u00e9s<\/span><\/h3>\n<div class=\"tab-description pdp-tabs_description js-tab-description open\" itemprop=\"description\">\n<ul>\n<li>\u00c9claircit les cheveux blonds, gris ou blancs<\/li>\n<li>Bannit les tons jaun\u00e2tres, assouplit les cheveux et fait briller<\/li>\n<li>Fait ressortir le meilleur des cheveux blonds, blancs et argent\u00e9s<\/li>\n<li>Hydrate les cheveux et intensifie leur brillance<\/li>\n<li>Formule teint\u00e9e de violet, rehaussant la couleur<\/li>\n<\/ul>\n<\/div>\n<\/div>\n<div class=\"tab js-tab\">\n<h3 class=\"tab-title pdp-tabs_title js-tab-mobile-title\"><span>Description<\/span><\/h3>\n<div class=\"tab-description pdp-tabs_description js-tab-description\" itemprop=\"description\">Ce qu&rsquo;il fait\u00a0: <br \/> Bannit les tons jaun\u00e2tres, assouplit les cheveux et donne de l&rsquo;\u00e9clat aux blonds naturels et d\u00e9color\u00e9s.<br \/>Comment \u00e7a marche\u00a0: <br \/> La formule teint\u00e9e violette, qui rehausse la couleur, fait ressortir le meilleur des cheveux blonds, blancs et argent\u00e9s.<br \/>Bonus\u00a0: <br \/> Les ingr\u00e9dients et extraits revitalisants hydratent les cheveux et intensifient leur brillance.<\/div>\n<\/div>\n<div class=\"tab js-tab\">\n<h3 class=\"tab-title pdp-tabs_title js-tab-mobile-title\"><span>Mode d&#8217;emploi<\/span><\/h3>\n<div class=\"tab-description pdp-tabs_description js-tab-description\">Cheveux mouill\u00e9s.<br \/>Faites mousser et laissez reposer sur les cheveux pendant 1 \u00e0 5\u00a0minutes.<br \/>Rincez.<\/div>\n<\/div>\n<div class=\"tab js-tab\">\n<h3 class=\"tab-title pdp-tabs_title js-tab-mobile-title\"><span>Ingr\u00e9dients<\/span><\/h3>\n<div class=\"tab-description pdp-tabs_description js-tab-description\">Aqua (Water, Eau), Sodium Myreth Sulfate, Cocamidopropyl Betaine, Alcohol Denat., Glycerin, Cocamide MIPA, Di-C12-13 Alkyl Malate, Glycol Distearate, Hedychium Coronarium (White Ginger) Root Extract, Aloe Barbadensis Extract, Anthemis Nobilis Flower Extract, Rosmarinus Officinalis Leaf, Simmondsia Chinensis Seed Oil, Ascophyllum Nodosum Extract, Sodium Chloride, Bisamino PEG\/PPG-41\/3 Aminoethyl PG-Propyl Dimethicone, Citric Acid, Guar Hydroxypropyltrimonium Chloride, Isopropanolamine, Magnesium Nitrate, Magnesium Chloride, PEG-12 Dimethicone, Propylene Glycol, Sodium Sulfate, Tetrasodium EDTA, Methylchloroisothiazolinone, Methylisothiazolinone, Phenoxyethanol, Ext. Violet 2 (CI 60730), Parfum (Fragrance), Benzyl Benzoate<\/div>\n<\/div>\n<div class=\"tab js-tab\">\n<h3 class=\"tab-title pdp-tabs_title js-tab-mobile-title\"><span>Livraison et stock<\/span><\/h3>\n<div class=\"tab-description pdp-tabs_description js-tab-description\">\n<div class=\"pdp-delivery_info\">\n<div class=\"content-asset\">Livraison et d\u00e9laisRetours et remboursements<\/div>\n<\/div>\n<\/div>\n<\/div>\n<\/div>\n<\/div>\n<\/div>\n","protected":false},"excerpt":{"rendered":"<p>Points cl\u00e9s \u00c9claircit les cheveux blonds, gris ou blancs Bannit les tons jaun\u00e2tres, assouplit les&hellip;<\/p>\n","protected":false},"featured_media":29175,"comment_status":"open","ping_status":"closed","template":"","meta":[],"pwb-brand":[660],"product_cat":[598],"product_tag":[373,127,599],"class_list":{"0":"post-29179","1":"product","2":"type-product","3":"status-publish","4":"has-post-thumbnail","6":"pwb-brand-paul-mitchell","7":"product_cat-type-de-cheveux","8":"product_tag-paul-mitchell","9":"product_tag-shampooing-et-coiffure","10":"product_tag-type-de-cheveux","12":"first","13":"instock","14":"taxable","15":"shipping-taxable","16":"purchasable","17":"product-type-simple","18":"layout-style-3","19":"col-md-4 col-sm-4 col-xs-6","20":"col-lg-3","21":"product-has-gallery","22":"product-style-default"},"aioseo_notices":[],"brands":[{"id":660,"name":"Paul Mitchell","slug":"paul-mitchell"}],"_links":{"self":[{"href":"https:\/\/cheveuxluxe.com\/index.php\/wp-json\/wp\/v2\/product\/29179","targetHints":{"allow":["GET"]}}],"collection":[{"href":"https:\/\/cheveuxluxe.com\/index.php\/wp-json\/wp\/v2\/product"}],"about":[{"href":"https:\/\/cheveuxluxe.com\/index.php\/wp-json\/wp\/v2\/types\/product"}],"replies":[{"embeddable":true,"href":"https:\/\/cheveuxluxe.com\/index.php\/wp-json\/wp\/v2\/comments?post=29179"}],"version-history":[{"count":0,"href":"https:\/\/cheveuxluxe.com\/index.php\/wp-json\/wp\/v2\/product\/29179\/revisions"}],"wp:featuredmedia":[{"embeddable":true,"href":"https:\/\/cheveuxluxe.com\/index.php\/wp-json\/wp\/v2\/media\/29175"}],"wp:attachment":[{"href":"https:\/\/cheveuxluxe.com\/index.php\/wp-json\/wp\/v2\/media?parent=29179"}],"wp:term":[{"taxonomy":"pwb-brand","embeddable":true,"href":"https:\/\/cheveuxluxe.com\/index.php\/wp-json\/wp\/v2\/pwb-brand?post=29179"},{"taxonomy":"product_cat","embeddable":true,"href":"https:\/\/cheveuxluxe.com\/index.php\/wp-json\/wp\/v2\/product_cat?post=29179"},{"taxonomy":"product_tag","embeddable":true,"href":"https:\/\/cheveuxluxe.com\/index.php\/wp-json\/wp\/v2\/product_tag?post=29179"}],"curies":[{"name":"wp","href":"https:\/\/api.w.org\/{rel}","templated":true}]}}