{"id":29207,"date":"2024-04-09T21:56:29","date_gmt":"2024-04-09T21:56:29","guid":{"rendered":"https:\/\/cheveuxluxe.com\/index.php\/product\/paul-mitchell-neuro-heatctrl-shampoo-1l\/"},"modified":"2024-04-13T14:21:17","modified_gmt":"2024-04-13T14:21:17","slug":"paul-mitchell-neuro-heatctrl-shampoo-1l","status":"publish","type":"product","link":"https:\/\/cheveuxluxe.com\/index.php\/product\/paul-mitchell-neuro-heatctrl-shampoo-1l\/","title":{"rendered":"Paul Mitchell Neuro HeatCTRL Shampoo 1l"},"content":{"rendered":"<div class=\"product-content_bottom\">\n<div class=\"pdp-info\">\n<div class=\"pdp-tabs tab-container\">\n<div class=\"tab js-tab\">\n<h3 class=\"tab-title pdp-tabs_title js-tab-mobile-title open\"><span>Points cl\u00e9s<\/span><\/h3>\n<div class=\"tab-description pdp-tabs_description js-tab-description open\" itemprop=\"description\">\n<ul>\n<li>Shampoing pour les cheveux stress\u00e9s par la chaleur<\/li>\n<li>\u00c9limine en douceur les impuret\u00e9es et les r\u00e9sidus des produits coiffants<\/li>\n<li>Facilite l&rsquo;utilisation d&rsquo;outils de coiffage thermique.<\/li>\n<li>Formule sans danger pour la couleur.<\/li>\n<li>Pour tous les types de cheveux<\/li>\n<\/ul>\n<\/div>\n<\/div>\n<div class=\"tab js-tab\">\n<h3 class=\"tab-title pdp-tabs_title js-tab-mobile-title\"><span>Description<\/span><\/h3>\n<div class=\"tab-description pdp-tabs_description js-tab-description\" itemprop=\"description\">Nettoie les m\u00e8ches stress\u00e9es par la chaleur avec un parfum rafra\u00eechissant.<br \/>\u00c9limine en douceur la salet\u00e9 et les r\u00e9sidus des produits coiffants.<br \/>Contient la technologie exclusive HeatCTRL.<br \/>Aide \u00e0 cr\u00e9er une base id\u00e9ale pour l&rsquo;utilisation d&rsquo;outils de coiffage thermique.<br \/>La formule sans danger pour la couleur pour tous les types de cheveux.<\/div>\n<\/div>\n<div class=\"tab js-tab\">\n<h3 class=\"tab-title pdp-tabs_title js-tab-mobile-title\"><span>Ingr\u00e9dients<\/span><\/h3>\n<div class=\"tab-description pdp-tabs_description js-tab-description\">Aqua (Water, Eau), Sodium Lauroyl Methyl Isethionate, Cocamidopropyl Betaine, Sodium Cocoyl Isethionate, Caprylyl\/Capryl Glucoside, Lauryl Glucoside, Bambusa Arundinacea Leaf Extract, Trametes Versicolor Extract, Leuconostoc\/Radish Root Ferment Filtrate, Hydrolyzed Wheat Protein PG-Propyl Silanetriol, Hydrolyzed Corn Protein, Hydrolyzed Soy Protein, Hydrolyzed Wheat Protein, Coconut Acid, Starch Hydroxypropyltrimonium Chloride, Sodium Chloride, Glycerin, PPG-5-Ceteth-20, Silicone Quaternium-22, Disodium EDTA, Linoleamidopropyl PG-Dimonium Chloride Phosphate, Guar Hydroxypropyltrimonium Chloride, Dipropylene Glycol, Polyglyceryl-3 Caprate, Polyquaternium-10, Sodium Isethionate, Polyquaternium-7, Citric Acid, PEG-8 Dimethicone, Magnesium Nitrate, Palmitamidopropyltrimonium Chloride, Propylene Glycol, Cetrimonium Chloride, Sodium Benzoate, Phenoxyethanol, Methylchloroisothiazolinone, Methylisothiazolinone, Parfum (Fragrance), Linalool.<\/div>\n<\/div>\n<div class=\"tab js-tab\">\n<h3 class=\"tab-title pdp-tabs_title js-tab-mobile-title\"><span>Livraison et stock<\/span><\/h3>\n<div class=\"tab-description pdp-tabs_description js-tab-description\">\n<div class=\"pdp-delivery_info\">\n<div class=\"content-asset\">Livraison et d\u00e9laisRetours et remboursements<\/div>\n<\/div>\n<\/div>\n<\/div>\n<\/div>\n<\/div>\n<\/div>\n","protected":false},"excerpt":{"rendered":"<p>Points cl\u00e9s Shampoing pour les cheveux stress\u00e9s par la chaleur \u00c9limine en douceur les impuret\u00e9es&hellip;<\/p>\n","protected":false},"featured_media":15450,"comment_status":"open","ping_status":"closed","template":"","meta":[],"pwb-brand":[660],"product_cat":[610],"product_tag":[611,373,127],"class_list":{"0":"post-29207","1":"product","2":"type-product","3":"status-publish","4":"has-post-thumbnail","6":"pwb-brand-paul-mitchell","7":"product_cat-grands-formats","8":"product_tag-grands-formats","9":"product_tag-paul-mitchell","10":"product_tag-shampooing-et-coiffure","12":"first","13":"instock","14":"taxable","15":"shipping-taxable","16":"purchasable","17":"product-type-simple","18":"layout-style-3","19":"col-md-4 col-sm-4 col-xs-6","20":"col-lg-3","21":"product-style-default"},"aioseo_notices":[],"brands":[{"id":660,"name":"Paul Mitchell","slug":"paul-mitchell"}],"_links":{"self":[{"href":"https:\/\/cheveuxluxe.com\/index.php\/wp-json\/wp\/v2\/product\/29207","targetHints":{"allow":["GET"]}}],"collection":[{"href":"https:\/\/cheveuxluxe.com\/index.php\/wp-json\/wp\/v2\/product"}],"about":[{"href":"https:\/\/cheveuxluxe.com\/index.php\/wp-json\/wp\/v2\/types\/product"}],"replies":[{"embeddable":true,"href":"https:\/\/cheveuxluxe.com\/index.php\/wp-json\/wp\/v2\/comments?post=29207"}],"version-history":[{"count":0,"href":"https:\/\/cheveuxluxe.com\/index.php\/wp-json\/wp\/v2\/product\/29207\/revisions"}],"wp:featuredmedia":[{"embeddable":true,"href":"https:\/\/cheveuxluxe.com\/index.php\/wp-json\/wp\/v2\/media\/15450"}],"wp:attachment":[{"href":"https:\/\/cheveuxluxe.com\/index.php\/wp-json\/wp\/v2\/media?parent=29207"}],"wp:term":[{"taxonomy":"pwb-brand","embeddable":true,"href":"https:\/\/cheveuxluxe.com\/index.php\/wp-json\/wp\/v2\/pwb-brand?post=29207"},{"taxonomy":"product_cat","embeddable":true,"href":"https:\/\/cheveuxluxe.com\/index.php\/wp-json\/wp\/v2\/product_cat?post=29207"},{"taxonomy":"product_tag","embeddable":true,"href":"https:\/\/cheveuxluxe.com\/index.php\/wp-json\/wp\/v2\/product_tag?post=29207"}],"curies":[{"name":"wp","href":"https:\/\/api.w.org\/{rel}","templated":true}]}}