{"id":29239,"date":"2024-04-09T21:57:24","date_gmt":"2024-04-09T21:57:24","guid":{"rendered":"https:\/\/cheveuxluxe.com\/index.php\/product\/osmo-shampooing-extreme-volume-400ml\/"},"modified":"2024-04-13T14:26:04","modified_gmt":"2024-04-13T14:26:04","slug":"osmo-shampooing-extreme-volume-400ml","status":"publish","type":"product","link":"https:\/\/cheveuxluxe.com\/index.php\/product\/osmo-shampooing-extreme-volume-400ml\/","title":{"rendered":"Osmo Shampooing Extreme Volume 400ml"},"content":{"rendered":"<div class=\"product-content_bottom\">\n<div class=\"pdp-info\">\n<div class=\"pdp-tabs tab-container\">\n<div class=\"tab js-tab\">\n<h3 class=\"tab-title pdp-tabs_title js-tab-mobile-title open\"><span>Points cl\u00e9s<\/span><\/h3>\n<div class=\"tab-description pdp-tabs_description js-tab-description open\" itemprop=\"description\">\n<ul>\n<li> Cheveux fins et plats<\/li>\n<li>Volume extr\u00eame<\/li>\n<li>Ingr\u00e9dients naturels<\/li>\n<li>Tenue longue dur\u00e9e <\/li>\n<\/ul>\n<\/div>\n<\/div>\n<div class=\"tab js-tab\">\n<h3 class=\"tab-title pdp-tabs_title js-tab-mobile-title\"><span>Description<\/span><\/h3>\n<div class=\"tab-description pdp-tabs_description js-tab-description\" itemprop=\"description\">Formul\u00e9 pour booster le volume des cheveux plats, le shampooing Osmo\u00ae renforce la fibre d\u00e8s la racine. Le cuir chevelu est purifi\u00e9, les cheveux sont volumineux et resplendissants !Compos\u00e9 de trois ingr\u00e9dients naturels, le bois de santal, la bergamote et la pro-vitamine B5, le shampooing Volume Extr\u00eame d\u2019Osmo\u00ae agit \u00e0 la source m\u00eame du probl\u00e8me pour un r\u00e9sultat bluffant !Le bois de santal, reconnu pour ses pouvoirs hydratants, pr\u00e9serve le cuir chevelu et apporte aux cheveux plus de souplesse, d\u2019\u00e9clat et de l\u00e9g\u00e8ret\u00e9. La bergamote r\u00e9gule efficacement et en douceur l\u2019exc\u00e8s de s\u00e9bum, principal responsable de la perte de volume : le cuir chevelu est assaini, les cheveux gardent toute leur densit\u00e9. Enfin, la pro-vitamine B5 d\u00e9m\u00eale et lisse la fibre capillaire jusqu\u2019aux pointes, sans alourdir la chevelure.R\u00e9sultat ? Des cheveux hauts en volume, sains et pour toute la journ\u00e9e !<\/div>\n<\/div>\n<div class=\"tab js-tab\">\n<h3 class=\"tab-title pdp-tabs_title js-tab-mobile-title\"><span>Mode d&#8217;emploi<\/span><\/h3>\n<div class=\"tab-description pdp-tabs_description js-tab-description\">Faites mousser une petite quantit\u00e9 du shampooing sur l\u2019ensemble des cheveux mouill\u00e9s en insistant sur le cuir chevelu. Rincez soigneusement \u00e0 l\u2019eau claire avant de proc\u00e9der au coiffage habituel.<\/div>\n<\/div>\n<div class=\"tab js-tab\">\n<h3 class=\"tab-title pdp-tabs_title js-tab-mobile-title\"><span>Ingr\u00e9dients<\/span><\/h3>\n<div class=\"tab-description pdp-tabs_description js-tab-description\">Aqua (Water), Sodium Laureth Sulfate, Ammonium Lauryl Sulfate, Cocamidopropyl Betaine, Sodium Chloride, Polyquaternium-55, Glycol Distearate, Tetrasodium Edta, Cocamide Mea, Laureth-10, Panthenol, Cocodimonium Hydrolyzed Wheat Protein, Hydrolyzed Soy Protein, Lecithin, Glycine Soja (Soybean Oil), Lactic Acid, Pca, Serine, Alanine, Glycine, Proline, Tocopherol, Palmitoyl Carnitine, Glutamic Acid, Calcium Gluconate, Gluconolactone, Oryza Sativa (Rice) Extract, Phytic Acid, Oryza Sativa (Rice) Seed Protein, Parfum (Fragrance), Limonene, Citric Acid, Guar trimonium Chloride, Glycerin, Butylene Glycol, Dipotassium Phosphate, Sodium Benzoate, Methylchloroisothiazolinone, Phenoxyethanol, Potassium Sorbate, Methylisothiazolinone, Sodium Metabisulfite<\/div>\n<\/div>\n<div class=\"tab js-tab\">\n<h3 class=\"tab-title pdp-tabs_title js-tab-mobile-title\"><span>Livraison et stock<\/span><\/h3>\n<div class=\"tab-description pdp-tabs_description js-tab-description\">\n<div class=\"pdp-delivery_info\">\n<div class=\"content-asset\">Livraison et d\u00e9laisRetours et remboursements<\/div>\n<\/div>\n<\/div>\n<\/div>\n<\/div>\n<\/div>\n<\/div>\n","protected":false},"excerpt":{"rendered":"<p>Points cl\u00e9s Cheveux fins et plats Volume extr\u00eame Ingr\u00e9dients naturels Tenue longue dur\u00e9e Description Formul\u00e9&hellip;<\/p>\n","protected":false},"featured_media":29238,"comment_status":"open","ping_status":"closed","template":"","meta":[],"pwb-brand":[661],"product_cat":[617],"product_tag":[274,385,273],"class_list":{"0":"post-29239","1":"product","2":"type-product","3":"status-publish","4":"has-post-thumbnail","6":"pwb-brand-osmo","7":"product_cat-coiffure","8":"product_tag-coiffure","9":"product_tag-osmo","10":"product_tag-vegan","12":"first","13":"instock","14":"taxable","15":"shipping-taxable","16":"purchasable","17":"product-type-simple","18":"layout-style-3","19":"col-md-4 col-sm-4 col-xs-6","20":"col-lg-3","21":"product-style-default"},"aioseo_notices":[],"brands":[{"id":661,"name":"Osmo","slug":"osmo"}],"_links":{"self":[{"href":"https:\/\/cheveuxluxe.com\/index.php\/wp-json\/wp\/v2\/product\/29239","targetHints":{"allow":["GET"]}}],"collection":[{"href":"https:\/\/cheveuxluxe.com\/index.php\/wp-json\/wp\/v2\/product"}],"about":[{"href":"https:\/\/cheveuxluxe.com\/index.php\/wp-json\/wp\/v2\/types\/product"}],"replies":[{"embeddable":true,"href":"https:\/\/cheveuxluxe.com\/index.php\/wp-json\/wp\/v2\/comments?post=29239"}],"version-history":[{"count":0,"href":"https:\/\/cheveuxluxe.com\/index.php\/wp-json\/wp\/v2\/product\/29239\/revisions"}],"wp:featuredmedia":[{"embeddable":true,"href":"https:\/\/cheveuxluxe.com\/index.php\/wp-json\/wp\/v2\/media\/29238"}],"wp:attachment":[{"href":"https:\/\/cheveuxluxe.com\/index.php\/wp-json\/wp\/v2\/media?parent=29239"}],"wp:term":[{"taxonomy":"pwb-brand","embeddable":true,"href":"https:\/\/cheveuxluxe.com\/index.php\/wp-json\/wp\/v2\/pwb-brand?post=29239"},{"taxonomy":"product_cat","embeddable":true,"href":"https:\/\/cheveuxluxe.com\/index.php\/wp-json\/wp\/v2\/product_cat?post=29239"},{"taxonomy":"product_tag","embeddable":true,"href":"https:\/\/cheveuxluxe.com\/index.php\/wp-json\/wp\/v2\/product_tag?post=29239"}],"curies":[{"name":"wp","href":"https:\/\/api.w.org\/{rel}","templated":true}]}}