{"id":29302,"date":"2024-04-09T22:00:11","date_gmt":"2024-04-09T22:00:11","guid":{"rendered":"https:\/\/cheveuxluxe.com\/index.php\/product\/lome-paris-shampooing-post-coloration-500ml\/"},"modified":"2024-04-13T14:24:30","modified_gmt":"2024-04-13T14:24:30","slug":"lome-paris-shampooing-post-coloration-500ml","status":"publish","type":"product","link":"https:\/\/cheveuxluxe.com\/index.php\/product\/lome-paris-shampooing-post-coloration-500ml\/","title":{"rendered":"L\u00f4m\u00e9 Paris Shampooing Post-Coloration 500ml"},"content":{"rendered":"<div class=\"product-content_bottom\">\n<div class=\"pdp-info\">\n<div class=\"pdp-tabs tab-container\">\n<div class=\"tab js-tab\">\n<h3 class=\"tab-title pdp-tabs_title js-tab-mobile-title open\"><span>Points cl\u00e9s<\/span><\/h3>\n<div class=\"tab-description pdp-tabs_description js-tab-description open\" itemprop=\"description\">\n<ul>\n<li>Nettoi les cheveux apr\u00e8s le processus de coloration<\/li>\n<li>Arr\u00eate l\u2019action chimique et stabilise les pigments pour des r\u00e9sultats de couleur plus durables<\/li>\n<li>Convient d\u2019utiliser apr\u00e8s toutes les colorations ou d\u00e9colorations<\/li>\n<\/ul>\n<\/div>\n<\/div>\n<div class=\"tab js-tab\">\n<h3 class=\"tab-title pdp-tabs_title js-tab-mobile-title\"><span>Description<\/span><\/h3>\n<div class=\"tab-description pdp-tabs_description js-tab-description\" itemprop=\"description\">Le shampooing POST-COLORATION nettoi les cheveux apr\u00e8s le processus de coloration.<br \/>Il arr\u00eate l\u2019action chimique et stabilise les pigments pour des r\u00e9sultats de couleur plus durables.<br \/>Il convient d\u2019utiliser apr\u00e8s toutes les colorations ou \u00e9claircissants L\u00f4m\u00e9 Paris.<\/div>\n<\/div>\n<div class=\"tab js-tab\">\n<h3 class=\"tab-title pdp-tabs_title js-tab-mobile-title\"><span>Mode d&#8217;emploi<\/span><\/h3>\n<div class=\"tab-description pdp-tabs_description js-tab-description\">Appliquez uniform\u00e9ment sur les cheveux mouill\u00e9s et faites mousser.<br \/>Laissez agir bri\u00e8vement et rincez abondamment.<\/div>\n<\/div>\n<div class=\"tab js-tab\">\n<h3 class=\"tab-title pdp-tabs_title js-tab-mobile-title\"><span>Ingr\u00e9dients<\/span><\/h3>\n<div class=\"tab-description pdp-tabs_description js-tab-description\">AQUA, WATER, EAU, SODIUM LAURETH SULFATE, COCAMIDOPROPYL BETAINE, LAURETH-2, SODIUM CHLORIDE, PARFUM (FRAGRANCE), POLYQUATERNIUM-10, QUATERNIUM-80, PROPYLENE GLYCOL, DMDM HYDANTOIN, AMODIMETHICONE, GLYCERIN, ALCOHOL DENAT., C11-15 PARETH-5, C11-15 PARETH-9, PEG-40 HYDROGENATED CASTOR OIL, TOCOPHEROL, PHENOXYETHANOL, ACETIC ACID, DECYLENE GLYCOL, SODIUM ACETATE, VITIS VINIFERA (GRAPE) SEED EXTRACT, ISOPROPYL ALCOHOL, CAPRYLYL GLYCOL, CITRIC ACID. (F02)<\/div>\n<\/div>\n<div class=\"tab js-tab\">\n<h3 class=\"tab-title pdp-tabs_title js-tab-mobile-title\"><span>Livraison et stock<\/span><\/h3>\n<div class=\"tab-description pdp-tabs_description js-tab-description\">\n<div class=\"pdp-delivery_info\">\n<div class=\"content-asset\">Livraison et d\u00e9laisRetours et remboursements<\/div>\n<\/div>\n<\/div>\n<\/div>\n<div class=\"tab js-tab\">\n<h3 class=\"tab-title pdp-tabs_title js-tab-mobile-title\"><span>Pr\u00e9cautions d&#8217;emploi<\/span><\/h3>\n<div class=\"tab-description pdp-tabs_description js-tab-description\">En cas de contact, rincer les yeux imm\u00e9diatement et abondamment \u00e0 l\u2019eau claire pendant 10 minutes.<br \/>Si votre client porte des lentilles, les lui faire retirer avant de rincer les yeux abondamment \u00e0 l\u2019eau.<\/div>\n<\/div>\n<\/div>\n<\/div>\n<\/div>\n","protected":false},"excerpt":{"rendered":"<p>Points cl\u00e9s Nettoi les cheveux apr\u00e8s le processus de coloration Arr\u00eate l\u2019action chimique et stabilise&hellip;<\/p>\n","protected":false},"featured_media":20646,"comment_status":"open","ping_status":"closed","template":"","meta":[],"pwb-brand":[656],"product_cat":[617],"product_tag":[274,355,273],"class_list":{"0":"post-29302","1":"product","2":"type-product","3":"status-publish","4":"has-post-thumbnail","6":"pwb-brand-lome-paris","7":"product_cat-coiffure","8":"product_tag-coiffure","9":"product_tag-lome-paris","10":"product_tag-vegan","12":"first","13":"instock","14":"taxable","15":"shipping-taxable","16":"purchasable","17":"product-type-simple","18":"layout-style-3","19":"col-md-4 col-sm-4 col-xs-6","20":"col-lg-3","21":"product-style-default"},"aioseo_notices":[],"brands":[{"id":656,"name":"L\u00f4m\u00e9 Paris","slug":"lome-paris"}],"_links":{"self":[{"href":"https:\/\/cheveuxluxe.com\/index.php\/wp-json\/wp\/v2\/product\/29302","targetHints":{"allow":["GET"]}}],"collection":[{"href":"https:\/\/cheveuxluxe.com\/index.php\/wp-json\/wp\/v2\/product"}],"about":[{"href":"https:\/\/cheveuxluxe.com\/index.php\/wp-json\/wp\/v2\/types\/product"}],"replies":[{"embeddable":true,"href":"https:\/\/cheveuxluxe.com\/index.php\/wp-json\/wp\/v2\/comments?post=29302"}],"version-history":[{"count":0,"href":"https:\/\/cheveuxluxe.com\/index.php\/wp-json\/wp\/v2\/product\/29302\/revisions"}],"wp:featuredmedia":[{"embeddable":true,"href":"https:\/\/cheveuxluxe.com\/index.php\/wp-json\/wp\/v2\/media\/20646"}],"wp:attachment":[{"href":"https:\/\/cheveuxluxe.com\/index.php\/wp-json\/wp\/v2\/media?parent=29302"}],"wp:term":[{"taxonomy":"pwb-brand","embeddable":true,"href":"https:\/\/cheveuxluxe.com\/index.php\/wp-json\/wp\/v2\/pwb-brand?post=29302"},{"taxonomy":"product_cat","embeddable":true,"href":"https:\/\/cheveuxluxe.com\/index.php\/wp-json\/wp\/v2\/product_cat?post=29302"},{"taxonomy":"product_tag","embeddable":true,"href":"https:\/\/cheveuxluxe.com\/index.php\/wp-json\/wp\/v2\/product_tag?post=29302"}],"curies":[{"name":"wp","href":"https:\/\/api.w.org\/{rel}","templated":true}]}}