{"id":29304,"date":"2024-04-09T22:00:12","date_gmt":"2024-04-09T22:00:12","guid":{"rendered":"https:\/\/cheveuxluxe.com\/index.php\/product\/lome-paris-repair-intense-shampooing-faiblecassant-250ml\/"},"modified":"2024-04-13T14:13:48","modified_gmt":"2024-04-13T14:13:48","slug":"lome-paris-repair-intense-shampooing-faiblecassant-250ml","status":"publish","type":"product","link":"https:\/\/cheveuxluxe.com\/index.php\/product\/lome-paris-repair-intense-shampooing-faiblecassant-250ml\/","title":{"rendered":"L\u00f4m\u00e9 Paris Repair Intense Shampooing Faible&#038;Cassant 250ml"},"content":{"rendered":"<div class=\"product-content_bottom\">\n<div class=\"pdp-info\">\n<div class=\"pdp-tabs tab-container\">\n<div class=\"tab js-tab\">\n<h3 class=\"tab-title pdp-tabs_title js-tab-mobile-title open\"><span>Points cl\u00e9s<\/span><\/h3>\n<div class=\"tab-description pdp-tabs_description js-tab-description open\" itemprop=\"description\">\n<ul>\n<li>Enrichi \u00e0 la k\u00e9ratine, aux acides amin\u00e9s et \u00e0 l\u2019huile d\u2019argan <\/li>\n<li>Nettoie les cheveux affaiblis et cassants<\/li>\n<li>Pour des cheveux plus forts et prot\u00e9g\u00e9s contre les agressions de l\u2019environnement<\/li>\n<\/ul>\n<\/div>\n<\/div>\n<div class=\"tab js-tab\">\n<h3 class=\"tab-title pdp-tabs_title js-tab-mobile-title\"><span>Description<\/span><\/h3>\n<div class=\"tab-description pdp-tabs_description js-tab-description\" itemprop=\"description\">Ce shampooing reconstructeur enrichi \u00e0 la k\u00e9ratine, aux acides amin\u00e9s et \u00e0 l\u2019huile d\u2019argan nettoie les cheveux affaiblis et cassants, pour des cheveux plus forts et prot\u00e9g\u00e9s contre les agressions de l\u2019environnement.<\/div>\n<\/div>\n<div class=\"tab js-tab\">\n<h3 class=\"tab-title pdp-tabs_title js-tab-mobile-title\"><span>Mode d&#8217;emploi<\/span><\/h3>\n<div class=\"tab-description pdp-tabs_description js-tab-description\">Appliquez uniform\u00e9ment sur les cheveux mouill\u00e9s et faites mousser.<br \/>Rincez abondamment.<\/div>\n<\/div>\n<div class=\"tab js-tab\">\n<h3 class=\"tab-title pdp-tabs_title js-tab-mobile-title\"><span>Ingr\u00e9dients<\/span><\/h3>\n<div class=\"tab-description pdp-tabs_description js-tab-description\">INGREDIENTS : AQUA, SODIUM LAURETH SULFATE, GLYCERIN, COCAMIDOPROPYL BETAINE, DIMETHICONOL, ACRYLATES COPOLYMER, ALANINE, ARGANIA SPINOSA KERNEL OIL, ARGININE, ASPARTIC ACID, HISTIDINE, ISOLEUCINE, PCA, PHENYLALANINE, SERINE, SODIUM LACTATE, THREONINE, VALINE, AVENA STRIGOSA SEED EXTRACT, GLYCINE, HYDROLYZED KERATIN, HYDROLYZED WHEAT PROTEIN, LECITHIN, PROLINE, SODIUM PCA, COCAMIDE MEA, DICAPRYLYL ETHER, GLYCOL DISTEARATE, GUAR HYDROXYPROPYLTRIMONIUM CHLORIDE, LAURETH-10, LAURYL ALCOHOL, SODIUM CHLORIDE, TEA-DODECYLBENZENESULFONATE, PARFUM, CITRIC ACID, TRIETHANOLAMINE, BENZOIC ACID, METHYLCHLOROISOTHIAZOLINONE, METHYLISOTHIAZOLINONE, PHENOXYETHANOL, POTASSIUM SORBATE, SODIUM BENZOATE, BENZYL ALCOHOL, LIMONENE, LINALOOL<\/div>\n<\/div>\n<div class=\"tab js-tab\">\n<h3 class=\"tab-title pdp-tabs_title js-tab-mobile-title\"><span>Livraison et stock<\/span><\/h3>\n<div class=\"tab-description pdp-tabs_description js-tab-description\">\n<div class=\"pdp-delivery_info\">\n<div class=\"content-asset\">Livraison et d\u00e9laisRetours et remboursements<\/div>\n<\/div>\n<\/div>\n<\/div>\n<div class=\"tab js-tab\">\n<h3 class=\"tab-title pdp-tabs_title js-tab-mobile-title\"><span>Pr\u00e9cautions d&#8217;emploi<\/span><\/h3>\n<div class=\"tab-description pdp-tabs_description js-tab-description\">\u00c9vitez le contact avec les yeux.<\/div>\n<\/div>\n<\/div>\n<\/div>\n<\/div>\n","protected":false},"excerpt":{"rendered":"<p>Points cl\u00e9s Enrichi \u00e0 la k\u00e9ratine, aux acides amin\u00e9s et \u00e0 l\u2019huile d\u2019argan Nettoie les&hellip;<\/p>\n","protected":false},"featured_media":21248,"comment_status":"open","ping_status":"closed","template":"","meta":[],"pwb-brand":[656],"product_cat":[600],"product_tag":[144,355,127],"class_list":{"0":"post-29304","1":"product","2":"type-product","3":"status-publish","4":"has-post-thumbnail","6":"pwb-brand-lome-paris","7":"product_cat-lissage-et-keratine","8":"product_tag-lissage-et-keratine","9":"product_tag-lome-paris","10":"product_tag-shampooing-et-coiffure","12":"first","13":"instock","14":"taxable","15":"shipping-taxable","16":"purchasable","17":"product-type-simple","18":"layout-style-3","19":"col-md-4 col-sm-4 col-xs-6","20":"col-lg-3","21":"product-style-default"},"aioseo_notices":[],"brands":[{"id":656,"name":"L\u00f4m\u00e9 Paris","slug":"lome-paris"}],"_links":{"self":[{"href":"https:\/\/cheveuxluxe.com\/index.php\/wp-json\/wp\/v2\/product\/29304","targetHints":{"allow":["GET"]}}],"collection":[{"href":"https:\/\/cheveuxluxe.com\/index.php\/wp-json\/wp\/v2\/product"}],"about":[{"href":"https:\/\/cheveuxluxe.com\/index.php\/wp-json\/wp\/v2\/types\/product"}],"replies":[{"embeddable":true,"href":"https:\/\/cheveuxluxe.com\/index.php\/wp-json\/wp\/v2\/comments?post=29304"}],"version-history":[{"count":0,"href":"https:\/\/cheveuxluxe.com\/index.php\/wp-json\/wp\/v2\/product\/29304\/revisions"}],"wp:featuredmedia":[{"embeddable":true,"href":"https:\/\/cheveuxluxe.com\/index.php\/wp-json\/wp\/v2\/media\/21248"}],"wp:attachment":[{"href":"https:\/\/cheveuxluxe.com\/index.php\/wp-json\/wp\/v2\/media?parent=29304"}],"wp:term":[{"taxonomy":"pwb-brand","embeddable":true,"href":"https:\/\/cheveuxluxe.com\/index.php\/wp-json\/wp\/v2\/pwb-brand?post=29304"},{"taxonomy":"product_cat","embeddable":true,"href":"https:\/\/cheveuxluxe.com\/index.php\/wp-json\/wp\/v2\/product_cat?post=29304"},{"taxonomy":"product_tag","embeddable":true,"href":"https:\/\/cheveuxluxe.com\/index.php\/wp-json\/wp\/v2\/product_tag?post=29304"}],"curies":[{"name":"wp","href":"https:\/\/api.w.org\/{rel}","templated":true}]}}