{"id":29340,"date":"2024-04-09T22:02:00","date_gmt":"2024-04-09T22:02:00","guid":{"rendered":"https:\/\/cheveuxluxe.com\/index.php\/product\/loreal-professionnel-absolut-repair-molecular-shampooing-reparateur-300ml\/"},"modified":"2024-04-13T13:57:20","modified_gmt":"2024-04-13T13:57:20","slug":"loreal-professionnel-absolut-repair-molecular-shampooing-reparateur-300ml","status":"publish","type":"product","link":"https:\/\/cheveuxluxe.com\/index.php\/product\/loreal-professionnel-absolut-repair-molecular-shampooing-reparateur-300ml\/","title":{"rendered":"L&rsquo;Or\u00e9al Professionnel Absolut Repair Molecular Shampooing R\u00e9parateur, 300ml"},"content":{"rendered":"<div class=\"product-content_bottom\">\n<div class=\"pdp-info\">\n<div class=\"pdp-tabs tab-container\">\n<div class=\"tab js-tab\">\n<h3 class=\"tab-title pdp-tabs_title js-tab-mobile-title open\"><span>Points cl\u00e9s<\/span><\/h3>\n<div class=\"tab-description pdp-tabs_description js-tab-description open\" itemprop=\"description\">\n<ul>\n<li>R\u00e9pare la structure macromol\u00e9culaire des cheveux<\/li>\n<li>La texture luxueuse de la formule nettoie, d\u00e9m\u00eale les cheveux et apporte un niveau de soin \u00e9lev\u00e9<\/li>\n<li>Test instrumental sur la structure macromol\u00e9culaire de la fibre apr\u00e8s application du shampooing, du s\u00e9rum \u00e0 rincer et du masque sans rin\u00e7age<\/li>\n<li>Test consommateur apr\u00e8s application du shampooing + s\u00e9rum \u00e0 rincer + masque sans rin\u00e7age<\/li>\n<\/ul>\n<\/div>\n<\/div>\n<div class=\"tab js-tab\">\n<h3 class=\"tab-title pdp-tabs_title js-tab-mobile-title\"><span>Description<\/span><\/h3>\n<div class=\"tab-description pdp-tabs_description js-tab-description\" itemprop=\"description\">L&rsquo;Or\u00e9al Professionnel Shampooing Absolut Repair Molecular- Serie Expert. Sans sulfate, r\u00e9pare les dommages et restaure la force, pour tous les types de cheveux ab\u00eem\u00e9s.<\/div>\n<\/div>\n<div class=\"tab js-tab\">\n<h3 class=\"tab-title pdp-tabs_title js-tab-mobile-title\"><span>Mode d&#8217;emploi<\/span><\/h3>\n<div class=\"tab-description pdp-tabs_description js-tab-description\">Appliquer sur cheveux humides. Faire mousser jusqu\u2019\u00e0 obtention d\u2019une mousse riche. Rincer. Pour des r\u00e9sultats optimaux, utiliser le s\u00e9rum \u00e0 rincer et le masque sans rin\u00e7age Absolut Repair Molecular.<\/div>\n<\/div>\n<div class=\"tab js-tab\">\n<h3 class=\"tab-title pdp-tabs_title js-tab-mobile-title\"><span>Ingr\u00e9dients<\/span><\/h3>\n<div class=\"tab-description pdp-tabs_description js-tab-description\">AQUA,WATER,EAU , SODIUM COCOYL ISETHIONATE , DISODIUM LAURETH SULFOSUCCINATE , GLYCOL DISTEARATE , SODIUM LAURYL SULFOACETATE , SODIUM LAUROYL SARCOSINATE , GLYCERIN , PARFUM \/ FRAGRANCE , DECYL GLUCOSIDE , COCAMIDOPROPYL BETAINE , PPG-5-CETETH-20 , COCO-BETAINE , DIVINYLDIMETHICONE\/DIMETHICONE COPOLYMER , AMODIMETHICONE , CITRIC ACID , SODIUM HYDROXIDE , POLYQUATERNIUM-7 , POLYQUATERNIUM-10 , CARBOMER , SODIUM BENZOATE , SODIUM CHLORIDE , PEG-55 PROPYLENE GLYCOL OLEATE , PROPYLENE GLYCOL , ARGININE , SALICYLIC ACID , BENZOIC ACID , POLYSORBATE 21 , TRIDECETH-6 , LINALOOL , C12-13 ALKETH-23 , C12-13 ALKETH-3 , GLYCINE , SERINE , TYROSINE , CETRIMONIUM CHLORIDE , GLUTAMIC ACID , PHENOXYETHANOL<\/div>\n<\/div>\n<div class=\"tab js-tab\">\n<h3 class=\"tab-title pdp-tabs_title js-tab-mobile-title\"><span>Livraison et stock<\/span><\/h3>\n<div class=\"tab-description pdp-tabs_description js-tab-description\">\n<div class=\"pdp-delivery_info\">\n<div class=\"content-asset\">Livraison et d\u00e9laisRetours et remboursements<\/div>\n<\/div>\n<\/div>\n<\/div>\n<div class=\"tab js-tab\">\n<h3 class=\"tab-title pdp-tabs_title js-tab-mobile-title\"><span>Pr\u00e9cautions d&#8217;emploi<\/span><\/h3>\n<div class=\"tab-description pdp-tabs_description js-tab-description\">En cas de contact avec les yeux, rincer imm\u00e9diatement et abondamment<\/div>\n<\/div>\n<\/div>\n<\/div>\n<\/div>\n","protected":false},"excerpt":{"rendered":"<p>Points cl\u00e9s R\u00e9pare la structure macromol\u00e9culaire des cheveux La texture luxueuse de la formule nettoie,&hellip;<\/p>\n","protected":false},"featured_media":29334,"comment_status":"open","ping_status":"closed","template":"","meta":[],"pwb-brand":[649],"product_cat":[573],"product_tag":[325,134,127],"class_list":{"0":"post-29340","1":"product","2":"type-product","3":"status-publish","4":"has-post-thumbnail","6":"pwb-brand-loreal-professionnel","7":"product_cat-shampooing","8":"product_tag-loreal-professionnel","9":"product_tag-shampooing","10":"product_tag-shampooing-et-coiffure","12":"first","13":"instock","14":"taxable","15":"shipping-taxable","16":"purchasable","17":"product-type-simple","18":"layout-style-3","19":"col-md-4 col-sm-4 col-xs-6","20":"col-lg-3","21":"product-has-gallery","22":"product-style-default"},"aioseo_notices":[],"brands":[{"id":649,"name":"L'Or\u00e9al Professionnel","slug":"loreal-professionnel"}],"_links":{"self":[{"href":"https:\/\/cheveuxluxe.com\/index.php\/wp-json\/wp\/v2\/product\/29340","targetHints":{"allow":["GET"]}}],"collection":[{"href":"https:\/\/cheveuxluxe.com\/index.php\/wp-json\/wp\/v2\/product"}],"about":[{"href":"https:\/\/cheveuxluxe.com\/index.php\/wp-json\/wp\/v2\/types\/product"}],"replies":[{"embeddable":true,"href":"https:\/\/cheveuxluxe.com\/index.php\/wp-json\/wp\/v2\/comments?post=29340"}],"version-history":[{"count":0,"href":"https:\/\/cheveuxluxe.com\/index.php\/wp-json\/wp\/v2\/product\/29340\/revisions"}],"wp:featuredmedia":[{"embeddable":true,"href":"https:\/\/cheveuxluxe.com\/index.php\/wp-json\/wp\/v2\/media\/29334"}],"wp:attachment":[{"href":"https:\/\/cheveuxluxe.com\/index.php\/wp-json\/wp\/v2\/media?parent=29340"}],"wp:term":[{"taxonomy":"pwb-brand","embeddable":true,"href":"https:\/\/cheveuxluxe.com\/index.php\/wp-json\/wp\/v2\/pwb-brand?post=29340"},{"taxonomy":"product_cat","embeddable":true,"href":"https:\/\/cheveuxluxe.com\/index.php\/wp-json\/wp\/v2\/product_cat?post=29340"},{"taxonomy":"product_tag","embeddable":true,"href":"https:\/\/cheveuxluxe.com\/index.php\/wp-json\/wp\/v2\/product_tag?post=29340"}],"curies":[{"name":"wp","href":"https:\/\/api.w.org\/{rel}","templated":true}]}}