{"id":29348,"date":"2024-04-09T22:02:13","date_gmt":"2024-04-09T22:02:13","guid":{"rendered":"https:\/\/cheveuxluxe.com\/index.php\/product\/loreal-professionnel-metal-detox-shampoo-500ml\/"},"modified":"2024-04-13T13:57:24","modified_gmt":"2024-04-13T13:57:24","slug":"loreal-professionnel-metal-detox-shampoo-500ml","status":"publish","type":"product","link":"https:\/\/cheveuxluxe.com\/index.php\/product\/loreal-professionnel-metal-detox-shampoo-500ml\/","title":{"rendered":"L&rsquo;Or\u00e9al Professionnel Metal Detox Shampoo 500ml"},"content":{"rendered":"<div class=\"product-content_bottom\">\n<div class=\"pdp-info\">\n<div class=\"pdp-tabs tab-container\">\n<div class=\"tab js-tab\">\n<h3 class=\"tab-title pdp-tabs_title js-tab-mobile-title open\"><span>Points cl\u00e9s<\/span><\/h3>\n<div class=\"tab-description pdp-tabs_description js-tab-description open\" itemprop=\"description\">\n<ul>\n<li>Nettoie en douceur la fibre et \u00e9limine le m\u00e9tal des cheveux*<\/li>\n<li>Les cheveux sont nourris, plus lisses et plus forts<\/li>\n<li>Couleur longue dur\u00e9e, 2x plus brillants**<\/li>\n<li>*Test instrumental apr\u00e8s 12 utilisations du shampooing Metal Detox<\/li>\n<li>*Test instrumentaux apr\u00e8s applications du shampoing + masque Metal Detox<\/li>\n<\/ul>\n<\/div>\n<\/div>\n<div class=\"tab js-tab\">\n<h3 class=\"tab-title pdp-tabs_title js-tab-mobile-title\"><span>Description<\/span><\/h3>\n<div class=\"tab-description pdp-tabs_description js-tab-description\" itemprop=\"description\">\n<p>DECOUVERTE SCIENTIFIQUE<\/p>\n<p>Lavage apr\u00e8s lavage, le m\u00e9tal pr\u00e9sent dans l&rsquo;eau p\u00e9n\u00e8tre \u00e0 l\u2019int\u00e9rieur de la fibre. C&rsquo;est l&rsquo;une des causes majeures de casse du cheveu. A forte concentration, il cr\u00e9e un risque de casse des cheveux et impacte la qualit\u00e9 de votre couleur.<\/p>\n<p>INNOVATION SCIENTIFIQUE<\/p>\n<p>La cr\u00e8me lavante anti-m\u00e9tal Metal Detox \u00e9limine en douceur l&rsquo;exces de m\u00e9tal* dans les cheveux tout en nourrissant la fibre. Technologie brevet\u00e9e, Il est concentr\u00e9 en Glicoamine, un actif suffisamment petit pour p\u00e9n\u00e9trer \u00e0 l\u2019int\u00e9rieur de la fibre et neutraliser le m\u00e9tal. La cr\u00e8me lavante fait partie de la gamme Metal Detox, un protocole anti-m\u00e9tal complet pour emp\u00eacher la casse des cheveux et la couleur de virer.<\/p>\n<p>DETOXIFIE VOS CHEVEUX AU QUOTIDIEN<\/p>\n<p>Pour des cheveux lav\u00e9s en douceur. Le m\u00e9tal est neutralis\u00e9. La fibre est nourrie : +67% de nutrition**. Les cheveux sont plus lisses pendant 72 heures***. La fibre est renforc\u00e9e, plus r\u00e9sistante aux agressions<\/p>\n<p>COULEUR VIBRANTE ET BRILLANTE<\/p>\n<p>Formule color\u00e9e sans sulfate********. Couleur longue dur\u00e9e****, 2x plus brillante***<\/p>\n<p>FORMULE PROFESSIONNELLE<\/p>\n<p>Une texture cr\u00e8me nettoyante sans sulfate, riche et g\u00e9n\u00e9reuse, qui se transforme en une mousse concentr\u00e9e. Facile \u00e0 rincer. Vegan***** et sans sulfate********. &#8211; Un parfum addictif avec une signature Tech unique, gr\u00e2ce \u00e0 des notes distinctives d&rsquo;agrumes associ\u00e9es \u00e0 des notes de bois musqu\u00e9s. &#8211; Pour une exp\u00e9rience Metal Detox optimale \u00e0 la maison, poursuive avec le masque protecteur Metal Detox pour prot\u00e9ger la fibre des d\u00e9p\u00f4ts de particules et la cr\u00e8me haute protection Metal Detox ou l&rsquo;huile concentr\u00e9e pour renforcer la fibre.<\/p>\n<p>CONVIENT \u00c0 TOUS LES TYPES DE CHEVEUX<\/p>\n<p>Pour toutes les textures de cheveux, les cheveux color\u00e9s, ab\u00eem\u00e9s, sensibilis\u00e9s, d\u00e9color\u00e9s et naturels.<\/p>\n<p>DEMANDEZ LE PROTOCOLE METAL DETOX EN SALON<\/p>\n<p>Lors de votre prochaine visite au salon de coiffure, demandez le protocole Metal Detox concentr\u00e9 en Glicoamine pour emp\u00eacher la casse des cheveux &amp; la couleur de virer : pour -99% de casse des cheveux****** et pour une couleur 100% fid\u00e8le et longue dur\u00e9e*******.<\/p>\n<p>La gamme Metal Detox a \u00e9t\u00e9 co-d\u00e9velopp\u00e9e avec des coiffeurs experts en coloration, balayage et \u00e9claircissement.<\/p>\n<p>@sebastiancolorist, @washingtonnunnes, @lucasdioslo &amp; @charlotte_catherin.\u00a0<\/p>\n<p>*Test instrumental apr\u00e8s 12 utilisations du shampoing Metal Detox. **Test instrumental ***Test instrumentaux apr\u00e8s applications du shampoing + masque Metal Detox. ****Pr\u00e9servation de la couleur apr\u00e8s plusieurs lavages avec le shampoing + le masque Metal Detox. *****Aucun ingr\u00e9dient d&rsquo;origine animale. ******Test instrumental apr\u00e8s application du pr\u00e9-shampoing + shampoing + masque Metal Detox *******Optimisation de l&rsquo;absorption de la couleur. Test instrumental sur le pr\u00e9-shampoing + protocole technique en salon + shampoing + masque Metal Detox. ********Sans tensioactifs sulfat\u00e9s.\u00a0\u00bb<\/p>\n<\/div>\n<\/div>\n<div class=\"tab js-tab\">\n<h3 class=\"tab-title pdp-tabs_title js-tab-mobile-title\"><span>Mode d&#8217;emploi<\/span><\/h3>\n<div class=\"tab-description pdp-tabs_description js-tab-description\">Pour un r\u00e9sultat optimal, appliquer la Cr\u00e8me lavante anti-m\u00e9tal apr\u00e8s l\u2019utilisation du Pr\u00e9-Shampoing. R\u00e9partir sur cheveux mouill\u00e9s en superposition du Pr\u00e9-Shampoing. \u00c9mulsionner jusqu&rsquo;\u00e0 obtenir une cr\u00e8me onctueuse. Rincer. Poursuivre la routine avec le masque protecteur Metal Detox, puis l&rsquo;huile concentr\u00e9e ou la cr\u00e8me haute protection Metal Detox pour hydrater, renforcer et sublimer.<\/div>\n<\/div>\n<div class=\"tab js-tab\">\n<h3 class=\"tab-title pdp-tabs_title js-tab-mobile-title\"><span>Ingr\u00e9dients<\/span><\/h3>\n<div class=\"tab-description pdp-tabs_description js-tab-description\">Value1: AQUA \/ WATER \/ EAU \u2022 SODIUM COCOYL ISETHIONATE \u2022 DISODIUM LAURETH SULFOSUCCINATE \u2022 GLYCOL DISTEARATE \u2022 SODIUM LAURYL SULFOACETATE \u2022 SODIUM LAUROYL SARCOSINATE \u2022 GLYCERIN \u2022 PARFUM \/ FRAGRANCE \u2022 PPG-5-CETETH-20 \u2022 DECYL GLUCOSIDE \u2022 COCAMIDOPROPYL BETAINE \u2022 COCO-BETAINE \u2022 DIVINYLDIMETHICONE\/DIMETHICONE COPOLYMER \u2022 AMODIMETHICONE \u2022 CITRIC ACID \u2022 SODIUM HYDROXIDE \u2022 POLYQUATERNIUM-7 \u2022 POLYQUATERNIUM-10 \u2022 CARBOMER \u2022 SODIUM BENZOATE \u2022 SODIUM CHLORIDE \u2022 LIMONENE \u2022 PEG-55 PROPYLENE GLYCOL OLEATE \u2022 PROPYLENE GLYCOL \u2022 SALICYLIC ACID \u2022 BENZOIC ACID \u2022 POLYSORBATE 21 \u2022 HEXYL CINNAMAL \u2022 LINALOOL \u2022 TRIDECETH-6 \u2022 C12-13 PARETH-23 \u2022 C12-13 PARETH-3 \u2022 CITRAL \u2022 GERANIOL \u2022 GLYCINE \u2022 TOCOPHEROL \u2022 CETRIMONIUM CHLORIDE \u2022 PHENOXYETHANOL<\/div>\n<\/div>\n<div class=\"tab js-tab\">\n<h3 class=\"tab-title pdp-tabs_title js-tab-mobile-title\"><span>Livraison et stock<\/span><\/h3>\n<div class=\"tab-description pdp-tabs_description js-tab-description\">\n<div class=\"pdp-delivery_info\">\n<div class=\"content-asset\">Livraison et d\u00e9laisRetours et remboursements<\/div>\n<\/div>\n<\/div>\n<\/div>\n<div class=\"tab js-tab\">\n<h3 class=\"tab-title pdp-tabs_title js-tab-mobile-title\"><span>Pr\u00e9cautions d&#8217;emploi<\/span><\/h3>\n<div class=\"tab-description pdp-tabs_description js-tab-description\">En cas de contact avec les yeux, rincer imm\u00e9diatement et abondamment.<\/div>\n<\/div>\n<\/div>\n<\/div>\n<\/div>\n","protected":false},"excerpt":{"rendered":"<p>Points cl\u00e9s Nettoie en douceur la fibre et \u00e9limine le m\u00e9tal des cheveux* Les cheveux&hellip;<\/p>\n","protected":false},"featured_media":29347,"comment_status":"open","ping_status":"closed","template":"","meta":[],"pwb-brand":[649],"product_cat":[573],"product_tag":[325,134,127],"class_list":{"0":"post-29348","1":"product","2":"type-product","3":"status-publish","4":"has-post-thumbnail","6":"pwb-brand-loreal-professionnel","7":"product_cat-shampooing","8":"product_tag-loreal-professionnel","9":"product_tag-shampooing","10":"product_tag-shampooing-et-coiffure","12":"first","13":"instock","14":"taxable","15":"shipping-taxable","16":"purchasable","17":"product-type-simple","18":"layout-style-3","19":"col-md-4 col-sm-4 col-xs-6","20":"col-lg-3","21":"product-style-default"},"aioseo_notices":[],"brands":[{"id":649,"name":"L'Or\u00e9al Professionnel","slug":"loreal-professionnel"}],"_links":{"self":[{"href":"https:\/\/cheveuxluxe.com\/index.php\/wp-json\/wp\/v2\/product\/29348","targetHints":{"allow":["GET"]}}],"collection":[{"href":"https:\/\/cheveuxluxe.com\/index.php\/wp-json\/wp\/v2\/product"}],"about":[{"href":"https:\/\/cheveuxluxe.com\/index.php\/wp-json\/wp\/v2\/types\/product"}],"replies":[{"embeddable":true,"href":"https:\/\/cheveuxluxe.com\/index.php\/wp-json\/wp\/v2\/comments?post=29348"}],"version-history":[{"count":0,"href":"https:\/\/cheveuxluxe.com\/index.php\/wp-json\/wp\/v2\/product\/29348\/revisions"}],"wp:featuredmedia":[{"embeddable":true,"href":"https:\/\/cheveuxluxe.com\/index.php\/wp-json\/wp\/v2\/media\/29347"}],"wp:attachment":[{"href":"https:\/\/cheveuxluxe.com\/index.php\/wp-json\/wp\/v2\/media?parent=29348"}],"wp:term":[{"taxonomy":"pwb-brand","embeddable":true,"href":"https:\/\/cheveuxluxe.com\/index.php\/wp-json\/wp\/v2\/pwb-brand?post=29348"},{"taxonomy":"product_cat","embeddable":true,"href":"https:\/\/cheveuxluxe.com\/index.php\/wp-json\/wp\/v2\/product_cat?post=29348"},{"taxonomy":"product_tag","embeddable":true,"href":"https:\/\/cheveuxluxe.com\/index.php\/wp-json\/wp\/v2\/product_tag?post=29348"}],"curies":[{"name":"wp","href":"https:\/\/api.w.org\/{rel}","templated":true}]}}