{"id":29387,"date":"2024-04-09T22:03:30","date_gmt":"2024-04-09T22:03:30","guid":{"rendered":"https:\/\/cheveuxluxe.com\/index.php\/product\/eugene-perma-shampooing-keratin-sensitive\/"},"modified":"2024-04-13T14:27:35","modified_gmt":"2024-04-13T14:27:35","slug":"eugene-perma-shampooing-keratin-sensitive","status":"publish","type":"product","link":"https:\/\/cheveuxluxe.com\/index.php\/product\/eugene-perma-shampooing-keratin-sensitive\/","title":{"rendered":"Eugene Perma Shampooing Keratin Sensitive"},"content":{"rendered":"<div class=\"product-content_bottom\">\n<div class=\"pdp-info\">\n<div class=\"pdp-tabs tab-container\">\n<div class=\"tab js-tab\">\n<h3 class=\"tab-title pdp-tabs_title js-tab-mobile-title open\"><span>Points cl\u00e9s<\/span><\/h3>\n<div class=\"tab-description pdp-tabs_description js-tab-description open\" itemprop=\"description\">\n<ul>\n<li>Apaise et hydrate le cuir chevelu<\/li>\n<li>Procure une sensation de fraicheur<\/li>\n<li>Laisse les cheveux doux et brillants<\/li>\n<li>Formule vegan<\/li>\n<li>Fabriqu\u00e9 en France<\/li>\n<\/ul>\n<\/div>\n<\/div>\n<div class=\"tab js-tab\">\n<h3 class=\"tab-title pdp-tabs_title js-tab-mobile-title\"><span>Description<\/span><\/h3>\n<div class=\"tab-description pdp-tabs_description js-tab-description\" itemprop=\"description\">Essentiel est une gamme de soins capillaires double expertise \u00e0 la k\u00e9ratine* et aux actifs v\u00e9g\u00e9taux pour r\u00e9pondre \u00e0 toutes vos exigences : r\u00e9parer et sublimer. Chaque rituel KERATIN contient de la k\u00e9ratine*, reconnue pour ses propri\u00e9t\u00e9s renfor\u00e7atrices et anti-casse. Elle est associ\u00e9e \u00e0 un actif compl\u00e9mentaire pour s&rsquo;adapter parfaitement aux besoins de chaque type de cheveux. Les formules sont \u00e0 l&rsquo;efficacit\u00e9 et aux r\u00e9sultats prouv\u00e9s.<\/p>\n<p>Le Shampooing Keratin Sensitive ESSENTIEL d&rsquo;EUGENE PERMA Professionnel apaise et hydrate le cuir cheveulu. Il nettoie en douceur tout en laissant les cheveux r\u00e9par\u00e9s, doux et brillants.<br \/>Fabriqu\u00e9 dans notre usine en France<\/p>\n<p>*Tous les produits des gammes Keratin contiennent de la k\u00e9ratine ou analogue v\u00e9g\u00e9tal \u00e0 l&rsquo;exception de l&rsquo;huile de soin NUTRITION dont l&rsquo;usage est corps et cheveux<\/p><\/div>\n<\/div>\n<div class=\"tab js-tab\">\n<h3 class=\"tab-title pdp-tabs_title js-tab-mobile-title\"><span>Mode d&#8217;emploi<\/span><\/h3>\n<div class=\"tab-description pdp-tabs_description js-tab-description\">R\u00e9partir le shampooing sur cheveux mouill\u00e9s.<br \/>Masser l\u00e9g\u00e8rement.<br \/>Laisser poser 3 minutes.<br \/>Rincer abondamment.<\/div>\n<\/div>\n<div class=\"tab js-tab\">\n<h3 class=\"tab-title pdp-tabs_title js-tab-mobile-title\"><span>Ingr\u00e9dients<\/span><\/h3>\n<div class=\"tab-description pdp-tabs_description js-tab-description\">AQUA\/WATER\/EAU, SODIUM LAURETH SULFATE, COCAMIDOPROPYL BETAINE, SODIUM CHLORIDE, CITRIC ACID, GLYCOL DISTEARATE, POLYACRYLATE-1 CROSSPOLYMER, TRIETHANOLAMINE, SODIUM LAUROYL SARCOSINATE, OLETH-20, POLYQUATERNIUM-10, SUCROSE, LAURETH-4, PARFUM (FRAGRANCE), SERINE, HYDROLYZED VEGETABLE PROTEIN, AMODIMETHICONE, DMDM HYDANTOIN, POLYQUATERNIUM-7, ARGININE, PCA, PANTHENOL, THREONINE, ALANINE, C11-15 PARETH-5, C11-15 PARETH-9, GLYCERIN, PHENOXYETHANOL, MOURERA FLUVIATILIS EXTRACT, FORMIC ACID, SODIUM ACETATE, WHEAT AMINO ACIDS, SOY AMINO ACIDS, POTASSIUM SORBATE, ACETIC ACID, DECYLENE GLYCOL, CAPRYLYL GLYCOL, DISODIUM EDTA, SODIUM BENZOATE, ARGININE HCL, PANTOLACTONE, ISOPROPYL ALCOHOL, BENZYL ALCOHOL, LIMONENE.<\/div>\n<\/div>\n<div class=\"tab js-tab\">\n<h3 class=\"tab-title pdp-tabs_title js-tab-mobile-title\"><span>Livraison et stock<\/span><\/h3>\n<div class=\"tab-description pdp-tabs_description js-tab-description\">\n<div class=\"pdp-delivery_info\">\n<div class=\"content-asset\">Livraison et d\u00e9laisRetours et remboursements<\/div>\n<\/div>\n<\/div>\n<\/div>\n<div class=\"tab js-tab\">\n<h3 class=\"tab-title pdp-tabs_title js-tab-mobile-title\"><span>Pr\u00e9cautions d&#8217;emploi<\/span><\/h3>\n<div class=\"tab-description pdp-tabs_description js-tab-description\">En cas de contact avec les yeux, rincer imm\u00e9diatement et abondamment \u00e0 l&rsquo;eau claire. Test\u00e9 sous contr\u00f4le dermatologique.<\/div>\n<\/div>\n<\/div>\n<\/div>\n<\/div>\n","protected":false},"excerpt":{"rendered":"<p>Points cl\u00e9s Apaise et hydrate le cuir chevelu Procure une sensation de fraicheur Laisse les&hellip;<\/p>\n","protected":false},"featured_media":29386,"comment_status":"open","ping_status":"closed","template":"","meta":[],"pwb-brand":[650],"product_cat":[617],"product_tag":[274,331,273],"class_list":{"0":"post-29387","1":"product","2":"type-product","3":"status-publish","4":"has-post-thumbnail","6":"pwb-brand-eugene-perma-professionnel","7":"product_cat-coiffure","8":"product_tag-coiffure","9":"product_tag-eugene-perma-professionnel","10":"product_tag-vegan","12":"first","13":"instock","14":"taxable","15":"shipping-taxable","16":"purchasable","17":"product-type-simple","18":"layout-style-3","19":"col-md-4 col-sm-4 col-xs-6","20":"col-lg-3","21":"product-style-default"},"aioseo_notices":[],"brands":[{"id":650,"name":"Eugene Perma Professionnel","slug":"eugene-perma-professionnel"}],"_links":{"self":[{"href":"https:\/\/cheveuxluxe.com\/index.php\/wp-json\/wp\/v2\/product\/29387","targetHints":{"allow":["GET"]}}],"collection":[{"href":"https:\/\/cheveuxluxe.com\/index.php\/wp-json\/wp\/v2\/product"}],"about":[{"href":"https:\/\/cheveuxluxe.com\/index.php\/wp-json\/wp\/v2\/types\/product"}],"replies":[{"embeddable":true,"href":"https:\/\/cheveuxluxe.com\/index.php\/wp-json\/wp\/v2\/comments?post=29387"}],"version-history":[{"count":0,"href":"https:\/\/cheveuxluxe.com\/index.php\/wp-json\/wp\/v2\/product\/29387\/revisions"}],"wp:featuredmedia":[{"embeddable":true,"href":"https:\/\/cheveuxluxe.com\/index.php\/wp-json\/wp\/v2\/media\/29386"}],"wp:attachment":[{"href":"https:\/\/cheveuxluxe.com\/index.php\/wp-json\/wp\/v2\/media?parent=29387"}],"wp:term":[{"taxonomy":"pwb-brand","embeddable":true,"href":"https:\/\/cheveuxluxe.com\/index.php\/wp-json\/wp\/v2\/pwb-brand?post=29387"},{"taxonomy":"product_cat","embeddable":true,"href":"https:\/\/cheveuxluxe.com\/index.php\/wp-json\/wp\/v2\/product_cat?post=29387"},{"taxonomy":"product_tag","embeddable":true,"href":"https:\/\/cheveuxluxe.com\/index.php\/wp-json\/wp\/v2\/product_tag?post=29387"}],"curies":[{"name":"wp","href":"https:\/\/api.w.org\/{rel}","templated":true}]}}