{"id":29543,"date":"2024-04-09T22:08:58","date_gmt":"2024-04-09T22:08:58","guid":{"rendered":"https:\/\/cheveuxluxe.com\/index.php\/product\/tigi-bed-head-colour-goddess-soin-infuse-huiles-naturelles-cheveux-colores-970ml\/"},"modified":"2024-04-13T14:20:34","modified_gmt":"2024-04-13T14:20:34","slug":"tigi-bed-head-colour-goddess-soin-infuse-huiles-naturelles-cheveux-colores-970ml","status":"publish","type":"product","link":"https:\/\/cheveuxluxe.com\/index.php\/product\/tigi-bed-head-colour-goddess-soin-infuse-huiles-naturelles-cheveux-colores-970ml\/","title":{"rendered":"Tigi Bed Head Colour Goddess Soin Infus\u00e9 Huiles Naturelles Cheveux Color\u00e9s 970ml"},"content":{"rendered":"<div class=\"product-content_bottom\">\n<div class=\"pdp-info\">\n<div class=\"pdp-tabs tab-container\">\n<div class=\"tab js-tab\">\n<h3 class=\"tab-title pdp-tabs_title js-tab-mobile-title open\"><span>Points cl\u00e9s<\/span><\/h3>\n<div class=\"tab-description pdp-tabs_description js-tab-description open\" itemprop=\"description\">\n<ul>\n<li>Des cheveux color\u00e9s entretenus<\/li>\n<li>Des cheveux color\u00e9s en bonne sant\u00e9<\/li>\n<li>Des cheveux doux, souples et hydrat\u00e9s<\/li>\n<\/ul>\n<\/div>\n<\/div>\n<div class=\"tab js-tab\">\n<h3 class=\"tab-title pdp-tabs_title js-tab-mobile-title\"><span>Description<\/span><\/h3>\n<div class=\"tab-description pdp-tabs_description js-tab-description\" itemprop=\"description\">Nouveau soin Colour Goddess de Bed Head ; nouveau \u00e0 l&rsquo;ext\u00e9rieur et tout aussi fabuleux \u00e0 l&rsquo;int\u00e9rieur. Con\u00e7u avec des coiffeurs professionnels, et utilis\u00e9 en salon, sa formulation intensifie la couleur. Apporte des r\u00e9sultats professionnels et prolonge l&rsquo;exp\u00e9rience du salon de coiffure \u00e0 la maison.<\/p>\n<p>La gamme de soins pour cheveux color\u00e9s Bed Head, avec son syst\u00e8me de protection de la couleur, a \u00e9t\u00e9 \u00e9labor\u00e9e avec des professionnels afin de raviver les cheveux trait\u00e9s chimiquement et accentuer l&rsquo;\u00e9clat de la couleur. Ce soin pour cheveux color\u00e9s est infus\u00e9 avec des huiles qui aident \u00e0 entretenir la coloration pour conserver une couleur vibrante. Le soin nourrit, hydrate, adoucit et r\u00e9g\u00e9n\u00e8re les cheveux color\u00e9s. Les cheveux sont aussi brillants qu&rsquo;apr\u00e8s un rendez-vous en salon de coiffure.<\/p>\n<p>Id\u00e9al pour les cheveux color\u00e9s, et plus sp\u00e9cifiquement pour les cheveux bruns m\u00e9ch\u00e9s, cuivr\u00e9s ou aux nuances rouges. Appliquez le soin sur cheveux humides, des longueurs aux pointes, laissez agir 3-5 minutes et rincez abondamment. Pour de meilleurs r\u00e9sultats, utilisez pr\u00e9alablement le shampooing Colour Goddess.<\/p>\n<p>Formul\u00e9 \u00e0 base d&rsquo;huile d&rsquo;amande douce, riche en vitamines et en antioxydants, et connue pour r\u00e9g\u00e9n\u00e9rer et hydrater les cheveux ; de beurre de karit\u00e9 pour nourrir les cheveux ; de vitamine B5 pour apporter de l&rsquo;hydratation ; d&rsquo;un d\u00e9m\u00ealant sans silicones qui rend les cheveux doux, les d\u00e9m\u00eale et \u00e9limine les frisottis ; de vitamine E et d&rsquo;extraits de graines de lin, puissants antioxydants ; d&rsquo;huile de noix de coco pour nourrir et hydrater ; et de k\u00e9ratine, pour restructurer et r\u00e9parer le cheveu.<\/p>\n<p>Ce soin professionnel de 300ml exhale un irr\u00e9sistible parfum de caramel !<\/p><\/div>\n<\/div>\n<div class=\"tab js-tab\">\n<h3 class=\"tab-title pdp-tabs_title js-tab-mobile-title\"><span>Mode d&#8217;emploi<\/span><\/h3>\n<div class=\"tab-description pdp-tabs_description js-tab-description\">Appliquez le soin sur cheveux humides, des longueurs aux pointes, laissez agir 3-5 minutes et rincez abondamment.<br \/>Pour de meilleurs r\u00e9sultats, utilisez pr\u00e9alablement le shampooing Colour Goddess.<\/div>\n<\/div>\n<div class=\"tab js-tab\">\n<h3 class=\"tab-title pdp-tabs_title js-tab-mobile-title\"><span>Ingr\u00e9dients<\/span><\/h3>\n<div class=\"tab-description pdp-tabs_description js-tab-description\">Water (Aqua\/Eau), Cetearyl Alcohol, Dimethicone, Glycerin, Mineral Oil (Paraffinum Liquidum\/Huile Min\u00e9rale), Stearamidopropyl Dimethylamine, Fragrance (Parfum), Behentrimonium Chloride, Hydroxyethylcellulose, Hydrolyzed Keratin, Lactic Acid, Butyrospermum Parkii (Shea) Butter, Cocos Nucifera (Coconut) Oil, Linum Usitatissimum (Linseed) Seed Oil, Prunus Amygdalus Dulcis (Sweet Almond) Oil, Dipropylene Glycol, Polyurethane-39, Sodium Benzoate, Guar Hydroxypropyltrimonium Chloride, Amodimethicone, Potassium Chloride, PEG-45M, Disodium EDTA, Phenoxyethanol, PEG-7 Propylheptyl Ether, Propylene Glycol, Cetrimonium Chloride, Panthenol, Silica, Phenylpropanol, Propanediol, Caprylyl Glycol, Tocopheryl Acetate, Magnesium Carbonate, Blue 1 (CI 42090), Red 33 (CI 17200), Yellow 5 (CI 19140), Yellow 6 (CI 15985).<\/div>\n<\/div>\n<div class=\"tab js-tab\">\n<h3 class=\"tab-title pdp-tabs_title js-tab-mobile-title\"><span>Livraison et stock<\/span><\/h3>\n<div class=\"tab-description pdp-tabs_description js-tab-description\">\n<div class=\"pdp-delivery_info\">\n<div class=\"content-asset\">Livraison et d\u00e9laisRetours et remboursements<\/div>\n<\/div>\n<\/div>\n<\/div>\n<div class=\"tab js-tab\">\n<h3 class=\"tab-title pdp-tabs_title js-tab-mobile-title\"><span>Pr\u00e9cautions d&#8217;emploi<\/span><\/h3>\n<div class=\"tab-description pdp-tabs_description js-tab-description\">ATTENTION :<br \/>\u00c9VITER LE CONTACT AVEC LES YEUX. EN CAS DE CONTACT, RINCER \u00c0 L\u2019EAU<\/div>\n<\/div>\n<\/div>\n<\/div>\n<\/div>\n","protected":false},"excerpt":{"rendered":"<p>Points cl\u00e9s Des cheveux color\u00e9s entretenus Des cheveux color\u00e9s en bonne sant\u00e9 Des cheveux doux,&hellip;<\/p>\n","protected":false},"featured_media":21797,"comment_status":"open","ping_status":"closed","template":"","meta":[],"pwb-brand":[663],"product_cat":[610],"product_tag":[611,127,390],"class_list":{"0":"post-29543","1":"product","2":"type-product","3":"status-publish","4":"has-post-thumbnail","6":"pwb-brand-tigi","7":"product_cat-grands-formats","8":"product_tag-grands-formats","9":"product_tag-shampooing-et-coiffure","10":"product_tag-tigi","12":"first","13":"instock","14":"taxable","15":"shipping-taxable","16":"purchasable","17":"product-type-simple","18":"layout-style-3","19":"col-md-4 col-sm-4 col-xs-6","20":"col-lg-3","21":"product-style-default"},"aioseo_notices":[],"brands":[{"id":663,"name":"Tigi","slug":"tigi"}],"_links":{"self":[{"href":"https:\/\/cheveuxluxe.com\/index.php\/wp-json\/wp\/v2\/product\/29543","targetHints":{"allow":["GET"]}}],"collection":[{"href":"https:\/\/cheveuxluxe.com\/index.php\/wp-json\/wp\/v2\/product"}],"about":[{"href":"https:\/\/cheveuxluxe.com\/index.php\/wp-json\/wp\/v2\/types\/product"}],"replies":[{"embeddable":true,"href":"https:\/\/cheveuxluxe.com\/index.php\/wp-json\/wp\/v2\/comments?post=29543"}],"version-history":[{"count":0,"href":"https:\/\/cheveuxluxe.com\/index.php\/wp-json\/wp\/v2\/product\/29543\/revisions"}],"wp:featuredmedia":[{"embeddable":true,"href":"https:\/\/cheveuxluxe.com\/index.php\/wp-json\/wp\/v2\/media\/21797"}],"wp:attachment":[{"href":"https:\/\/cheveuxluxe.com\/index.php\/wp-json\/wp\/v2\/media?parent=29543"}],"wp:term":[{"taxonomy":"pwb-brand","embeddable":true,"href":"https:\/\/cheveuxluxe.com\/index.php\/wp-json\/wp\/v2\/pwb-brand?post=29543"},{"taxonomy":"product_cat","embeddable":true,"href":"https:\/\/cheveuxluxe.com\/index.php\/wp-json\/wp\/v2\/product_cat?post=29543"},{"taxonomy":"product_tag","embeddable":true,"href":"https:\/\/cheveuxluxe.com\/index.php\/wp-json\/wp\/v2\/product_tag?post=29543"}],"curies":[{"name":"wp","href":"https:\/\/api.w.org\/{rel}","templated":true}]}}