{"id":29567,"date":"2024-04-09T22:10:25","date_gmt":"2024-04-09T22:10:25","guid":{"rendered":"https:\/\/cheveuxluxe.com\/index.php\/product\/schwarzkopf-professional-bonacure-moisture-kick-apres-shampooing-hydratant\/"},"modified":"2024-04-13T14:26:26","modified_gmt":"2024-04-13T14:26:26","slug":"schwarzkopf-professional-bonacure-moisture-kick-apres-shampooing-hydratant","status":"publish","type":"product","link":"https:\/\/cheveuxluxe.com\/index.php\/product\/schwarzkopf-professional-bonacure-moisture-kick-apres-shampooing-hydratant\/","title":{"rendered":"Schwarzkopf Professional Bonacure Moisture Kick Apr\u00e8s-Shampooing Hydratant"},"content":{"rendered":"<div class=\"product-content_bottom\">\n<div class=\"pdp-info\">\n<div class=\"pdp-tabs tab-container\">\n<div class=\"tab js-tab\">\n<h3 class=\"tab-title pdp-tabs_title js-tab-mobile-title open\"><span>Points cl\u00e9s<\/span><\/h3>\n<div class=\"tab-description pdp-tabs_description js-tab-description open\" itemprop=\"description\">\n<ul>\n<li>Conditionne et d\u00e9m\u00eale en douceur les cheveux normaux \u00e0 secs<\/li>\n<li>Enrichi en Glyc\u00e9rol pour r\u00e9\u00e9quilibrer le niveau d&rsquo;hydratation des cheveux, pour une sensation de l\u00e9g\u00e8ret\u00e9 et de sant\u00e9<\/li>\n<li>Formule v\u00e9gane*<\/li>\n<li>Am\u00e9liore la maniabilit\u00e9 jusqu&rsquo;\u00e0 72 %<\/li>\n<li>Pour des cheveux souples et doux, pleins de brillance et de rebond<\/li>\n<\/ul>\n<\/div>\n<\/div>\n<div class=\"tab js-tab\">\n<h3 class=\"tab-title pdp-tabs_title js-tab-mobile-title\"><span>Description<\/span><\/h3>\n<div class=\"tab-description pdp-tabs_description js-tab-description\" itemprop=\"description\">Sans silicones ni colorants artificiels, cet apr\u00e8s-shampooing hydratant l\u00e9ger de Bonacure Moisture Kick est sp\u00e9cialement formul\u00e9 pour revitaliser et hydrater en douceur les cheveux normaux \u00e0 secs, textur\u00e9s, cassants ou boucl\u00e9s. La formule aide les cheveux \u00e0 conserver leur niveau d&rsquo;hydratation optimal, pour une sensation de l\u00e9g\u00e8ret\u00e9 et d&rsquo;hydratation qui dure jusqu&rsquo;\u00e0 48 heures. Utilisez-le comme d\u00e9m\u00ealant pour obtenir des cheveux brillants et d&rsquo;apparence saine, avec une \u00e9lasticit\u00e9 et une maniabilit\u00e9 am\u00e9lior\u00e9es.<\/p>\n<p>Produit capillaire vegan*.<\/p><\/div>\n<\/div>\n<div class=\"tab js-tab\">\n<h3 class=\"tab-title pdp-tabs_title js-tab-mobile-title\"><span>Mode d&#8217;emploi<\/span><\/h3>\n<div class=\"tab-description pdp-tabs_description js-tab-description\">Appliquez l&rsquo;apr\u00e8s-shampooing sur les cheveux essor\u00e9s et faites-le p\u00e9n\u00e9trer. Rincez abondamment apr\u00e8s 2 minutes.<\/div>\n<\/div>\n<div class=\"tab js-tab\">\n<h3 class=\"tab-title pdp-tabs_title js-tab-mobile-title\"><span>Ingr\u00e9dients<\/span><\/h3>\n<div class=\"tab-description pdp-tabs_description js-tab-description\">Aqua (Water, Eau) Cetearyl Alcohol Glycerin Behenamidopropyl Dimethylamine Citric Acid Dicaprylyl Carbonate Panthenol Soy Amino Acids Wheat Amino Acids Serine Threonine Arginine HCl Phenoxyethanol Isopropyl Myristate Distearoylethyl Hydroxyethylmonium Methosulfate Behentrimonium Chloride Parfum (Fragrance) Butyrospermum Parkii (Shea) Butter Guar Hydroxypropyltrimonium Chloride Isopropyl Alcohol Ethylhexylglycerin Ceteareth-20 Linalool Citronellol Alpha-Isomethyl Ionone Geraniol Limonene Benzyl Alcohol Sodium Benzoate Potassium Sorbate<\/div>\n<\/div>\n<div class=\"tab js-tab\">\n<h3 class=\"tab-title pdp-tabs_title js-tab-mobile-title\"><span>Livraison et stock<\/span><\/h3>\n<div class=\"tab-description pdp-tabs_description js-tab-description\">\n<div class=\"pdp-delivery_info\">\n<div class=\"content-asset\">Livraison et d\u00e9laisRetours et remboursements<\/div>\n<\/div>\n<\/div>\n<\/div>\n<div class=\"tab js-tab\">\n<h3 class=\"tab-title pdp-tabs_title js-tab-mobile-title\"><span>Pr\u00e9cautions d&#8217;emploi<\/span><\/h3>\n<div class=\"tab-description pdp-tabs_description js-tab-description\">\u00c9viter le contact avec les yeux. Rincer imm\u00e9diatement si le produit entre en contact avec les yeux. Tenir hors de port\u00e9e des enfants.<\/div>\n<\/div>\n<\/div>\n<\/div>\n<\/div>\n","protected":false},"excerpt":{"rendered":"<p>Points cl\u00e9s Conditionne et d\u00e9m\u00eale en douceur les cheveux normaux \u00e0 secs Enrichi en Glyc\u00e9rol&hellip;<\/p>\n","protected":false},"featured_media":20648,"comment_status":"open","ping_status":"closed","template":"","meta":[],"pwb-brand":[646],"product_cat":[617],"product_tag":[274,319,273],"class_list":{"0":"post-29567","1":"product","2":"type-product","3":"status-publish","4":"has-post-thumbnail","6":"pwb-brand-schwarzkopf-professional","7":"product_cat-coiffure","8":"product_tag-coiffure","9":"product_tag-schwarzkopf-professional","10":"product_tag-vegan","12":"first","13":"instock","14":"taxable","15":"shipping-taxable","16":"purchasable","17":"product-type-simple","18":"layout-style-3","19":"col-md-4 col-sm-4 col-xs-6","20":"col-lg-3","21":"product-has-gallery","22":"product-style-default"},"aioseo_notices":[],"brands":[{"id":646,"name":"Schwarzkopf Professional","slug":"schwarzkopf-professional"}],"_links":{"self":[{"href":"https:\/\/cheveuxluxe.com\/index.php\/wp-json\/wp\/v2\/product\/29567","targetHints":{"allow":["GET"]}}],"collection":[{"href":"https:\/\/cheveuxluxe.com\/index.php\/wp-json\/wp\/v2\/product"}],"about":[{"href":"https:\/\/cheveuxluxe.com\/index.php\/wp-json\/wp\/v2\/types\/product"}],"replies":[{"embeddable":true,"href":"https:\/\/cheveuxluxe.com\/index.php\/wp-json\/wp\/v2\/comments?post=29567"}],"version-history":[{"count":0,"href":"https:\/\/cheveuxluxe.com\/index.php\/wp-json\/wp\/v2\/product\/29567\/revisions"}],"wp:featuredmedia":[{"embeddable":true,"href":"https:\/\/cheveuxluxe.com\/index.php\/wp-json\/wp\/v2\/media\/20648"}],"wp:attachment":[{"href":"https:\/\/cheveuxluxe.com\/index.php\/wp-json\/wp\/v2\/media?parent=29567"}],"wp:term":[{"taxonomy":"pwb-brand","embeddable":true,"href":"https:\/\/cheveuxluxe.com\/index.php\/wp-json\/wp\/v2\/pwb-brand?post=29567"},{"taxonomy":"product_cat","embeddable":true,"href":"https:\/\/cheveuxluxe.com\/index.php\/wp-json\/wp\/v2\/product_cat?post=29567"},{"taxonomy":"product_tag","embeddable":true,"href":"https:\/\/cheveuxluxe.com\/index.php\/wp-json\/wp\/v2\/product_tag?post=29567"}],"curies":[{"name":"wp","href":"https:\/\/api.w.org\/{rel}","templated":true}]}}