{"id":29588,"date":"2024-04-09T22:11:34","date_gmt":"2024-04-09T22:11:34","guid":{"rendered":"https:\/\/cheveuxluxe.com\/index.php\/product\/revlon-orofluido-apres-shampooing-lumiere-argan\/"},"modified":"2024-04-13T14:25:21","modified_gmt":"2024-04-13T14:25:21","slug":"revlon-orofluido-apres-shampooing-lumiere-argan","status":"publish","type":"product","link":"https:\/\/cheveuxluxe.com\/index.php\/product\/revlon-orofluido-apres-shampooing-lumiere-argan\/","title":{"rendered":"Revlon Orofluido Apr\u00e8s-Shampooing Lumi\u00e8re Argan"},"content":{"rendered":"<div class=\"product-content_bottom\">\n<div class=\"pdp-info\">\n<div class=\"pdp-tabs tab-container\">\n<div class=\"tab js-tab\">\n<h3 class=\"tab-title pdp-tabs_title js-tab-mobile-title open\"><span>Points cl\u00e9s<\/span><\/h3>\n<div class=\"tab-description pdp-tabs_description js-tab-description open\" itemprop=\"description\">\n<ul>\n<li>Aide \u00e0 r\u00e9parer les cheveux<\/li>\n<li>Lisse<\/li>\n<li>Hydrate<\/li>\n<li>Facilite le d\u00e9m\u00ealage<\/li>\n<li>Apporte brillance et douceur<\/li>\n<li>Ce soin capillaire parfum\u00e9 \u00e0 l\u2019huile d\u2019argan \u00e9veille une sensation de bien-\u00eatre, favorise la relaxation, am\u00e9liore la confiance en soi et la positivit\u00e9<\/li>\n<\/ul>\n<\/div>\n<\/div>\n<div class=\"tab js-tab\">\n<h3 class=\"tab-title pdp-tabs_title js-tab-mobile-title\"><span>Description<\/span><\/h3>\n<div class=\"tab-description pdp-tabs_description js-tab-description\" itemprop=\"description\">L&rsquo;Apr\u00e8s-Shampooing Orofluido\u2122 est infus\u00e9 \u00e0 l\u2019huile d\u2019argan. Cet apr\u00e8s-shampooing adoucissant, aux senteurs d\u00e9licates de notre parfum signature, hydrate et lisse la chevelure, tout en r\u00e9v\u00e9lant sa beaut\u00e9. Laisse le cheveu \u00e9clatant de sant\u00e9 et de brillance. Pour tous les types de cheveux qui recherchent un \u00e9clat longue dur\u00e9e. Particuli\u00e8rement recommand\u00e9 pour les cheveux secs et\/ou ab\u00eem\u00e9s.<\/p>\n<p>Formule vegan.<\/p><\/div>\n<\/div>\n<div class=\"tab js-tab\">\n<h3 class=\"tab-title pdp-tabs_title js-tab-mobile-title\"><span>Mode d&#8217;emploi<\/span><\/h3>\n<div class=\"tab-description pdp-tabs_description js-tab-description\">Apr\u00e8s le shampooing, appliquez le Soin Orofluido\u2122 de la mi-longueur jusqu\u2019aux pointes.<br \/>Laissez poser durant 2 \u00e0 3 minutes.<br \/>Rincez abondamment.<br \/>En compl\u00e9ment de ce soin \u00e0 l\u2019huile d\u2019argan, d\u00e9couvrez l\u2019int\u00e9gralit\u00e9 de la gamme Orofluido\u2122 pour profiter d\u2019un rituel d\u00e9tente ultime.<\/div>\n<\/div>\n<div class=\"tab js-tab\">\n<h3 class=\"tab-title pdp-tabs_title js-tab-mobile-title\"><span>Ingr\u00e9dients<\/span><\/h3>\n<div class=\"tab-description pdp-tabs_description js-tab-description\">Aqua\/Water\/Eau, Cetearyl Alcohol, Stearamidopropyl Dimethylamine, Dimethicone, Parfum (Fragrance), Polyquaternium-37, Dicaprylyl Carbonate, Glycerin, C12-15 Alkyl Benzoate, Argania Spinosa Kernel Oil, Behenyl\/Stearyl Aminopropanediol Esters, Benzotriazolyl Dodecyl p-Cresol, Caprylyl Glycol, Ceteareth-20, Citric Acid, Dimethiconol, Hydroxyethylcellulose, Lauric Acid, Lauryl Alcohol Diphosphonic Acid, Lauryl Glucoside, Panthenol, Pentylene Glycol, Propylene Glycol, Quaternium-80, Phenoxyethanol, Acid Orange 7, Acid Yellow 23. B01567<\/div>\n<\/div>\n<div class=\"tab js-tab\">\n<h3 class=\"tab-title pdp-tabs_title js-tab-mobile-title\"><span>Livraison et stock<\/span><\/h3>\n<div class=\"tab-description pdp-tabs_description js-tab-description\">\n<div class=\"pdp-delivery_info\">\n<div class=\"content-asset\">Livraison et d\u00e9laisRetours et remboursements<\/div>\n<\/div>\n<\/div>\n<\/div>\n<\/div>\n<\/div>\n<\/div>\n","protected":false},"excerpt":{"rendered":"<p>Points cl\u00e9s Aide \u00e0 r\u00e9parer les cheveux Lisse Hydrate Facilite le d\u00e9m\u00ealage Apporte brillance et&hellip;<\/p>\n","protected":false},"featured_media":29587,"comment_status":"open","ping_status":"closed","template":"","meta":[],"pwb-brand":[659],"product_cat":[617],"product_tag":[274,372,273],"class_list":{"0":"post-29588","1":"product","2":"type-product","3":"status-publish","4":"has-post-thumbnail","6":"pwb-brand-revlon","7":"product_cat-coiffure","8":"product_tag-coiffure","9":"product_tag-revlon","10":"product_tag-vegan","12":"first","13":"instock","14":"taxable","15":"shipping-taxable","16":"purchasable","17":"product-type-simple","18":"layout-style-3","19":"col-md-4 col-sm-4 col-xs-6","20":"col-lg-3","21":"product-style-default"},"aioseo_notices":[],"brands":[{"id":659,"name":"Revlon","slug":"revlon"}],"_links":{"self":[{"href":"https:\/\/cheveuxluxe.com\/index.php\/wp-json\/wp\/v2\/product\/29588","targetHints":{"allow":["GET"]}}],"collection":[{"href":"https:\/\/cheveuxluxe.com\/index.php\/wp-json\/wp\/v2\/product"}],"about":[{"href":"https:\/\/cheveuxluxe.com\/index.php\/wp-json\/wp\/v2\/types\/product"}],"replies":[{"embeddable":true,"href":"https:\/\/cheveuxluxe.com\/index.php\/wp-json\/wp\/v2\/comments?post=29588"}],"version-history":[{"count":0,"href":"https:\/\/cheveuxluxe.com\/index.php\/wp-json\/wp\/v2\/product\/29588\/revisions"}],"wp:featuredmedia":[{"embeddable":true,"href":"https:\/\/cheveuxluxe.com\/index.php\/wp-json\/wp\/v2\/media\/29587"}],"wp:attachment":[{"href":"https:\/\/cheveuxluxe.com\/index.php\/wp-json\/wp\/v2\/media?parent=29588"}],"wp:term":[{"taxonomy":"pwb-brand","embeddable":true,"href":"https:\/\/cheveuxluxe.com\/index.php\/wp-json\/wp\/v2\/pwb-brand?post=29588"},{"taxonomy":"product_cat","embeddable":true,"href":"https:\/\/cheveuxluxe.com\/index.php\/wp-json\/wp\/v2\/product_cat?post=29588"},{"taxonomy":"product_tag","embeddable":true,"href":"https:\/\/cheveuxluxe.com\/index.php\/wp-json\/wp\/v2\/product_tag?post=29588"}],"curies":[{"name":"wp","href":"https:\/\/api.w.org\/{rel}","templated":true}]}}