{"id":29606,"date":"2024-04-09T22:12:09","date_gmt":"2024-04-09T22:12:09","guid":{"rendered":"https:\/\/cheveuxluxe.com\/index.php\/product\/redken-acidic-bonding-concentrate-5-min-liquid-masque-250ml\/"},"modified":"2024-04-13T14:02:45","modified_gmt":"2024-04-13T14:02:45","slug":"redken-acidic-bonding-concentrate-5-min-liquid-masque-250ml","status":"publish","type":"product","link":"https:\/\/cheveuxluxe.com\/index.php\/product\/redken-acidic-bonding-concentrate-5-min-liquid-masque-250ml\/","title":{"rendered":"Redken Acidic Bonding Concentrate 5 Min Liquid Masque 250ml"},"content":{"rendered":"<div class=\"product-content_bottom\">\n<div class=\"pdp-info\">\n<div class=\"pdp-tabs tab-container\">\n<div class=\"tab js-tab\">\n<h3 class=\"tab-title pdp-tabs_title js-tab-mobile-title open\"><span>Points cl\u00e9s<\/span><\/h3>\n<div class=\"tab-description pdp-tabs_description js-tab-description open\" itemprop=\"description\">\n<ul>\n<li>Masque capillaire revitalisant en profondeur<\/li>\n<li>Avec 16% de soin traitant pour 72 heures d\u2019ultra-hydratation et de brillance*<\/li>\n<li>Jusqu\u2019\u00e0 3X plus fort** <\/li>\n<li>D\u00e9m\u00ealage jusqu\u2019\u00e0 14x plus facile** <\/li>\n<\/ul>\n<\/div>\n<\/div>\n<div class=\"tab js-tab\">\n<h3 class=\"tab-title pdp-tabs_title js-tab-mobile-title\"><span>Description<\/span><\/h3>\n<div class=\"tab-description pdp-tabs_description js-tab-description\" itemprop=\"description\">\n<p>*Test consommateurs : 62 personnes ont utilis\u00e9 le shampooing Acidic Bonding Concentrate et le masque liquide 5-Min. **Test instrumental, Acidic Bonding Concentrate 5-Min Liquid Mask vs shampooing normal<\/p>\n<p>Le masque liquide 5-MIN de la gamme Redken Acidic Bonding Concentrate de Redken est un masque ultra revitalisant qui hydrate en profondeur et restaure les liens du cheveu. Ce traitement convient \u00e0 tous types de cheveux et \u00e0 toutes les textures. Le masque capillaire est con\u00e7u avec le Conditioning Care Complex le plus efficace de Redken, une forte concentration d&rsquo;acide cationique et d&rsquo;huiles conditionnantes. La formule liquide se fond dans les cheveux en seulement 5 minutes pour un d\u00e9m\u00ealage et une hydratation instantan\u00e9e.<\/p>\n<p>Le masque de traitement offre un d\u00e9m\u00ealage, une douceur et une hydratation instantan\u00e9e sans alourdir les cheveux apr\u00e8s une seule utilisation. Acidic Bonding Concentrate technologie La gamme Acidic Bonding Concentrate est sp\u00e9cialement con\u00e7ue pour les cheveux ab\u00eem\u00e9s et color\u00e9s. Elle r\u00e9tablit les liens des cheveux qui peuvent \u00eatre affaiblis par la d\u00e9coloration, les traitements colorants, les appareils de coiffage et de chauffage et d&rsquo;autres facteurs externes. La formule Acidic Bonding Concentrate contient de l&rsquo;acide citrique et donne aux cheveux le bon \u00e9quilibre en PH, et redonne \u00e0 vos cheveux une apparence et une texture saine.<\/p>\n<\/div>\n<\/div>\n<div class=\"tab js-tab\">\n<h3 class=\"tab-title pdp-tabs_title js-tab-mobile-title\"><span>Mode d&#8217;emploi<\/span><\/h3>\n<div class=\"tab-description pdp-tabs_description js-tab-description\">\u00c0 utiliser avec le shampooing Acidic Bonding Concentrate. Apr\u00e8s le shampooing, appliquer le masque sur les cheveux mouill\u00e9s, des longueurs aux pointes. Laisser agir pendant 5 minutes, puis rincer abondamment. Utiliser au moins une fois par semaine. En cas de contact avec les yeux, rincer imm\u00e9diatement. Conseil : utilisez ensuite le traitement sans rin\u00e7age Acidic Bonding Concentrate sur les cheveux essor\u00e9s pour les rendre plus r\u00e9sistants et les prot\u00e9ger contre la chaleur et la d\u00e9coloration.<\/div>\n<\/div>\n<div class=\"tab js-tab\">\n<h3 class=\"tab-title pdp-tabs_title js-tab-mobile-title\"><span>Ingr\u00e9dients<\/span><\/h3>\n<div class=\"tab-description pdp-tabs_description js-tab-description\">AQUA \/ WATER ,CETEARYL ALCOHOL ,BEHENTRIMONIUM CHLORIDE ,DIMETHICONE ,AMODIMETHICONE ,ISOPROPYL ALCOHOL ,SODIUM CITRATE ,GLYCERIN ,CITRIC ACID ,C15-19 ALKANE ,DICETYLDIMONIUM CHLORIDE ,PARFUM \/ FRAGRANCE ,PHENOXYETHANOL ,CETYL ESTERS ,HYDROXYPROPYL GUAR ,LIMONENE ,TRIDECETH-6 ,DILAURYL THIODIPROPIONATE ,CETRIMONIUM CHLORIDE ,LINALOOL ,CITRONELLOL ,TRISODIUM HEDTA<\/div>\n<\/div>\n<div class=\"tab js-tab\">\n<h3 class=\"tab-title pdp-tabs_title js-tab-mobile-title\"><span>Livraison et stock<\/span><\/h3>\n<div class=\"tab-description pdp-tabs_description js-tab-description\">\n<div class=\"pdp-delivery_info\">\n<div class=\"content-asset\">Livraison et d\u00e9laisRetours et remboursements<\/div>\n<\/div>\n<\/div>\n<\/div>\n<div class=\"tab js-tab\">\n<h3 class=\"tab-title pdp-tabs_title js-tab-mobile-title\"><span>Pr\u00e9cautions d&#8217;emploi<\/span><\/h3>\n<div class=\"tab-description pdp-tabs_description js-tab-description\">\u00c9viter le contact avec les yeux. En cas de contact, rincer imm\u00e9diatement.<\/div>\n<\/div>\n<\/div>\n<\/div>\n<\/div>\n","protected":false},"excerpt":{"rendered":"<p>Points cl\u00e9s Masque capillaire revitalisant en profondeur Avec 16% de soin traitant pour 72 heures&hellip;<\/p>\n","protected":false},"featured_media":29602,"comment_status":"open","ping_status":"closed","template":"","meta":[],"pwb-brand":[647],"product_cat":[592],"product_tag":[593,321,127],"class_list":{"0":"post-29606","1":"product","2":"type-product","3":"status-publish","4":"has-post-thumbnail","6":"pwb-brand-redken","7":"product_cat-masques-cheveux","8":"product_tag-masques-cheveux","9":"product_tag-redken","10":"product_tag-shampooing-et-coiffure","12":"first","13":"instock","14":"taxable","15":"shipping-taxable","16":"purchasable","17":"product-type-simple","18":"layout-style-3","19":"col-md-4 col-sm-4 col-xs-6","20":"col-lg-3","21":"product-has-gallery","22":"product-style-default"},"aioseo_notices":[],"brands":[{"id":647,"name":"Redken","slug":"redken"}],"_links":{"self":[{"href":"https:\/\/cheveuxluxe.com\/index.php\/wp-json\/wp\/v2\/product\/29606","targetHints":{"allow":["GET"]}}],"collection":[{"href":"https:\/\/cheveuxluxe.com\/index.php\/wp-json\/wp\/v2\/product"}],"about":[{"href":"https:\/\/cheveuxluxe.com\/index.php\/wp-json\/wp\/v2\/types\/product"}],"replies":[{"embeddable":true,"href":"https:\/\/cheveuxluxe.com\/index.php\/wp-json\/wp\/v2\/comments?post=29606"}],"version-history":[{"count":0,"href":"https:\/\/cheveuxluxe.com\/index.php\/wp-json\/wp\/v2\/product\/29606\/revisions"}],"wp:featuredmedia":[{"embeddable":true,"href":"https:\/\/cheveuxluxe.com\/index.php\/wp-json\/wp\/v2\/media\/29602"}],"wp:attachment":[{"href":"https:\/\/cheveuxluxe.com\/index.php\/wp-json\/wp\/v2\/media?parent=29606"}],"wp:term":[{"taxonomy":"pwb-brand","embeddable":true,"href":"https:\/\/cheveuxluxe.com\/index.php\/wp-json\/wp\/v2\/pwb-brand?post=29606"},{"taxonomy":"product_cat","embeddable":true,"href":"https:\/\/cheveuxluxe.com\/index.php\/wp-json\/wp\/v2\/product_cat?post=29606"},{"taxonomy":"product_tag","embeddable":true,"href":"https:\/\/cheveuxluxe.com\/index.php\/wp-json\/wp\/v2\/product_tag?post=29606"}],"curies":[{"name":"wp","href":"https:\/\/api.w.org\/{rel}","templated":true}]}}